METEO Meyenheim

 Latitude N 47° 54' 42"    Longitude E 07° 21' 22"    Altitude 210 m

Rapports de type NOAA
Selectionner un rapport Annuel ou mensuel
V/Λ2019 > Janvier Février Mars Avril Mai Juin Juillet Août Septembre Octobre Novembre Décembre
V/Λ2018 > Janvier Février Mars Avril Mai Juin Juillet Août Septembre Octobre Novembre Décembre
V/Λ2017 > Janvier Février Mars Avril Mai Juin Juillet Août Septembre Octobre Novembre Décembre
V/Λ2016 > Janvier Février Mars Avril Mai Juin Juillet Août Septembre Octobre Novembre Décembre
V/Λ2015 > Janvier Février Mars Avril Mai Juin Juillet Août Septembre Octobre Novembre Décembre
V/Λ2014 > Janvier Février Mars Avril Mai Juin Juillet Août Septembre Octobre Novembre Décembre
V/Λ2013 > Janvier Février Mars Avril Mai Juin Juillet Août Septembre Octobre Novembre Décembre
V/Λ2012 > Janvier Février Mars Avril Mai Juin Juillet Août Septembre Octobre Novembre Décembre
V/Λ2011 > Janvier Février Mars Avril Mai Juin Juillet Août Septembre Octobre Novembre Décembre
V/Λ2010 > Janvier Février Mars Avril Mai Juin Juillet Août Septembre Octobre Novembre Décembre
V/Λ2009 > Janvier Février Mars Avril Mai Juin Juillet Août Septembre Octobre Novembre Décembre
V/Λ2008 > Janvier Février Mars Avril Mai Juin Juillet Août Septembre Octobre Novembre Décembre
V/Λ2007 > Janvier Février Mars Avril Mai Juin Juillet Août Septembre Octobre Novembre Décembre
V/Λ2006 > Janvier Février Mars Avril Mai Juin Juillet Août Septembre Octobre Novembre Décembre
V/Λ2005 > Janvier Février Mars Avril Mai Juin Juillet Août Septembre Octobre Novembre Décembre
V/Λ2004 > Janvier Février Mars Avril Mai Juin Juillet Août Septembre Octobre Novembre Décembre
V/Λ2003 > Janvier Février Mars Avril Mai Juin Juillet Août Septembre Octobre Novembre Décembre
V/Λ2002 > Janvier Février Mars Avril Mai Juin Juillet Août Septembre Octobre Novembre Décembre

Rapport pour Novembre 2019
                   Monthly Climatological Summary for nov. 2019

Name:    City: Meyenheim   State: Alsace, FR
Elevation: 210 m  Lat: N 47 54 42   Lon: E 007 21 20

                  Temperature (°C), Rain (mm), Wind Speed (km/h)

                                      Heat  Cool        Avg
    Mean                              Deg   Deg         Wind                 Dom
Day Temp  High   Time   Low    Time   Days  Days  Rain  Speed High   Time    Dir
----------------------------------------------------------------------------------
01  10.3  12.7   11:06   7.8   00:31   8.0   0.0   1.8   4.7  41.8   12:10   SSE
02  13.8  17.4   12:17  11.2   23:53   4.5   0.0   4.6   8.2  43.3   00:20     S
03  10.9  12.8   12:16   9.2   22:41   7.4   0.0   3.2   4.7  42.5   18:21     S
04  10.3  12.8   15:37   8.6   23:42   8.0   0.0   4.0   7.1  43.3   00:19     S
05   8.4  13.2   13:45   5.5   06:05   9.9   0.0   2.2   2.4  18.7   07:08     S
06   8.6  11.4   13:29   7.0   04:36   9.7   0.0   1.0   4.5  33.2   18:59     S
07   7.3  10.8   14:43   5.1   04:08  11.0   0.0   1.2   4.4  34.6   13:43     S
08   5.9   8.2   14:04   3.4   23:55  12.4   0.0   0.2   0.2  11.5   05:56     S
09   4.0  10.3   13:22   0.0   23:47  14.3   0.0   0.0   1.2  13.7   16:25     S
10   2.2   8.2   14:38  -1.7   07:24  16.1   0.0   0.0   1.1  14.4   16:44     N
11   4.1   6.3   15:31   1.6   00:23  14.2   0.0   0.4   3.9  27.4   20:51   SSO
12   5.2   8.8   11:57   1.4   23:34  13.1   0.0   0.4   5.3  40.4   06:37   SSO
13   3.8   6.4   14:21   0.0   07:32  14.5   0.0   0.2   4.8  31.7   12:19     S
14   4.3   7.5   13:15   0.9   07:14  14.0   0.0   0.0   2.9  20.9   17:06   NNO
15   4.2   7.6   15:31   0.5   23:52  14.1   0.0   0.0   4.7  33.9   12:59     S
16   2.4   8.6   14:37  -1.1   03:49  15.9   0.0   0.0   0.6  11.5   13:10     S
17   2.1   4.2   15:29  -0.5   00:00  16.2   0.0   6.2   2.5  17.3   22:30   ONO
18   3.6   6.2   13:41   1.8   05:58  14.7   0.0   2.4   8.8  41.8   11:58   SSO
19   3.6   7.6   13:16   0.2   04:56  14.7   0.0   0.2   1.2  18.7   00:02     O
----------------------------------------------------------------------------------
     6.1  17.4     2    -1.7    10   232.7   0.0  28.0   3.9  43.3     2       S

Max >=  27.0  0
Max <=   0.0  0
Min <= -10.0  0
Min <= -18.0  0
Max Rain: 6.2 on day 17
Days of Rain: 14 (>= 0.2 mm)  6 (>= 2.0 mm)  0 (>= 20.0 mm)
Heat Base: 18.3  Cool Base: 18.3  Method: Integration


Mise à jour : 20/11/2019 07:51:03
powered by Cumulus v3.0.0 (3043)