METEO Meyenheim

 Latitude N 47° 54' 42"    Longitude E 07° 21' 22"    Altitude 210 m

Rapports de type NOAA
Selectionner un rapport Annuel ou mensuel
V/Λ2018 > Janvier Février Mars Avril Mai Juin Juillet Août Septembre Octobre Novembre Décembre
V/Λ2017 > Janvier Février Mars Avril Mai Juin Juillet Août Septembre Octobre Novembre Décembre
V/Λ2016 > Janvier Février Mars Avril Mai Juin Juillet Août Septembre Octobre Novembre Décembre
V/Λ2015 > Janvier Février Mars Avril Mai Juin Juillet Août Septembre Octobre Novembre Décembre
V/Λ2014 > Janvier Février Mars Avril Mai Juin Juillet Août Septembre Octobre Novembre Décembre
V/Λ2013 > Janvier Février Mars Avril Mai Juin Juillet Août Septembre Octobre Novembre Décembre
V/Λ2012 > Janvier Février Mars Avril Mai Juin Juillet Août Septembre Octobre Novembre Décembre
V/Λ2011 > Janvier Février Mars Avril Mai Juin Juillet Août Septembre Octobre Novembre Décembre
V/Λ2010 > Janvier Février Mars Avril Mai Juin Juillet Août Septembre Octobre Novembre Décembre
V/Λ2009 > Janvier Février Mars Avril Mai Juin Juillet Août Septembre Octobre Novembre Décembre
V/Λ2008 > Janvier Février Mars Avril Mai Juin Juillet Août Septembre Octobre Novembre Décembre
V/Λ2007 > Janvier Février Mars Avril Mai Juin Juillet Août Septembre Octobre Novembre Décembre
V/Λ2006 > Janvier Février Mars Avril Mai Juin Juillet Août Septembre Octobre Novembre Décembre
V/Λ2005 > Janvier Février Mars Avril Mai Juin Juillet Août Septembre Octobre Novembre Décembre
V/Λ2004 > Janvier Février Mars Avril Mai Juin Juillet Août Septembre Octobre Novembre Décembre
V/Λ2003 > Janvier Février Mars Avril Mai Juin Juillet Août Septembre Octobre Novembre Décembre
V/Λ2002 > Janvier Février Mars Avril Mai Juin Juillet Août Septembre Octobre Novembre Décembre

Rapport pour Septembre 2018
                   Monthly Climatological Summary for sept. 2018

Name:    City: Meyenheim   State: Alsace, FR
Elevation: 210 m  Lat: N 47 54 42   Lon: E 007 21 20

                  Temperature (°C), Rain (mm), Wind Speed (km/h)

                                      Heat  Cool        Avg
    Mean                              Deg   Deg         Wind                 Dom
Day Temp  High   Time   Low    Time   Days  Days  Rain  Speed High   Time    Dir
----------------------------------------------------------------------------------
01  16.2  22.8   16:08  12.1   01:06   2.9   0.8   0.4   3.9  31.0   13:34     N
02  15.4  20.5   14:09  11.4   03:14   3.0   0.2   0.0   5.2  24.5   10:40     N
03  17.4  23.4   16:57  14.4   02:34   1.8   0.9   0.0   2.5  20.9   06:15     N
04  17.2  26.1   14:00  10.0   06:42   3.2   2.1   0.0   0.9  17.3   12:51   NNE
05  19.0  29.3   16:38  11.1   07:01   2.4   3.2   0.0   1.0  13.0   15:27    NO
06  17.8  27.5   12:53  12.6   06:39   2.0   1.5  10.8   2.7  32.4   13:37   SSO
07  17.4  25.1   15:31  12.8   07:23   2.4   1.5   0.0   2.2  23.8   11:52   OSO
08  17.2  25.8   15:51  11.0   06:43   2.9   1.7   0.0   1.4  12.3   08:56   NNO
09  17.5  29.0   15:33   8.8   07:18   3.6   2.8   0.0   0.8  10.8   14:30   NNO
10  19.0  30.4   16:09   9.3   06:50   2.9   3.7   0.0   2.2  16.6   17:31   SSO
11  19.8  31.5   15:41  11.0   06:44   2.4   3.9   0.0   2.2  18.7   17:31   SSO
12  21.4  32.7   15:51  11.2   06:35   2.0   5.1   0.0   2.8  23.1   12:42   SSO
13  19.0  28.0   13:31  15.1   06:47   1.0   1.8   4.0   2.5  46.9   15:50     N
14  17.9  24.5   15:19  15.2   06:37   1.4   1.0   0.8   1.6  16.6   19:31     N
15  16.5  24.0   15:29  10.9   07:36   3.0   1.3   0.0   1.7  18.7   16:59   NNE
16  16.2  27.4   16:56   7.7   06:27   4.2   2.1   0.0   1.2  16.6   17:19    SO
17  18.4  30.0   16:21   9.2   07:06   3.2   3.3   0.0   1.3  15.9   14:38   SSO
18  19.5  31.3   16:06  12.6   04:33   2.0   3.2   0.2   4.1  31.0   16:51    SO
19  20.5  30.9   16:39  12.2   07:24   1.8   4.0   0.0   1.6  15.1   14:08   SSO
20  20.9  31.0   16:24  13.6   07:01   1.3   3.9   0.0   1.4  18.7   16:47   SSO
21  18.5  25.6   11:18  12.1   23:51   1.8   2.0   0.0   5.5  46.9   15:12    SO
22  14.9  22.0   15:43   9.7   06:55   3.8   0.5   0.2   2.8  19.5   12:45   SSO
23  18.7  25.4   16:47  13.1   23:31   1.1   1.6   6.2  10.8  61.3   10:34    SO
24  12.2  17.4   16:05   7.6   22:54   6.1   0.0   0.8   5.3  31.7   02:59     N
25  11.0  18.5   16:20   6.0   02:50   7.3   0.0   0.0   6.6  31.7   15:38     N
----------------------------------------------------------------------------------
    17.6  32.7    12     6.0    25    69.5  52.1  23.4   3.0  61.3    23       O

Max >=  27.0 12
Max <=   0.0  0
Min <= -10.0  0
Min <= -18.0  0
Max Rain: 10.8 on day 6
Days of Rain: 8 (>= 0.2 mm)  3 (>= 2.0 mm)  0 (>= 20.0 mm)
Heat Base: 18.3  Cool Base: 18.3  Method: Integration


Mise à jour : 26/09/2018 12:48:43
powered by Cumulus v3.0.0 (3043)