METEO Meyenheim

 Latitude N 47° 54' 42"    Longitude E 07° 21' 22"    Altitude 210 m

Rapports de type NOAA
Selectionner un rapport Annuel ou mensuel
V/Λ2019 > Janvier Février Mars Avril Mai Juin Juillet Août Septembre Octobre Novembre Décembre
V/Λ2018 > Janvier Février Mars Avril Mai Juin Juillet Août Septembre Octobre Novembre Décembre
V/Λ2017 > Janvier Février Mars Avril Mai Juin Juillet Août Septembre Octobre Novembre Décembre
V/Λ2016 > Janvier Février Mars Avril Mai Juin Juillet Août Septembre Octobre Novembre Décembre
V/Λ2015 > Janvier Février Mars Avril Mai Juin Juillet Août Septembre Octobre Novembre Décembre
V/Λ2014 > Janvier Février Mars Avril Mai Juin Juillet Août Septembre Octobre Novembre Décembre
V/Λ2013 > Janvier Février Mars Avril Mai Juin Juillet Août Septembre Octobre Novembre Décembre
V/Λ2012 > Janvier Février Mars Avril Mai Juin Juillet Août Septembre Octobre Novembre Décembre
V/Λ2011 > Janvier Février Mars Avril Mai Juin Juillet Août Septembre Octobre Novembre Décembre
V/Λ2010 > Janvier Février Mars Avril Mai Juin Juillet Août Septembre Octobre Novembre Décembre
V/Λ2009 > Janvier Février Mars Avril Mai Juin Juillet Août Septembre Octobre Novembre Décembre
V/Λ2008 > Janvier Février Mars Avril Mai Juin Juillet Août Septembre Octobre Novembre Décembre
V/Λ2007 > Janvier Février Mars Avril Mai Juin Juillet Août Septembre Octobre Novembre Décembre
V/Λ2006 > Janvier Février Mars Avril Mai Juin Juillet Août Septembre Octobre Novembre Décembre
V/Λ2005 > Janvier Février Mars Avril Mai Juin Juillet Août Septembre Octobre Novembre Décembre
V/Λ2004 > Janvier Février Mars Avril Mai Juin Juillet Août Septembre Octobre Novembre Décembre
V/Λ2003 > Janvier Février Mars Avril Mai Juin Juillet Août Septembre Octobre Novembre Décembre
V/Λ2002 > Janvier Février Mars Avril Mai Juin Juillet Août Septembre Octobre Novembre Décembre

Rapport pour Janvier 2002
                   Monthly Climatological Summary for janv. 2002

Name: IALSACEM4   City: Meyenheim   State: 
Elevation: 210 m  Lat: N 47° 54' 42"   Lon: E 007° 21' 22"

                  Temperature (°C), Rain (mm), Wind Speed (km/h)

                                      Heat  Cool        Avg
    Mean                              Deg   Deg         Wind                 Dom
Day Temp  High   Time   Low    Time   Days  Days  Rain  Speed High   Time    Dir
----------------------------------------------------------------------------------
 1  -2.6   1.3   12:28  -6.4   08:54  21.8   0.0   0.0   0.8  11.9   14:36   SSE
 2  -3.6  -0.2   15:08  -7.0   08:54  22.2   0.0   0.0   2.3  10.8   07:01   ENE
 3  -3.6   0.3   15:21  -7.5   06:29  22.6   0.0   0.0   4.1  11.2   19:30     N
 4  -4.6  -0.3   13:56  -8.9   08:50  24.4   0.0   0.0   1.1  21.6   15:23     N
 5  -6.0  -2.9   15:19  -8.7   04:43  24.3   0.0   0.0   1.5   0.0   00:00     N
 6  -6.3  -2.9   15:43  -9.6   07:40  25.3   0.0   0.0   1.6  10.1   07:23   ONO
 7  -7.0  -4.6   08:59  -9.3   09:00  21.8   0.0   0.0   4.6  11.9   10:44     N
 8  -2.8  -1.0   21:14  -4.6   09:07  20.5   0.0   0.0   1.1  27.7   19:38   NNE
 9  -2.5  -1.2   14:37  -3.8   08:29  20.9   0.0   0.0   1.2  10.8   07:46   SSO
10  -2.7  -1.7   17:04  -3.6   08:59  20.7   0.0   0.0   2.3  11.9   04:26     S
11  -3.0   0.3   14:52  -6.2   08:47  20.9   0.0   0.0   2.7  11.2   13:54   SSO
12  -1.1   3.7   15:08  -5.9   09:04  16.7   0.0   0.0   0.9  20.2   14:12     N
13   2.2   5.0   15:14  -0.7   22:33  17.9   0.0   0.0   1.7  11.9   05:18    SO
14   0.3   1.4   15:24  -0.9   08:37  18.5   0.0   0.0   1.7  14.8   13:13     S
15  -0.3   0.4   14:03  -0.9   09:47  18.2   0.0   0.0   2.4  11.9   21:58   SSO
16   0.5   1.7   15:25  -0.8   10:02  18.2   0.0   0.0   1.2  12.6   09:28     N
17   0.2   0.6   08:59  -0.3   09:01  17.1   0.0   0.0   0.6  10.1   10:59     S
18   1.1   2.6   16:07  -0.5   08:24  16.2   0.0   0.0   5.1  14.0   22:48   SSO
19   2.3   4.4   15:37   0.2   09:00  14.4   0.0   0.0   9.8  24.5   10:55   SSO
20   4.2   6.0   16:01   2.4   10:08  11.7   0.0   0.0  11.7  29.9   13:43   SSO
21   7.2   9.0   13:14   5.4   09:01  10.5   0.0   0.0   9.2  34.6   07:42   SSO
22   6.7  11.6   14:48   1.8   02:11  12.4   0.0   0.0   9.8  25.6   12:40   SSO
23   7.1  11.4   13:26   2.7   09:12  12.1   0.0   0.0   8.1  30.6   12:38     S
24   6.7   9.9   15:29   3.4   09:06  10.0   0.0   4.0  11.5  27.0   13:42   SSO
25   7.9  10.1   15:51   5.7   07:57  10.5   0.0   0.0   9.1  31.3   12:26    SO
26   8.4  10.5   12:47   6.3   22:59   7.8   0.0   0.0  15.2  35.3   03:03   SSO
27  11.4  13.8   14:17   8.9   08:59   7.6   0.0   5.0  17.3  50.4   01:47   SSO
28  10.4  11.9   23:52   8.9   09:41   6.4   0.0   5.0  12.8  42.8   11:57   SSO
29   9.6  14.1   15:28   5.0   08:48   9.3   0.0   0.0   4.9  33.1   10:28   SSO
30   8.9  13.3   15:11   4.4   08:59   8.6   0.0   0.0   6.2  18.0   08:25   SSO
31  10.1  15.7   15:33   4.4   09:01   8.1   0.0   0.0   7.8  32.4   08:14   SSO
----------------------------------------------------------------------------------
     1.9  15.7    31    -9.6     6   497.6   0.0  14.0   5.6  50.4    27     SSO

Max >=  30.0:  0
Max <=   0.0:  8
Min <= -10.0:  0
Min <= -18.0:  0
Max Rain: 5.0 on day 27
Days of Rain: 3 (>= 0.2 mm)  3 (>= 2.0 mm)  0 (>= 20.0 mm)
Heat Base: 18.3  Cool Base: 18.3  Method: Integration


Mise à jour : 20/11/2019 07:58:03
powered by Cumulus v3.0.0 (3043)