METEO Meyenheim

 Latitude N 47° 54' 42"    Longitude E 07° 21' 22"    Altitude 210 m

Rapports de type NOAA
Selectionner un rapport Annuel ou mensuel
V/Λ2019 > Janvier Février Mars Avril Mai Juin Juillet Août Septembre Octobre Novembre Décembre
V/Λ2018 > Janvier Février Mars Avril Mai Juin Juillet Août Septembre Octobre Novembre Décembre
V/Λ2017 > Janvier Février Mars Avril Mai Juin Juillet Août Septembre Octobre Novembre Décembre
V/Λ2016 > Janvier Février Mars Avril Mai Juin Juillet Août Septembre Octobre Novembre Décembre
V/Λ2015 > Janvier Février Mars Avril Mai Juin Juillet Août Septembre Octobre Novembre Décembre
V/Λ2014 > Janvier Février Mars Avril Mai Juin Juillet Août Septembre Octobre Novembre Décembre
V/Λ2013 > Janvier Février Mars Avril Mai Juin Juillet Août Septembre Octobre Novembre Décembre
V/Λ2012 > Janvier Février Mars Avril Mai Juin Juillet Août Septembre Octobre Novembre Décembre
V/Λ2011 > Janvier Février Mars Avril Mai Juin Juillet Août Septembre Octobre Novembre Décembre
V/Λ2010 > Janvier Février Mars Avril Mai Juin Juillet Août Septembre Octobre Novembre Décembre
V/Λ2009 > Janvier Février Mars Avril Mai Juin Juillet Août Septembre Octobre Novembre Décembre
V/Λ2008 > Janvier Février Mars Avril Mai Juin Juillet Août Septembre Octobre Novembre Décembre
V/Λ2007 > Janvier Février Mars Avril Mai Juin Juillet Août Septembre Octobre Novembre Décembre
V/Λ2006 > Janvier Février Mars Avril Mai Juin Juillet Août Septembre Octobre Novembre Décembre
V/Λ2005 > Janvier Février Mars Avril Mai Juin Juillet Août Septembre Octobre Novembre Décembre
V/Λ2004 > Janvier Février Mars Avril Mai Juin Juillet Août Septembre Octobre Novembre Décembre
V/Λ2003 > Janvier Février Mars Avril Mai Juin Juillet Août Septembre Octobre Novembre Décembre
V/Λ2002 > Janvier Février Mars Avril Mai Juin Juillet Août Septembre Octobre Novembre Décembre

Rapport pour Mars 2002
                   Monthly Climatological Summary for mars 2002

Name: IALSACEM4   City: Meyenheim   State: 
Elevation: 210 m  Lat: N 47° 54' 42"   Lon: E 007° 21' 22"

                  Temperature (°C), Rain (mm), Wind Speed (km/h)

                                      Heat  Cool        Avg
    Mean                              Deg   Deg         Wind                 Dom
Day Temp  High   Time   Low    Time   Days  Days  Rain  Speed High   Time    Dir
----------------------------------------------------------------------------------
 1   7.8  10.9   13:15   4.7   07:42  10.4   0.0   0.0   5.3  38.9   13:53   SSO
 2   7.6  11.8   12:28   3.3   08:59  13.8   0.0  11.0   5.8  19.4   08:27     N
 3   3.6   5.2   16:33   1.9   07:54  13.7   0.0   0.0   5.1  17.6   12:33   NNE
 4   3.9   8.5   15:56  -0.8   07:26  14.0   0.0   0.0   2.7  16.9   10:20   NNE
 5   4.8   9.5   16:49   0.1   07:59  14.4   0.0   0.0   2.5  17.6   10:53     N
 6   4.6   8.5   15:34   0.7   07:53  11.8   0.0   0.0   5.5  16.2   15:50   SSO
 7   8.2  12.9   15:53   3.4   09:00   9.4   0.0   4.0  11.4  31.3   08:27   SSO
 8   9.4  11.9   17:14   6.8   06:33   8.1   0.0   0.0   5.8  33.1   12:11     N
 9   8.7  14.8   14:42   2.6   07:44   9.2   0.0   0.0   5.6  18.7   17:03   OSO
10  10.5  16.3   14:34   4.6   07:45   8.6   0.0   0.0   3.8  36.0   15:53     S
11   8.5  14.3   15:34   2.7   05:08   6.9   0.0   0.0   6.1  30.6   08:37   SSO
12  14.1  20.7   15:35   7.4   07:35   4.9   0.0   0.0   3.8  38.9   10:30     S
13  15.3  20.2   14:44  10.4   07:05   3.1   0.0   0.0   5.5  24.8   02:59     S
14  13.5  20.7   16:00   6.3   08:59  10.5   0.0   0.0   6.6  25.6   04:58     N
15   7.2   8.3   15:42   6.0   02:30   9.9   0.0   0.0   1.5  29.2   10:49    NE
16   7.5  12.2   15:41   2.8   06:00   9.6   0.0   0.0   2.1  14.8   19:16     N
17   9.9  14.7   16:13   5.1   09:01   5.9   0.0   0.0   3.9  15.5   16:06   SSO
18  13.9  18.8   14:54   8.9   03:44   5.3   0.0   0.0  10.4  24.8   13:50   SSO
19  14.9  18.4   13:58  11.3   23:40   6.4   0.0   6.0  11.3  44.3   11:49   SSO
20  12.6  15.4   13:46   9.7   19:01   4.3   0.0   8.0  14.7  37.4   02:45    SO
21  14.5  16.2   16:39  12.7   07:31   4.7   0.0   0.0  12.7  36.7   09:28    SO
22  11.7  15.3   13:50   8.0   05:51   7.6   0.0   2.0   6.6  35.3   16:21   OSO
23   9.4  13.5   14:40   5.3   08:12  11.3   0.0   1.0   7.0  29.9   14:47     N
24   6.0   9.2   11:54   2.8   07:37  12.7   0.0   0.0   8.6  23.8   09:11     N
25   4.9   9.5   13:12   0.3   07:02  14.2   0.0   0.0  10.9  24.8   16:14     N
26   4.0   8.7   15:16  -0.7   06:56  13.7   0.0   0.0   7.5  29.9   12:38     N
27   4.8  10.1   16:35  -0.6   06:55  13.2   0.0   0.0   9.7  20.2   22:06     N
28   5.7  10.5   16:13   0.9   06:42  11.2   0.0   0.0   9.0  27.0   17:52     N
29   7.6  13.4   17:21   1.7   07:08   8.9   0.0   0.0   2.7  21.6   15:54     N
30  10.3  16.6   17:06   3.9   06:21  11.1   0.0   0.0   1.3  15.5   16:22   SSO
31   6.8  11.1   15:58   2.4   06:57   7.8   0.0   0.0   3.3  10.8   15:43   SSO
----------------------------------------------------------------------------------
     8.8  20.7    12    -0.8     4   296.6   0.0  32.0   6.4  44.3    19       O

Max >=  30.0:  0
Max <=   0.0:  0
Min <= -10.0:  0
Min <= -18.0:  0
Max Rain: 11.0 on day 2
Days of Rain: 6 (>= 0.2 mm)  5 (>= 2.0 mm)  0 (>= 20.0 mm)
Heat Base: 18.3  Cool Base: 18.3  Method: Integration


Mise à jour : 21/08/2019 07:39:18
powered by Cumulus v3.0.0 (3043)