METEO Meyenheim

 Latitude N 47° 54' 42"    Longitude E 07° 21' 22"    Altitude 210 m

Rapports de type NOAA
Selectionner un rapport Annuel ou mensuel
V/Λ2019 > Janvier Février Mars Avril Mai Juin Juillet Août Septembre Octobre Novembre Décembre
V/Λ2018 > Janvier Février Mars Avril Mai Juin Juillet Août Septembre Octobre Novembre Décembre
V/Λ2017 > Janvier Février Mars Avril Mai Juin Juillet Août Septembre Octobre Novembre Décembre
V/Λ2016 > Janvier Février Mars Avril Mai Juin Juillet Août Septembre Octobre Novembre Décembre
V/Λ2015 > Janvier Février Mars Avril Mai Juin Juillet Août Septembre Octobre Novembre Décembre
V/Λ2014 > Janvier Février Mars Avril Mai Juin Juillet Août Septembre Octobre Novembre Décembre
V/Λ2013 > Janvier Février Mars Avril Mai Juin Juillet Août Septembre Octobre Novembre Décembre
V/Λ2012 > Janvier Février Mars Avril Mai Juin Juillet Août Septembre Octobre Novembre Décembre
V/Λ2011 > Janvier Février Mars Avril Mai Juin Juillet Août Septembre Octobre Novembre Décembre
V/Λ2010 > Janvier Février Mars Avril Mai Juin Juillet Août Septembre Octobre Novembre Décembre
V/Λ2009 > Janvier Février Mars Avril Mai Juin Juillet Août Septembre Octobre Novembre Décembre
V/Λ2008 > Janvier Février Mars Avril Mai Juin Juillet Août Septembre Octobre Novembre Décembre
V/Λ2007 > Janvier Février Mars Avril Mai Juin Juillet Août Septembre Octobre Novembre Décembre
V/Λ2006 > Janvier Février Mars Avril Mai Juin Juillet Août Septembre Octobre Novembre Décembre
V/Λ2005 > Janvier Février Mars Avril Mai Juin Juillet Août Septembre Octobre Novembre Décembre
V/Λ2004 > Janvier Février Mars Avril Mai Juin Juillet Août Septembre Octobre Novembre Décembre
V/Λ2003 > Janvier Février Mars Avril Mai Juin Juillet Août Septembre Octobre Novembre Décembre
V/Λ2002 > Janvier Février Mars Avril Mai Juin Juillet Août Septembre Octobre Novembre Décembre

Rapport pour Juillet 2002
                   Monthly Climatological Summary for juil. 2002

Name: IALSACEM4   City: Meyenheim   State: 
Elevation: 210 m  Lat: N 47° 54' 42"   Lon: E 007° 21' 22"

                  Temperature (°C), Rain (mm), Wind Speed (km/h)

                                      Heat  Cool        Avg
    Mean                              Deg   Deg         Wind                 Dom
Day Temp  High   Time   Low    Time   Days  Days  Rain  Speed High   Time    Dir
----------------------------------------------------------------------------------
 1  19.1  24.8   17:41  13.4   06:55   0.0   2.5   0.0   7.6  19.4   19:05    SO
 2  22.0  27.3   15:46  16.7   07:50   0.0   0.0   0.0   7.0  33.1   13:18    SO
 3  17.6  20.5   17:58  14.7   06:02   0.0   1.1   0.0  10.0  31.3   18:05    SO
 4  19.0  24.5   15:43  13.4   06:44   1.2   0.0   0.0   6.7  38.9   14:41    SO
 5  15.4  20.7   16:30  10.1   06:33   0.0   0.5   0.0   4.1  24.5   11:53   SSO
 6  20.6  25.4   14:53  15.8   07:21   0.0   0.1   0.0   1.8  18.0   17:35     S
 7  18.6  22.2   15:22  14.9   06:08   0.0   2.3   0.0   0.1  15.5   16:03   OSO
 8  20.2  26.0   17:04  14.3   05:58   0.0   4.9   0.0   4.0  10.8   08:59    SO
 9  24.3  30.9   14:52  17.7   05:20   0.0   4.9   0.0   4.2  23.8   13:43   SSO
10  24.0  29.6   17:17  18.4   04:02   0.0   0.9   0.0   4.9  20.9   12:05    SO
11  17.8  21.8   09:20  13.7   06:47   0.0   1.2   0.0   3.6  24.5   11:37    SO
12  20.2  25.4   16:26  14.9   06:58   0.0   3.5   0.0   1.4  17.6   14:34     E
13  23.7  28.2   15:30  19.1   02:39   0.0   2.3   0.0   2.0  13.3   18:21     O
14  20.2  23.9   16:24  16.4   06:19   0.0   0.3  27.0   3.9  83.9   11:38   NNE
15  19.7  22.0   13:32  17.4   05:07   0.0   0.9   0.0  10.1  28.4   08:25     N
16  18.9  21.0   20:10  16.7   08:34   0.4   0.0   0.0   6.7  29.9   10:21     N
17  17.6  18.2   15:32  16.9   12:07   0.6   0.0  40.0   1.7  20.9   10:08     O
18  17.5  19.4   16:07  15.6   06:23   0.0   1.0  11.0   2.3  13.3   13:59     N
19  18.1  23.6   14:41  12.5   06:46   0.0   0.6   0.0   3.7  21.6   17:04     N
20  19.3  24.6   17:12  14.0   07:16   0.0   2.7   0.0   2.1  18.7   13:50     S
21  22.3  27.7   16:25  16.9   05:44   0.0   4.0   0.0   7.2  16.2   16:23   OSO
22  21.7  28.1   15:05  15.2   07:08   0.0   2.3   0.0   3.0  36.0   10:35    NE
23  19.4  25.9   15:11  12.9   06:22   0.0   2.7   0.0   1.5  14.0   15:09    SO
24  22.7  27.7   17:18  17.6   06:30   0.0   1.7   0.0   6.4  16.2   18:57    SO
25  19.3  22.8   15:22  15.8   07:19   0.0   1.1   0.0   3.8  27.7   15:17    SO
26  19.1  23.5   18:02  14.6   04:37   0.0   0.8   0.0   1.6  24.8   18:49   SSO
27  19.9  24.0   17:07  15.8   07:14   0.0   4.1   0.0   4.5  14.0   13:44     N
28  22.1  28.1   17:10  16.1   06:37   0.0   5.4   0.0   2.2  20.9   15:36   NNE
29  23.4  29.2   17:10  17.5   06:49   0.0   6.4   0.0   0.0  12.6   11:50     E
30  24.9  31.2   17:07  18.6   06:17   0.0   6.5   0.0   1.5   8.6   08:19   OSO
31  25.7  31.9   13:21  19.5   06:58   0.0   3.6   3.0   4.0  21.6   01:17   SSO
----------------------------------------------------------------------------------
    20.5  31.9    31    10.1     5     2.2  68.3  81.0   4.0  83.9    14     OSO

Max >=  30.0:  3
Max <=   0.0:  0
Min <= -10.0:  0
Min <= -18.0:  0
Max Rain: 40.0 on day 17
Days of Rain: 4 (>= 0.2 mm)  4 (>= 2.0 mm)  2 (>= 20.0 mm)
Heat Base: 18.3  Cool Base: 18.3  Method: Integration


Mise à jour : 18/10/2019 05:32:06
powered by Cumulus v3.0.0 (3043)