METEO Meyenheim

 Latitude N 47° 54' 42"    Longitude E 07° 21' 22"    Altitude 210 m

Rapports de type NOAA
Selectionner un rapport Annuel ou mensuel
V/Λ2019 > Janvier Février Mars Avril Mai Juin Juillet Août Septembre Octobre Novembre Décembre
V/Λ2018 > Janvier Février Mars Avril Mai Juin Juillet Août Septembre Octobre Novembre Décembre
V/Λ2017 > Janvier Février Mars Avril Mai Juin Juillet Août Septembre Octobre Novembre Décembre
V/Λ2016 > Janvier Février Mars Avril Mai Juin Juillet Août Septembre Octobre Novembre Décembre
V/Λ2015 > Janvier Février Mars Avril Mai Juin Juillet Août Septembre Octobre Novembre Décembre
V/Λ2014 > Janvier Février Mars Avril Mai Juin Juillet Août Septembre Octobre Novembre Décembre
V/Λ2013 > Janvier Février Mars Avril Mai Juin Juillet Août Septembre Octobre Novembre Décembre
V/Λ2012 > Janvier Février Mars Avril Mai Juin Juillet Août Septembre Octobre Novembre Décembre
V/Λ2011 > Janvier Février Mars Avril Mai Juin Juillet Août Septembre Octobre Novembre Décembre
V/Λ2010 > Janvier Février Mars Avril Mai Juin Juillet Août Septembre Octobre Novembre Décembre
V/Λ2009 > Janvier Février Mars Avril Mai Juin Juillet Août Septembre Octobre Novembre Décembre
V/Λ2008 > Janvier Février Mars Avril Mai Juin Juillet Août Septembre Octobre Novembre Décembre
V/Λ2007 > Janvier Février Mars Avril Mai Juin Juillet Août Septembre Octobre Novembre Décembre
V/Λ2006 > Janvier Février Mars Avril Mai Juin Juillet Août Septembre Octobre Novembre Décembre
V/Λ2005 > Janvier Février Mars Avril Mai Juin Juillet Août Septembre Octobre Novembre Décembre
V/Λ2004 > Janvier Février Mars Avril Mai Juin Juillet Août Septembre Octobre Novembre Décembre
V/Λ2003 > Janvier Février Mars Avril Mai Juin Juillet Août Septembre Octobre Novembre Décembre
V/Λ2002 > Janvier Février Mars Avril Mai Juin Juillet Août Septembre Octobre Novembre Décembre

Rapport pour Août 2002
                   Monthly Climatological Summary for août 2002

Name: IALSACEM4   City: Meyenheim   State: 
Elevation: 210 m  Lat: N 47° 54' 42"   Lon: E 007° 21' 22"

                  Temperature (°C), Rain (mm), Wind Speed (km/h)

                                      Heat  Cool        Avg
    Mean                              Deg   Deg         Wind                 Dom
Day Temp  High   Time   Low    Time   Days  Days  Rain  Speed High   Time    Dir
----------------------------------------------------------------------------------
 1  22.5  26.7   14:09  18.2   06:33   0.0   0.9   6.0   3.7  16.2   12:29     S
 2  18.1  24.4   13:41  11.7   06:25   0.0   0.3   2.0   2.2  35.3   19:28    SE
 3  19.7  25.4   16:10  14.0   09:00   0.0   1.6   3.0   3.6  18.0   02:45   SSO
 4  20.7  24.6   12:29  16.8   06:54   0.0   0.9   0.0   4.5  19.4   11:36   SSO
 5  19.3  24.2   13:23  14.4   06:10   0.8   0.0   0.0   3.4  22.3   10:33   SSO
 6  20.9  25.5   13:29  16.2   09:06   0.0   0.8   0.0   2.0  18.7   12:25    SO
 7  18.8  21.7   13:13  15.9   05:56   0.0   0.5   6.0   6.9  21.6   08:24    SO
 8  19.2  24.0   17:38  14.3   06:22   0.0   1.2   0.0   3.1  26.3   09:25   OSO
 9  19.7  25.0   16:04  14.3   06:52   0.2   0.0   0.0   3.3  19.4   10:45   SSO
10  19.1  24.1   12:22  14.0   04:10   2.9   0.0   0.0   2.0  33.8   15:53    SO
11  15.5  17.2   13:44  13.7   06:03   2.3   0.0  12.0   2.0  11.9   16:56   SSO
12  16.7  19.0   17:14  14.3   09:04   0.2   0.0   0.0   5.9  18.0   08:57    SO
13  18.6  22.0   17:44  15.1   07:16   0.0   1.2   1.0   2.4  25.6   13:48     E
14  18.8  24.2   17:02  13.3   07:12   0.0   1.7   0.0   7.0  19.4   08:57     N
15  20.7  26.1   17:13  15.2   07:18   0.0   3.3   0.0   3.3  25.6   17:39     N
16  22.0  27.6   16:22  16.3   07:01   0.0   4.1   0.0   0.6  18.0   19:21   NNE
17  22.5  28.4   16:45  16.5   07:18   0.0   4.6   0.0   2.6  13.3   19:06   NNE
18  22.7  28.7   17:10  16.6   06:31   0.0   5.1   0.0   0.0  16.9   09:19     E
19  23.9  29.7   16:39  18.0   04:58   0.0   6.1   0.0   0.0   0.0   08:59     E
20  25.7  31.2   16:16  20.1   07:47   0.0   3.4   0.0   2.3  18.7   05:05    SO
21  20.7  24.4   11:10  17.0   05:31   0.0   1.6   2.0   5.0  27.0   17:04    SO
22  18.2  23.6   15:10  12.8   07:26   0.0   1.0   0.0   1.4  19.4   11:27     N
23  20.2  25.1   16:35  15.2   07:30   0.0   1.7   0.0   2.2  21.6   20:14     N
24  21.2  25.8   16:54  16.5   04:54   0.0   3.4   0.0   4.3  15.5   18:33    SO
25  22.3  27.4   17:04  17.2   06:59   0.0   2.4   0.0   7.7  24.8   16:23     N
26  20.6  24.7   15:30  16.5   07:09   0.0   1.9   0.0   4.1  26.3   17:22     N
27  20.6  24.2   17:36  17.0   07:45   0.0   1.5   1.0   4.6  23.8   00:48    SO
28  20.0  22.9   17:27  17.1   07:56   0.0   2.5   0.0   1.7  17.6   11:17   NNE
29  21.2  25.7   16:06  16.6   05:16   0.0   3.2   0.0   2.7  18.0   18:36     N
30  22.2  26.5   15:48  17.9   04:32   0.0   3.6   0.0   1.4  18.7   18:32   NNE
31  22.1  26.8   15:59  17.4   07:08   0.0   2.4   0.0   2.6  17.6   16:46   NNE
----------------------------------------------------------------------------------
    20.5  31.2    20    11.7     2     6.4  60.9  33.0   3.2  35.3     2     OSO

Max >=  30.0:  1
Max <=   0.0:  0
Min <= -10.0:  0
Min <= -18.0:  0
Max Rain: 12.0 on day 11
Days of Rain: 8 (>= 0.2 mm)  6 (>= 2.0 mm)  0 (>= 20.0 mm)
Heat Base: 18.3  Cool Base: 18.3  Method: Integration


Mise à jour : 18/10/2019 05:42:06
powered by Cumulus v3.0.0 (3043)