METEO Meyenheim

 Latitude N 47° 54' 42"    Longitude E 07° 21' 22"    Altitude 210 m

Rapports de type NOAA
Selectionner un rapport Annuel ou mensuel
V/Λ2019 > Janvier Février Mars Avril Mai Juin Juillet Août Septembre Octobre Novembre Décembre
V/Λ2018 > Janvier Février Mars Avril Mai Juin Juillet Août Septembre Octobre Novembre Décembre
V/Λ2017 > Janvier Février Mars Avril Mai Juin Juillet Août Septembre Octobre Novembre Décembre
V/Λ2016 > Janvier Février Mars Avril Mai Juin Juillet Août Septembre Octobre Novembre Décembre
V/Λ2015 > Janvier Février Mars Avril Mai Juin Juillet Août Septembre Octobre Novembre Décembre
V/Λ2014 > Janvier Février Mars Avril Mai Juin Juillet Août Septembre Octobre Novembre Décembre
V/Λ2013 > Janvier Février Mars Avril Mai Juin Juillet Août Septembre Octobre Novembre Décembre
V/Λ2012 > Janvier Février Mars Avril Mai Juin Juillet Août Septembre Octobre Novembre Décembre
V/Λ2011 > Janvier Février Mars Avril Mai Juin Juillet Août Septembre Octobre Novembre Décembre
V/Λ2010 > Janvier Février Mars Avril Mai Juin Juillet Août Septembre Octobre Novembre Décembre
V/Λ2009 > Janvier Février Mars Avril Mai Juin Juillet Août Septembre Octobre Novembre Décembre
V/Λ2008 > Janvier Février Mars Avril Mai Juin Juillet Août Septembre Octobre Novembre Décembre
V/Λ2007 > Janvier Février Mars Avril Mai Juin Juillet Août Septembre Octobre Novembre Décembre
V/Λ2006 > Janvier Février Mars Avril Mai Juin Juillet Août Septembre Octobre Novembre Décembre
V/Λ2005 > Janvier Février Mars Avril Mai Juin Juillet Août Septembre Octobre Novembre Décembre
V/Λ2004 > Janvier Février Mars Avril Mai Juin Juillet Août Septembre Octobre Novembre Décembre
V/Λ2003 > Janvier Février Mars Avril Mai Juin Juillet Août Septembre Octobre Novembre Décembre
V/Λ2002 > Janvier Février Mars Avril Mai Juin Juillet Août Septembre Octobre Novembre Décembre

Rapport pour Novembre 2002
                   Monthly Climatological Summary for nov. 2002

Name: IALSACEM4   City: Meyenheim   State: 
Elevation: 210 m  Lat: N 47° 54' 42"   Lon: E 007° 21' 22"

                  Temperature (°C), Rain (mm), Wind Speed (km/h)

                                      Heat  Cool        Avg
    Mean                              Deg   Deg         Wind                 Dom
Day Temp  High   Time   Low    Time   Days  Days  Rain  Speed High   Time    Dir
----------------------------------------------------------------------------------
 1  13.6  17.5   14:28   9.7   00:25   5.4   0.0   0.0   5.9  16.9   08:51   SSO
 2  14.5  16.9   13:20  12.1   09:03   5.2   0.0   1.0   9.4  32.4   06:02   SSO
 3  13.7  14.8   08:59  12.5   09:15   4.6   0.0  10.0   9.3  29.2   08:58    SO
 4  12.9  16.9   11:48   8.8   04:26   8.4   0.0   2.0   5.0  32.4   13:45   SSO
 5   9.7  12.1   12:03   7.3   06:47   9.5   0.0   1.0   0.6  21.6   12:03   OSO
 6   8.7  12.2   13:58   5.1   04:29  12.1   0.0   1.0   1.1  11.2   00:57    SO
 7   6.1   9.5   14:56   2.7   00:38  12.7   0.0   3.0   3.0  17.6   06:35    SO
 8   5.6   8.0   15:45   3.1   08:27  12.4   0.0   1.0   6.7  21.6   17:21   SSO
 9   7.2   9.8   08:59   4.5   09:00   9.6   0.0   0.0   9.1  33.8   01:19   SSO
10   6.8  10.9   14:53   2.6   05:46  11.8   0.0   0.0   4.4  29.9   10:43     S
11   8.9  13.5   02:43   4.2   09:02   6.6   0.0   2.0  10.8  37.4   04:21   SSO
12   9.1  13.6   14:58   4.5   08:06   9.6   0.0   2.0   6.2  33.8   09:10   SSO
13   9.6  13.5   14:04   5.7   09:00  10.0   0.0   9.0   5.2  18.7   05:38   SSO
14   8.8  12.6   14:21   4.9   02:47  11.4   0.0   3.0   4.2  22.3   11:51    SO
15   7.5   8.4   12:13   6.5   04:22   9.6   0.0  36.0   2.7  21.6   13:56   SSO
16   9.3  11.7   14:39   6.9   09:01   8.7   0.0   4.0   4.1  18.0   11:15   SSO
17   9.0  10.3   15:21   7.6   08:38   8.6   0.0  12.0   5.0  27.7   22:17   SSO
18   9.4  13.9   12:23   4.8   08:00  11.2   0.0   0.0   1.7  18.0   12:38   NNO
19   6.7   8.7   14:43   4.6   09:39  10.6   0.0   5.0   2.2  15.5   16:38     N
20   6.9   8.6   14:22   5.1   06:30  11.1   0.0   0.0   2.6  11.9   12:49   SSO
21   7.6  10.9   14:57   4.3   06:49  11.8   0.0   0.0   2.3  17.6   07:35   SSO
22   6.6   8.2   13:10   5.0   09:04  10.5   0.0   3.0   7.5  25.6   03:04   SSO
23   7.1  10.9   14:43   3.3   06:26  11.5   0.0   0.0   3.7  22.3   11:21   OSO
24   7.5  10.7   14:03   4.3   09:01  10.4   0.0  17.0   4.6  18.0   02:04   SSO
25   7.8   8.5   15:33   7.0   08:35  10.3   0.0   6.0   4.6  20.2   01:37   SSO
26   8.3   9.3   19:53   7.2   09:03   9.8   0.0   3.0   3.5  18.0   22:04    NO
27   8.6   9.8   14:43   7.4   08:54  10.4   0.0   0.0   2.0  11.9   22:41     N
28   7.7   9.8   13:26   5.5   06:24   9.8   0.0   0.0   7.0  14.8   00:32   SSO
29   9.7  12.5   13:23   6.8   09:03   9.4   0.0   3.0   6.3  24.5   01:56   SSO
30   8.9  11.4   14:12   6.3   20:03  10.9   0.0   0.0   0.4  18.7   12:25    NO
----------------------------------------------------------------------------------
     8.8  17.5     1     2.6    10   293.9   0.0 124.0   4.7  37.4    11     SSO

Max >=  30.0:  0
Max <=   0.0:  0
Min <= -10.0:  0
Min <= -18.0:  0
Max Rain: 36.0 on day 15
Days of Rain: 20 (>= 0.2 mm)  16 (>= 2.0 mm)  1 (>= 20.0 mm)
Heat Base: 18.3  Cool Base: 18.3  Method: Integration


Mise à jour : 08/12/2019 18:49:48
powered by Cumulus v3.0.0 (3043)