METEO Meyenheim

 Latitude N 47° 54' 42"    Longitude E 07° 21' 22"    Altitude 210 m

Rapports de type NOAA
Selectionner un rapport Annuel ou mensuel
V/Λ2019 > Janvier Février Mars Avril Mai Juin Juillet Août Septembre Octobre Novembre Décembre
V/Λ2018 > Janvier Février Mars Avril Mai Juin Juillet Août Septembre Octobre Novembre Décembre
V/Λ2017 > Janvier Février Mars Avril Mai Juin Juillet Août Septembre Octobre Novembre Décembre
V/Λ2016 > Janvier Février Mars Avril Mai Juin Juillet Août Septembre Octobre Novembre Décembre
V/Λ2015 > Janvier Février Mars Avril Mai Juin Juillet Août Septembre Octobre Novembre Décembre
V/Λ2014 > Janvier Février Mars Avril Mai Juin Juillet Août Septembre Octobre Novembre Décembre
V/Λ2013 > Janvier Février Mars Avril Mai Juin Juillet Août Septembre Octobre Novembre Décembre
V/Λ2012 > Janvier Février Mars Avril Mai Juin Juillet Août Septembre Octobre Novembre Décembre
V/Λ2011 > Janvier Février Mars Avril Mai Juin Juillet Août Septembre Octobre Novembre Décembre
V/Λ2010 > Janvier Février Mars Avril Mai Juin Juillet Août Septembre Octobre Novembre Décembre
V/Λ2009 > Janvier Février Mars Avril Mai Juin Juillet Août Septembre Octobre Novembre Décembre
V/Λ2008 > Janvier Février Mars Avril Mai Juin Juillet Août Septembre Octobre Novembre Décembre
V/Λ2007 > Janvier Février Mars Avril Mai Juin Juillet Août Septembre Octobre Novembre Décembre
V/Λ2006 > Janvier Février Mars Avril Mai Juin Juillet Août Septembre Octobre Novembre Décembre
V/Λ2005 > Janvier Février Mars Avril Mai Juin Juillet Août Septembre Octobre Novembre Décembre
V/Λ2004 > Janvier Février Mars Avril Mai Juin Juillet Août Septembre Octobre Novembre Décembre
V/Λ2003 > Janvier Février Mars Avril Mai Juin Juillet Août Septembre Octobre Novembre Décembre
V/Λ2002 > Janvier Février Mars Avril Mai Juin Juillet Août Septembre Octobre Novembre Décembre

Rapport pour Mars 2003
                   Monthly Climatological Summary for mars 2003

Name: IALSACEM4   City: Meyenheim   State: 
Elevation: 210 m  Lat: N 47° 54' 42"   Lon: E 007° 21' 22"

                  Temperature (°C), Rain (mm), Wind Speed (km/h)

                                      Heat  Cool        Avg
    Mean                              Deg   Deg         Wind                 Dom
Day Temp  High   Time   Low    Time   Days  Days  Rain  Speed High   Time    Dir
----------------------------------------------------------------------------------
 1  11.0  15.4   14:22   6.6   09:03   7.7   0.0   0.0   8.0  27.0   11:40   SSO
 2  11.7  15.2   12:50   8.1   02:18   9.9   0.0   0.0   9.8  28.4   21:06   SSO
 3   8.3  11.4   11:25   5.1   08:17  12.0   0.0   6.0   4.1  33.8   16:08   OSO
 4   5.0   9.8   11:22   0.1   07:31  12.3   0.0   0.0   2.0  14.0   10:57     S
 5   6.4  11.6   16:27   1.2   09:01   7.5   0.0   0.0   2.2  14.0   12:14   SSO
 6  11.3  16.5   15:34   6.0   03:46   9.7   0.0   0.0   6.5  23.0   06:48    SO
 7   7.6  12.6   11:48   2.5   07:55  11.1   0.0   0.0   2.1  25.6   11:43     O
 8   8.1  11.5   15:39   4.6   02:42  10.2   0.0   0.0   7.4  22.3   01:18   SSO
 9   8.9  12.9   16:32   4.9   04:07   8.6   0.0   0.0   6.1  21.6   12:34   SSO
10  10.4  17.0   15:14   3.7   07:14   6.6   0.0   0.0   5.1  22.3   14:54   SSO
11  14.2  19.7   15:28   8.6   09:03   3.9   0.0   0.0   8.7  22.3   15:23   SSO
12  16.2  21.2   14:59  11.2   09:00   7.1   0.0   3.0   6.2  26.3   14:42    SO
13   9.7  14.3   10:52   5.0   06:17  10.8   0.0   0.0  10.6  24.8   09:06     N
14   5.9  11.5   15:20   0.2   06:29  13.6   0.0   0.0  12.6  32.4   17:04     N
15   5.0  10.0   16:05   0.0   07:03  13.6   0.0   0.0  12.4  33.1   16:04     N
16   5.5  10.6   15:58   0.3   07:04  12.6   0.0   0.0  12.0  32.0   09:37     N
17   5.9  12.3   16:18  -0.6   07:09  11.6   0.0   0.0   3.5  32.4   13:10     N
18   7.7  14.2   15:48   1.1   07:21  11.4   0.0   0.0  10.9  22.3   04:03     N
19   6.8  13.4   16:31   0.1   07:23  10.6   0.0   0.0   3.1  27.7   14:38     N
20   7.9  15.3   16:36   0.5   07:15  10.1   0.0   0.0   2.6  17.6   16:26     N
21   8.2  15.8   16:28   0.5   06:35  12.3   0.0   0.0   6.6  20.2   08:39     N
22   6.0  11.0   16:14   1.0   06:48  11.2   0.0   0.0   5.4  21.6   12:08     N
23   6.6  13.5   16:58  -0.4   07:19  10.2   0.0   0.0   1.4  20.2   12:00     N
24   8.9  16.3   16:31   1.4   05:54   7.9   0.0   0.0   3.6  12.6   08:55     S
25  11.4  19.9   14:53   2.9   07:05   6.6   0.0   0.0   1.1  16.9   14:38   OSO
26  12.2  20.1   15:50   4.3   05:38   6.2   0.0   0.0   1.4  14.8   15:01   NNE
27  12.5  20.0   16:27   5.0   06:19   5.1   0.0   0.0   2.0  12.6   08:17   SSO
28  14.7  20.7   16:14   8.6   06:30   4.0   0.0   0.0   1.9  16.2   16:11   SSO
29  15.5  20.5   15:24  10.4   07:01   3.1   0.0   0.0   1.1  18.0   16:28     S
30  15.3  19.9   15:39  10.6   07:54   2.8   0.0   0.0   3.8  14.0   00:30     N
31  15.3  20.3   16:36  10.3   06:31   5.2   0.0   0.0   9.0  27.0   08:49     N
----------------------------------------------------------------------------------
     9.7  21.2    12    -0.6    17   275.5   0.0   9.0   5.6  33.8     3      NO

Max >=  30.0:  0
Max <=   0.0:  0
Min <= -10.0:  0
Min <= -18.0:  0
Max Rain: 6.0 on day 3
Days of Rain: 2 (>= 0.2 mm)  2 (>= 2.0 mm)  0 (>= 20.0 mm)
Heat Base: 18.3  Cool Base: 18.3  Method: Integration


Mise à jour : 21/08/2019 06:35:18
powered by Cumulus v3.0.0 (3043)