METEO Meyenheim

 Latitude N 47° 54' 42"    Longitude E 07° 21' 22"    Altitude 210 m

Rapports de type NOAA
Selectionner un rapport Annuel ou mensuel
V/Λ2019 > Janvier Février Mars Avril Mai Juin Juillet Août Septembre Octobre Novembre Décembre
V/Λ2018 > Janvier Février Mars Avril Mai Juin Juillet Août Septembre Octobre Novembre Décembre
V/Λ2017 > Janvier Février Mars Avril Mai Juin Juillet Août Septembre Octobre Novembre Décembre
V/Λ2016 > Janvier Février Mars Avril Mai Juin Juillet Août Septembre Octobre Novembre Décembre
V/Λ2015 > Janvier Février Mars Avril Mai Juin Juillet Août Septembre Octobre Novembre Décembre
V/Λ2014 > Janvier Février Mars Avril Mai Juin Juillet Août Septembre Octobre Novembre Décembre
V/Λ2013 > Janvier Février Mars Avril Mai Juin Juillet Août Septembre Octobre Novembre Décembre
V/Λ2012 > Janvier Février Mars Avril Mai Juin Juillet Août Septembre Octobre Novembre Décembre
V/Λ2011 > Janvier Février Mars Avril Mai Juin Juillet Août Septembre Octobre Novembre Décembre
V/Λ2010 > Janvier Février Mars Avril Mai Juin Juillet Août Septembre Octobre Novembre Décembre
V/Λ2009 > Janvier Février Mars Avril Mai Juin Juillet Août Septembre Octobre Novembre Décembre
V/Λ2008 > Janvier Février Mars Avril Mai Juin Juillet Août Septembre Octobre Novembre Décembre
V/Λ2007 > Janvier Février Mars Avril Mai Juin Juillet Août Septembre Octobre Novembre Décembre
V/Λ2006 > Janvier Février Mars Avril Mai Juin Juillet Août Septembre Octobre Novembre Décembre
V/Λ2005 > Janvier Février Mars Avril Mai Juin Juillet Août Septembre Octobre Novembre Décembre
V/Λ2004 > Janvier Février Mars Avril Mai Juin Juillet Août Septembre Octobre Novembre Décembre
V/Λ2003 > Janvier Février Mars Avril Mai Juin Juillet Août Septembre Octobre Novembre Décembre
V/Λ2002 > Janvier Février Mars Avril Mai Juin Juillet Août Septembre Octobre Novembre Décembre

Rapport pour Avril 2003
                   Monthly Climatological Summary for avr. 2003

Name: IALSACEM4   City: Meyenheim   State: 
Elevation: 210 m  Lat: N 47° 54' 42"   Lon: E 007° 21' 22"

                  Temperature (°C), Rain (mm), Wind Speed (km/h)

                                      Heat  Cool        Avg
    Mean                              Deg   Deg         Wind                 Dom
Day Temp  High   Time   Low    Time   Days  Days  Rain  Speed High   Time    Dir
----------------------------------------------------------------------------------
 1  10.1  16.9   16:40   3.3   07:49   5.8   0.0   0.0   6.9  29.2   11:09   SSO
 2  12.8  20.1   16:09   5.4   09:01   9.2   0.0   0.0   7.7  32.4   00:45   ONO
 3   7.8  11.1   12:52   4.4   00:41  11.8   0.0   0.0   8.7  26.3   12:08     N
 4   5.6  10.1   15:45   1.0   07:31  12.1   0.0   2.0   7.7  26.3   10:24     N
 5   5.5  11.5   16:50  -0.5   07:51  10.1   0.0   0.0   4.0  28.4   10:50   NNO
 6   9.0  15.9   17:30   2.0   09:01  10.1   0.0   0.0   9.1  24.8   02:33     N
 7   5.3  10.6   17:31   0.0   07:42  14.5   0.0   0.0   8.8  27.0   14:42     N
 8   3.0   7.9   14:34  -2.0   07:15  14.5   0.0   0.0   5.9  24.8   10:26     N
 9   5.5  10.3   17:36   0.6   07:31  12.3   0.0   0.0   4.7  17.6   18:27   NNO
10   6.7  11.1   16:33   2.3   09:03  15.6   0.0   4.0   4.3  16.9   18:14    NO
11   1.1   3.6   12:52  -1.4   06:53  13.0   0.0   0.0   2.1  18.7   19:16    SE
12   6.4  11.5   16:14   1.3   09:01   9.0   0.0   0.0   3.0  20.9   15:24   SSO
13   8.2  14.3   16:18   2.1   06:53   7.1   0.0   0.0   2.9  23.0   14:02     N
14  12.6  19.7   17:42   5.4   07:23   3.6   0.0   0.0   4.0  16.2   08:54     N
15  14.1  21.9   18:17   6.3   07:04   2.2   0.0   0.0   5.9  17.6   09:01     N
16  17.7  24.4   17:56  11.0   07:13   0.2   0.0   0.0   7.5  28.4   17:01     N
17  18.3  24.8   17:34  11.8   07:41   1.2   0.0   0.0   9.7  20.9   17:22     N
18  15.9  23.3   16:15   8.5   07:06   3.1   0.0   0.0  10.3  31.3   16:03     N
19  12.7  21.1   15:46   4.3   07:44   8.5   0.0   0.0  11.0  27.7   01:27     N
20  10.6  15.1   17:04   6.1   06:59   5.3   0.0   0.0   3.7  24.8   18:36     N
21  14.6  20.5   17:23   8.6   09:04   3.7   0.0   0.0   1.7  18.7   15:44     O
22  16.4  21.8   15:49  10.9   06:14   3.5   0.0   7.0   2.3  21.6   19:10     N
23  14.2  20.2   16:20   8.1   07:16   3.5   0.0   0.0   2.9  19.4   14:26    NE
24  14.8  21.5   16:27   8.0   07:45   2.0   0.0   0.0   1.3  18.7   17:19     S
25  16.6  23.7   16:14   9.4   07:05   0.3   0.0   0.0   1.9  15.5   15:32   OSO
26  20.8  26.7   16:17  14.8   09:01   2.8   0.0   0.0   8.0  47.5   18:32   SSO
27  14.9  18.1   09:45  11.7   07:22   3.8   0.0   0.0   8.5  61.9   15:48    SO
28  13.8  18.3   16:49   9.3   06:27   0.4   0.0   0.0   5.5  29.9   14:05   SSO
29  20.3  26.2   15:37  14.4   07:42   1.5   0.0   0.0   5.9  38.2   05:11   SSO
30  16.7  20.6   17:58  12.7   04:57   4.0   0.0   3.0   6.1  25.6   11:18   SSO
----------------------------------------------------------------------------------
    11.7  26.7    26    -2.0     8   194.7   0.0  16.0   5.7  61.9    27     NNO

Max >=  30.0:  0
Max <=   0.0:  0
Min <= -10.0:  0
Min <= -18.0:  0
Max Rain: 7.0 on day 22
Days of Rain: 4 (>= 0.2 mm)  4 (>= 2.0 mm)  0 (>= 20.0 mm)
Heat Base: 18.3  Cool Base: 18.3  Method: Integration


Mise à jour : 20/11/2019 07:06:03
powered by Cumulus v3.0.0 (3043)