METEO Meyenheim

 Latitude N 47° 54' 42"    Longitude E 07° 21' 22"    Altitude 210 m

Rapports de type NOAA
Selectionner un rapport Annuel ou mensuel
V/Λ2019 > Janvier Février Mars Avril Mai Juin Juillet Août Septembre Octobre Novembre Décembre
V/Λ2018 > Janvier Février Mars Avril Mai Juin Juillet Août Septembre Octobre Novembre Décembre
V/Λ2017 > Janvier Février Mars Avril Mai Juin Juillet Août Septembre Octobre Novembre Décembre
V/Λ2016 > Janvier Février Mars Avril Mai Juin Juillet Août Septembre Octobre Novembre Décembre
V/Λ2015 > Janvier Février Mars Avril Mai Juin Juillet Août Septembre Octobre Novembre Décembre
V/Λ2014 > Janvier Février Mars Avril Mai Juin Juillet Août Septembre Octobre Novembre Décembre
V/Λ2013 > Janvier Février Mars Avril Mai Juin Juillet Août Septembre Octobre Novembre Décembre
V/Λ2012 > Janvier Février Mars Avril Mai Juin Juillet Août Septembre Octobre Novembre Décembre
V/Λ2011 > Janvier Février Mars Avril Mai Juin Juillet Août Septembre Octobre Novembre Décembre
V/Λ2010 > Janvier Février Mars Avril Mai Juin Juillet Août Septembre Octobre Novembre Décembre
V/Λ2009 > Janvier Février Mars Avril Mai Juin Juillet Août Septembre Octobre Novembre Décembre
V/Λ2008 > Janvier Février Mars Avril Mai Juin Juillet Août Septembre Octobre Novembre Décembre
V/Λ2007 > Janvier Février Mars Avril Mai Juin Juillet Août Septembre Octobre Novembre Décembre
V/Λ2006 > Janvier Février Mars Avril Mai Juin Juillet Août Septembre Octobre Novembre Décembre
V/Λ2005 > Janvier Février Mars Avril Mai Juin Juillet Août Septembre Octobre Novembre Décembre
V/Λ2004 > Janvier Février Mars Avril Mai Juin Juillet Août Septembre Octobre Novembre Décembre
V/Λ2003 > Janvier Février Mars Avril Mai Juin Juillet Août Septembre Octobre Novembre Décembre
V/Λ2002 > Janvier Février Mars Avril Mai Juin Juillet Août Septembre Octobre Novembre Décembre

Rapport pour Mai 2003
                   Monthly Climatological Summary for mai 2003

Name: IALSACEM4   City: Meyenheim   State: 
Elevation: 210 m  Lat: N 47° 54' 42"   Lon: E 007° 21' 22"

                  Temperature (°C), Rain (mm), Wind Speed (km/h)

                                      Heat  Cool        Avg
    Mean                              Deg   Deg         Wind                 Dom
Day Temp  High   Time   Low    Time   Days  Days  Rain  Speed High   Time    Dir
----------------------------------------------------------------------------------
 1  13.0  16.5   16:35   9.4   06:58   3.1   0.0   7.0   6.4  31.3   18:37   SSO
 2  13.9  20.2   15:31   7.5   06:36   4.1   0.0   0.0   5.3  30.6   11:38    SO
 3  16.0  21.2   15:06  10.7   06:14   2.8   0.0   0.0   6.4  32.4   19:35   SSO
 4  13.6  20.4   17:08   6.8   07:13   0.6   0.0   0.0   2.9  23.8   09:37   SSO
 5  20.1  27.0   17:27  13.1   05:22   0.0   2.5   0.0   3.6  20.2   07:15   SSE
 6  21.7  28.4   14:31  14.9   07:06   0.0   2.5   0.0   5.9  18.0   10:22   NNE
 7  20.5  27.2   17:05  13.7   06:55   0.0   1.3   0.0  11.0  36.7   01:05     N
 8  20.8  26.0   15:27  15.5   09:01   0.0   2.5   0.0   3.1  30.6   17:13    SO
 9  21.4  28.5   16:12  14.2   05:57   0.0   0.1  17.0   4.5  52.6   19:25    SO
10  18.8  24.3   13:48  13.3   07:08   1.9   0.0   0.0   5.9  34.6   18:21     N
11  16.2  20.5   12:35  11.9   04:04   2.2   0.0   0.0   1.3  27.0   17:32   NNE
12  17.4  21.1   16:52  13.7   07:34   0.0   0.2   2.0   6.2  26.3   00:43   SSO
13  18.2  23.3   14:40  13.0   06:30   4.1   0.0   0.0   6.6  29.2   03:49   OSO
14  11.0  15.8   18:08   6.1   06:18   7.3   0.0   0.0   6.5  25.6   19:15   OSO
15  11.9  17.0   13:23   6.7   05:59   6.1   0.0   0.0   3.7  56.5   14:12    NO
16  11.9  18.2   14:20   5.5   06:36   4.3   0.0   0.0   2.2  19.4   18:56   NNO
17  16.0  20.8   17:25  11.2   09:00   2.6   0.0   0.0   7.3  22.3   13:34    SO
18  16.4  19.4   14:52  13.3   06:46   1.0   0.0   0.0   9.1  32.0   14:09    SO
19  18.0  21.1   14:54  14.9   09:01   0.8   0.0   0.0   9.9  29.2   21:02   SSO
20  16.9  22.8   12:47  10.9   06:42   4.4   0.0   4.0   6.7  42.1   15:58    SO
21  13.4  17.0   17:09   9.8   07:06   5.4   0.0   1.0   6.0  23.8   10:38   OSO
22  13.5  16.5   14:46  10.4   02:34   4.4   0.0   1.0   7.9  32.0   13:57   SSO
23  14.9  18.0   17:57  11.8   09:05   0.0   1.6   0.0   7.3  26.3   10:30   SSO
24  20.1  26.1   16:54  14.0   04:18   0.0   2.4   0.0   3.8  28.4   13:56   SSO
25  21.2  28.9   14:28  13.5   08:09   3.5   0.0   2.0   2.5  36.7   19:02    SO
26  14.3  16.3   14:05  12.3   06:42   3.4   0.0   1.0   8.8  20.9   08:43     N
27  15.6  17.2   14:09  13.9   09:01   0.4   0.0   0.0   8.9  27.7   14:08     N
28  18.7  21.5   17:07  15.8   09:34   0.0   2.5   0.0   9.8  22.3   08:20     N
29  21.9  26.2   16:29  17.5   07:40   0.0   3.4   0.0   6.2  24.8   17:29     N
30  21.9  27.0   16:57  16.7   05:04   0.0   5.3   0.0   2.3  18.0   16:44    SO
31  23.5  30.6   15:40  16.3   05:48   0.0   6.0   0.0   3.5  16.2   19:10   OSO
----------------------------------------------------------------------------------
    17.2  30.6    31     5.5    16    62.4  30.3  35.0   5.9  56.5    15     OSO

Max >=  30.0:  1
Max <=   0.0:  0
Min <= -10.0:  0
Min <= -18.0:  0
Max Rain: 17.0 on day 9
Days of Rain: 8 (>= 0.2 mm)  5 (>= 2.0 mm)  0 (>= 20.0 mm)
Heat Base: 18.3  Cool Base: 18.3  Method: Integration


Mise à jour : 17/09/2019 06:13:52
powered by Cumulus v3.0.0 (3043)