METEO Meyenheim

 Latitude N 47° 54' 42"    Longitude E 07° 21' 22"    Altitude 210 m

Rapports de type NOAA
Selectionner un rapport Annuel ou mensuel
V/Λ2019 > Janvier Février Mars Avril Mai Juin Juillet Août Septembre Octobre Novembre Décembre
V/Λ2018 > Janvier Février Mars Avril Mai Juin Juillet Août Septembre Octobre Novembre Décembre
V/Λ2017 > Janvier Février Mars Avril Mai Juin Juillet Août Septembre Octobre Novembre Décembre
V/Λ2016 > Janvier Février Mars Avril Mai Juin Juillet Août Septembre Octobre Novembre Décembre
V/Λ2015 > Janvier Février Mars Avril Mai Juin Juillet Août Septembre Octobre Novembre Décembre
V/Λ2014 > Janvier Février Mars Avril Mai Juin Juillet Août Septembre Octobre Novembre Décembre
V/Λ2013 > Janvier Février Mars Avril Mai Juin Juillet Août Septembre Octobre Novembre Décembre
V/Λ2012 > Janvier Février Mars Avril Mai Juin Juillet Août Septembre Octobre Novembre Décembre
V/Λ2011 > Janvier Février Mars Avril Mai Juin Juillet Août Septembre Octobre Novembre Décembre
V/Λ2010 > Janvier Février Mars Avril Mai Juin Juillet Août Septembre Octobre Novembre Décembre
V/Λ2009 > Janvier Février Mars Avril Mai Juin Juillet Août Septembre Octobre Novembre Décembre
V/Λ2008 > Janvier Février Mars Avril Mai Juin Juillet Août Septembre Octobre Novembre Décembre
V/Λ2007 > Janvier Février Mars Avril Mai Juin Juillet Août Septembre Octobre Novembre Décembre
V/Λ2006 > Janvier Février Mars Avril Mai Juin Juillet Août Septembre Octobre Novembre Décembre
V/Λ2005 > Janvier Février Mars Avril Mai Juin Juillet Août Septembre Octobre Novembre Décembre
V/Λ2004 > Janvier Février Mars Avril Mai Juin Juillet Août Septembre Octobre Novembre Décembre
V/Λ2003 > Janvier Février Mars Avril Mai Juin Juillet Août Septembre Octobre Novembre Décembre
V/Λ2002 > Janvier Février Mars Avril Mai Juin Juillet Août Septembre Octobre Novembre Décembre

Rapport pour Juin 2003
                   Monthly Climatological Summary for juin 2003

Name: IALSACEM4   City: Meyenheim   State: 
Elevation: 210 m  Lat: N 47° 54' 42"   Lon: E 007° 21' 22"

                  Temperature (°C), Rain (mm), Wind Speed (km/h)

                                      Heat  Cool        Avg
    Mean                              Deg   Deg         Wind                 Dom
Day Temp  High   Time   Low    Time   Days  Days  Rain  Speed High   Time    Dir
----------------------------------------------------------------------------------
 1  24.7  32.0   13:31  17.4   06:13   0.0   6.4   0.0   2.1  16.9   16:30   ENE
 2  24.9  31.3   16:06  18.4   06:33   0.0   6.0   0.0   5.9  17.6   05:40   SSO
 3  24.9  31.4   12:42  18.3   06:26   0.0   5.8   0.0   3.3  25.6   12:37   OSO
 4  24.5  31.3   16:08  17.7   06:43   0.0   6.8   3.0   4.3  20.2   00:04    SO
 5  25.5  32.2   16:05  18.7   05:41   0.0   6.7   0.0   5.0  27.0   16:38    SO
 6  25.6  31.2   16:42  20.0   06:23   0.0   5.1   0.0   3.7  22.3   16:59     N
 7  23.6  28.3   17:08  18.8   06:17   0.0   6.7   0.0   2.7  18.0   16:52    NO
 8  25.8  32.2   14:07  19.4   06:17   0.0   7.6   0.0   5.9  22.3   14:32    SO
 9  26.1  32.3   14:20  19.8   08:27   0.0   5.7   0.0   4.6  32.0   18:00     N
10  22.9  28.7   17:34  17.0   06:05   0.0   8.2   0.0   4.8  20.2   10:13    SO
11  28.6  34.8   14:35  22.4   06:16   0.0   9.2   0.0   3.3  21.6   16:09     E
12  26.5  32.9   17:35  20.0   06:18   0.0   9.0   0.0   3.2  14.0   09:33   SSO
13  28.6  36.1   16:44  21.1   07:38   0.0   6.4   4.0   3.0  20.2   18:46   NNO
14  25.6  30.3   17:15  20.9   06:49   0.0   6.6   0.0   3.5  11.9   07:51     N
15  26.8  33.5   14:31  20.1   06:07   0.0   6.6   0.0   3.8  31.3   15:23     N
16  25.2  30.4   14:10  20.0   06:26   0.0   6.3   0.0   6.0  17.6   19:21     N
17  24.1  29.8   16:28  18.3   06:16   0.0   7.2   0.0   4.7  20.9   18:26    NO
18  25.5  32.1   14:46  18.9   06:33   0.0   4.5   9.0   4.5  23.8   16:28   OSO
19  21.4  27.2   14:57  15.6   06:29   0.0   4.7   0.0   3.0  20.9   09:03   SSO
20  23.3  29.1   17:25  17.5   06:02   0.0   5.7   0.0   6.7  17.6   08:20     O
21  22.1  29.6   15:53  14.6   05:55   0.0   2.9   0.0   5.7  28.4   12:10     N
22  21.0  27.1   15:46  14.9   06:09   0.0   5.8   0.0   2.4  16.9   19:58    NE
23  25.9  32.6   17:23  19.1   04:36   0.0   9.6   0.0   7.0  17.6   07:36   OSO
24  28.7  36.1   15:48  21.2   06:53   0.0   8.0   0.0   4.2  30.6   09:53     N
25  25.6  31.4   17:07  19.7   06:03   0.0   5.9   0.0   7.4  18.0   14:21     N
26  21.2  30.1   16:57  12.2   07:54   0.0   4.4   0.0   3.9  21.6   19:24    NE
27  24.9  32.5   15:09  17.3   05:03   0.0   4.6   6.0   4.8  33.8   17:04     N
28  23.2  28.3   13:01  18.0   05:49   0.0   4.8   0.0   4.1  18.7   17:26   NNE
29  22.6  28.3   16:09  16.8   06:20   0.0   6.3   0.0   3.0  18.7   19:04   NNE
30  25.1  31.1   17:24  19.0   05:53   0.0   7.7   0.0   4.3  15.5   18:25   OSO
----------------------------------------------------------------------------------
    24.8  36.1    13    12.2    26     0.0 191.2  22.0   4.4  33.8    27      NO

Max >=  30.0: 21
Max <=   0.0:  0
Min <= -10.0:  0
Min <= -18.0:  0
Max Rain: 9.0 on day 18
Days of Rain: 4 (>= 0.2 mm)  4 (>= 2.0 mm)  0 (>= 20.0 mm)
Heat Base: 18.3  Cool Base: 18.3  Method: Integration


Mise à jour : 17/09/2019 06:18:52
powered by Cumulus v3.0.0 (3043)