METEO Meyenheim

 Latitude N 47° 54' 42"    Longitude E 07° 21' 22"    Altitude 210 m

Rapports de type NOAA
Selectionner un rapport Annuel ou mensuel
V/Λ2019 > Janvier Février Mars Avril Mai Juin Juillet Août Septembre Octobre Novembre Décembre
V/Λ2018 > Janvier Février Mars Avril Mai Juin Juillet Août Septembre Octobre Novembre Décembre
V/Λ2017 > Janvier Février Mars Avril Mai Juin Juillet Août Septembre Octobre Novembre Décembre
V/Λ2016 > Janvier Février Mars Avril Mai Juin Juillet Août Septembre Octobre Novembre Décembre
V/Λ2015 > Janvier Février Mars Avril Mai Juin Juillet Août Septembre Octobre Novembre Décembre
V/Λ2014 > Janvier Février Mars Avril Mai Juin Juillet Août Septembre Octobre Novembre Décembre
V/Λ2013 > Janvier Février Mars Avril Mai Juin Juillet Août Septembre Octobre Novembre Décembre
V/Λ2012 > Janvier Février Mars Avril Mai Juin Juillet Août Septembre Octobre Novembre Décembre
V/Λ2011 > Janvier Février Mars Avril Mai Juin Juillet Août Septembre Octobre Novembre Décembre
V/Λ2010 > Janvier Février Mars Avril Mai Juin Juillet Août Septembre Octobre Novembre Décembre
V/Λ2009 > Janvier Février Mars Avril Mai Juin Juillet Août Septembre Octobre Novembre Décembre
V/Λ2008 > Janvier Février Mars Avril Mai Juin Juillet Août Septembre Octobre Novembre Décembre
V/Λ2007 > Janvier Février Mars Avril Mai Juin Juillet Août Septembre Octobre Novembre Décembre
V/Λ2006 > Janvier Février Mars Avril Mai Juin Juillet Août Septembre Octobre Novembre Décembre
V/Λ2005 > Janvier Février Mars Avril Mai Juin Juillet Août Septembre Octobre Novembre Décembre
V/Λ2004 > Janvier Février Mars Avril Mai Juin Juillet Août Septembre Octobre Novembre Décembre
V/Λ2003 > Janvier Février Mars Avril Mai Juin Juillet Août Septembre Octobre Novembre Décembre
V/Λ2002 > Janvier Février Mars Avril Mai Juin Juillet Août Septembre Octobre Novembre Décembre

Rapport pour Juillet 2003
                   Monthly Climatological Summary for juil. 2003

Name: IALSACEM4   City: Meyenheim   State: 
Elevation: 210 m  Lat: N 47° 54' 42"   Lon: E 007° 21' 22"

                  Temperature (°C), Rain (mm), Wind Speed (km/h)

                                      Heat  Cool        Avg
    Mean                              Deg   Deg         Wind                 Dom
Day Temp  High   Time   Low    Time   Days  Days  Rain  Speed High   Time    Dir
----------------------------------------------------------------------------------
 1  26.2  34.2   15:43  18.2   08:45   0.0   0.1   3.0   6.3  32.4   14:53   SSO
 2  17.9  20.5   16:44  15.3   05:49   0.0   1.0   3.0   9.8  26.3   08:25    SO
 3  19.8  24.2   16:53  15.4   06:35   0.1   0.0   1.0   8.3  35.3   13:57    SO
 4  19.3  24.2   12:37  14.3   07:05   0.8   0.0   6.0   6.7  26.3   11:22    SO
 5  18.8  22.6   12:56  15.0   09:02   0.3   0.0   1.0   2.6  24.8   14:34    SO
 6  17.4  22.0   15:40  12.8   06:41   0.0   1.6   0.0   2.9  18.7   17:38     N
 7  20.4  26.3   15:40  14.5   05:50   0.0   3.4   0.0   3.7  20.9   19:00   NNE
 8  21.9  28.1   16:34  15.6   06:34   0.0   4.3   0.0   3.6  15.5   17:35   NNE
 9  22.7  28.7   16:17  16.6   05:57   0.0   4.4   0.0   4.8  18.7   17:56     N
10  23.4  29.1   17:03  17.6   06:23   0.0   5.5   0.0   4.5  23.0   18:21   NNE
11  22.9  29.2   16:08  16.6   06:04   0.0   6.2   0.0   2.1  17.6   14:14    NE
12  24.4  31.2   14:51  17.5   06:37   0.0   5.1   0.0   5.2  18.7   08:50     N
13  22.6  28.8   17:01  16.4   05:40   0.0   5.0   0.0   7.7  24.5   09:00     N
14  23.7  29.6   16:42  17.7   06:50   0.0   6.4   0.0   7.5  20.2   18:33     N
15  24.2  31.2   16:56  17.2   06:19   0.0   8.1   0.0   3.4  20.9   17:37   NNE
16  27.1  34.3   17:28  19.9   06:03   0.0   7.0   0.0   2.9  15.5   22:16   SSO
17  20.9  23.1   20:52  19.2   23:52   0.0   2.6   0.0   2.0   7.2   20:52     O
18  23.3  31.7   12:23  14.8   06:36   0.0   4.0   1.0   2.9  21.6   17:22   NNE
19  22.0  28.8   15:51  15.2   06:35   0.0   6.4   0.0   2.3  18.0   13:05   ESE
20  25.6  32.8   15:22  18.4   06:01   0.0   9.2   0.0   4.3  15.5   16:18     S
21  28.3  37.3   15:18  19.2   08:59   0.0   5.4  18.0   4.1  51.8   21:19   SSO
22  24.5  29.8   16:29  19.1   09:53   0.0   7.4   2.0   4.2  24.5   09:23   ENE
23  25.3  31.7   16:53  18.9   06:48   0.0   6.1   0.0   2.2  16.9   19:37     N
24  24.0  30.1   15:54  17.8   06:24   0.0   2.1   0.0   4.7  16.9   08:09   SSO
25  19.5  22.9   16:56  16.0   06:30   0.0   4.6   2.0   5.2  22.3   18:00    SO
26  24.0  29.2   16:10  18.7   09:05   0.0   6.3   0.0   4.5  21.6   14:01   ONO
27  25.9  31.3   15:09  20.5   03:51   0.0   2.8   0.0   5.6  23.0   14:03   SSO
28  20.0  24.3   10:02  15.6   06:06   0.0   2.2   5.0   3.9  24.5   10:28   NNO
29  20.7  25.0   16:34  16.3   06:07   0.0   3.6   0.0   2.5  17.6   18:51     N
30  21.0  27.2   14:21  14.7   06:55   0.0   4.0   0.0   4.5  16.2   15:06    SO
31  24.4  29.0   17:31  19.7   23:36   0.0   2.8   1.0   2.3  29.2   22:02     N
----------------------------------------------------------------------------------
    22.6  37.3    21    12.8     6     1.2 127.6  43.0   4.6  51.8    21     ONO

Max >=  30.0: 10
Max <=   0.0:  0
Min <= -10.0:  0
Min <= -18.0:  0
Max Rain: 18.0 on day 21
Days of Rain: 11 (>= 0.2 mm)  7 (>= 2.0 mm)  0 (>= 20.0 mm)
Heat Base: 18.3  Cool Base: 18.3  Method: Integration


Mise à jour : 18/10/2019 05:58:06
powered by Cumulus v3.0.0 (3043)