METEO Meyenheim

 Latitude N 47° 54' 42"    Longitude E 07° 21' 22"    Altitude 210 m

Rapports de type NOAA
Selectionner un rapport Annuel ou mensuel
V/Λ2019 > Janvier Février Mars Avril Mai Juin Juillet Août Septembre Octobre Novembre Décembre
V/Λ2018 > Janvier Février Mars Avril Mai Juin Juillet Août Septembre Octobre Novembre Décembre
V/Λ2017 > Janvier Février Mars Avril Mai Juin Juillet Août Septembre Octobre Novembre Décembre
V/Λ2016 > Janvier Février Mars Avril Mai Juin Juillet Août Septembre Octobre Novembre Décembre
V/Λ2015 > Janvier Février Mars Avril Mai Juin Juillet Août Septembre Octobre Novembre Décembre
V/Λ2014 > Janvier Février Mars Avril Mai Juin Juillet Août Septembre Octobre Novembre Décembre
V/Λ2013 > Janvier Février Mars Avril Mai Juin Juillet Août Septembre Octobre Novembre Décembre
V/Λ2012 > Janvier Février Mars Avril Mai Juin Juillet Août Septembre Octobre Novembre Décembre
V/Λ2011 > Janvier Février Mars Avril Mai Juin Juillet Août Septembre Octobre Novembre Décembre
V/Λ2010 > Janvier Février Mars Avril Mai Juin Juillet Août Septembre Octobre Novembre Décembre
V/Λ2009 > Janvier Février Mars Avril Mai Juin Juillet Août Septembre Octobre Novembre Décembre
V/Λ2008 > Janvier Février Mars Avril Mai Juin Juillet Août Septembre Octobre Novembre Décembre
V/Λ2007 > Janvier Février Mars Avril Mai Juin Juillet Août Septembre Octobre Novembre Décembre
V/Λ2006 > Janvier Février Mars Avril Mai Juin Juillet Août Septembre Octobre Novembre Décembre
V/Λ2005 > Janvier Février Mars Avril Mai Juin Juillet Août Septembre Octobre Novembre Décembre
V/Λ2004 > Janvier Février Mars Avril Mai Juin Juillet Août Septembre Octobre Novembre Décembre
V/Λ2003 > Janvier Février Mars Avril Mai Juin Juillet Août Septembre Octobre Novembre Décembre
V/Λ2002 > Janvier Février Mars Avril Mai Juin Juillet Août Septembre Octobre Novembre Décembre

Rapport pour Août 2003
                   Monthly Climatological Summary for août 2003

Name: IALSACEM4   City: Meyenheim   State: 
Elevation: 210 m  Lat: N 47° 54' 42"   Lon: E 007° 21' 22"

                  Temperature (°C), Rain (mm), Wind Speed (km/h)

                                      Heat  Cool        Avg
    Mean                              Deg   Deg         Wind                 Dom
Day Temp  High   Time   Low    Time   Days  Days  Rain  Speed High   Time    Dir
----------------------------------------------------------------------------------
 1  22.3  28.9   17:31  15.6   23:36   0.0   4.8   0.0   4.5  27.4   21:24     N
 2  25.2  33.3   17:24  17.0   06:58   0.0   7.3   0.0   1.1  12.6   18:32     N
 3  27.8  35.2   15:30  19.2   07:00   0.0   9.5   0.0   0.0   0.0   23:30     E
 4  28.8  36.3   16:30  20.6   07:00   0.0  10.5   0.0   2.0  19.3   17:30   NNE
 5  29.5  37.3   16:00  21.3   07:00   0.0  11.2   0.0   1.9  17.7   17:00   NNE
 6  28.7  35.3   16:00  21.9   07:00   0.0  10.4   0.0   3.6  22.5   16:00     N
 7  28.6  35.7   16:00  20.3   07:30   0.0  10.3   0.0   3.2  22.5   18:30     N
 8  28.6  38.1   15:30  19.9   07:00   0.0  10.3   0.0   1.0  24.1   19:00   ENE
 9  28.9  38.4   14:00  19.7   07:00   0.0  10.6   0.0   2.0  24.1   15:30   OSO
10  28.9  37.1   16:30  20.4   07:00   0.0  10.6   0.0   2.2  16.1   19:00     N
11  27.4  35.0   16:30  18.6   07:00   0.0   9.1   0.0   2.6  20.9   17:00   NNE
12  28.1  37.3   15:30  17.8   07:00   0.0   9.8   0.0   1.8  12.9   17:00    NE
13  29.5  40.7   14:30  20.3   06:30   0.0  11.2   0.0   3.0  22.5   16:00    SE
14  26.8  32.7   13:00  20.4   06:30   0.0   8.5   0.0   3.1  25.7   15:00   SSO
15  22.6  26.8   14:00  17.8   08:30   0.0   4.3   1.4   4.3  22.5   10:30   NNO
16  23.5  30.6   16:30  17.0   07:30   0.0   5.2   0.0   4.3  19.3   19:30     N
17  25.5  34.0   15:00  19.1   07:30   0.0   7.2   2.8   3.3  69.2   22:00   SSE
18  23.7  30.0   14:00  18.5   07:00   0.0   5.4   0.0   7.4  35.4   14:00    SO
19  24.5  31.2   15:00  17.6   07:30   0.0   6.2   0.0   1.8  16.1   18:30    NE
20  22.2  26.9   17:00  17.7   07:00   0.0   3.9   0.2   2.3  20.9   10:00     N
21  23.8  30.5   15:00  18.7   08:00   0.0   5.5   0.0   2.6  20.9   16:30    NO
22  24.2  31.7   16:00  15.9   07:30   0.0   5.9   0.0   2.7  30.6   17:30   OSO
23  23.0  30.1   16:00  14.8   07:30   0.0   4.7   0.0   3.6  20.9   19:00     N
24  23.2  30.0   15:30  16.1   07:00   0.0   4.9   0.0   4.6  20.9   23:30     N
25  22.3  27.7   17:00  15.9   07:30   0.0   4.0   0.0   8.7  27.4   17:30     N
26  23.9  31.4   16:30  15.0   07:30   0.0   5.6   0.0   2.5  17.7   16:00   NNE
27  22.9  30.0   15:00  14.6   07:30   0.0   4.6   0.0   2.6  17.7   20:00     N
28  21.2  29.7   16:00  14.9   07:30   0.0   2.9   6.0   3.7  32.2   23:00   NNO
29  20.0  27.2   14:30  17.1   07:30   0.0   1.7   6.6   7.0  46.7   16:30   SSO
30  18.7  24.1   13:00  15.1   05:00   0.0   0.4   3.8   6.3  32.2   11:30    SO
31  16.6  20.8   15:00  13.3   08:00   1.7   0.0   6.8   2.7  20.9   22:00     N
----------------------------------------------------------------------------------
    24.9  40.7    13    13.3    31     1.7 206.5  27.6   3.3  69.2    17     NNO

Max >=  30.0: 23
Max <=   0.0:  0
Min <= -10.0:  0
Min <= -18.0:  0
Max Rain: 6.8 on day 31
Days of Rain: 7 (>= 0.2 mm)  5 (>= 2.0 mm)  0 (>= 20.0 mm)
Heat Base: 18.3  Cool Base: 18.3  Method: Integration


Mise à jour : 18/10/2019 06:11:06
powered by Cumulus v3.0.0 (3043)