METEO Meyenheim

 Latitude N 47° 54' 42"    Longitude E 07° 21' 22"    Altitude 210 m

Rapports de type NOAA
Selectionner un rapport Annuel ou mensuel
V/Λ2019 > Janvier Février Mars Avril Mai Juin Juillet Août Septembre Octobre Novembre Décembre
V/Λ2018 > Janvier Février Mars Avril Mai Juin Juillet Août Septembre Octobre Novembre Décembre
V/Λ2017 > Janvier Février Mars Avril Mai Juin Juillet Août Septembre Octobre Novembre Décembre
V/Λ2016 > Janvier Février Mars Avril Mai Juin Juillet Août Septembre Octobre Novembre Décembre
V/Λ2015 > Janvier Février Mars Avril Mai Juin Juillet Août Septembre Octobre Novembre Décembre
V/Λ2014 > Janvier Février Mars Avril Mai Juin Juillet Août Septembre Octobre Novembre Décembre
V/Λ2013 > Janvier Février Mars Avril Mai Juin Juillet Août Septembre Octobre Novembre Décembre
V/Λ2012 > Janvier Février Mars Avril Mai Juin Juillet Août Septembre Octobre Novembre Décembre
V/Λ2011 > Janvier Février Mars Avril Mai Juin Juillet Août Septembre Octobre Novembre Décembre
V/Λ2010 > Janvier Février Mars Avril Mai Juin Juillet Août Septembre Octobre Novembre Décembre
V/Λ2009 > Janvier Février Mars Avril Mai Juin Juillet Août Septembre Octobre Novembre Décembre
V/Λ2008 > Janvier Février Mars Avril Mai Juin Juillet Août Septembre Octobre Novembre Décembre
V/Λ2007 > Janvier Février Mars Avril Mai Juin Juillet Août Septembre Octobre Novembre Décembre
V/Λ2006 > Janvier Février Mars Avril Mai Juin Juillet Août Septembre Octobre Novembre Décembre
V/Λ2005 > Janvier Février Mars Avril Mai Juin Juillet Août Septembre Octobre Novembre Décembre
V/Λ2004 > Janvier Février Mars Avril Mai Juin Juillet Août Septembre Octobre Novembre Décembre
V/Λ2003 > Janvier Février Mars Avril Mai Juin Juillet Août Septembre Octobre Novembre Décembre
V/Λ2002 > Janvier Février Mars Avril Mai Juin Juillet Août Septembre Octobre Novembre Décembre

Rapport pour Septembre 2003
                   Monthly Climatological Summary for sept. 2003

Name: IALSACEM4   City: Meyenheim   State: 
Elevation: 210 m  Lat: N 47° 54' 42"   Lon: E 007° 21' 22"

                  Temperature (°C), Rain (mm), Wind Speed (km/h)

                                      Heat  Cool        Avg
    Mean                              Deg   Deg         Wind                 Dom
Day Temp  High   Time   Low    Time   Days  Days  Rain  Speed High   Time    Dir
----------------------------------------------------------------------------------
 1  14.5  19.0   18:00   9.4   07:00   3.8   0.0   0.0   1.6  12.9   16:30     N
 2  13.9  19.1   16:30   8.0   07:00   4.4   0.0   0.0   5.1  29.0   16:00     N
 3  14.2  20.8   17:00   7.6   07:30   4.1   0.0   0.0   9.6  32.2   16:00     E
 4  16.0  24.1   16:00   7.3   07:30   2.3   0.0   0.0   3.0  14.5   13:30     N
 5  17.0  26.2   15:00   8.4   07:00   1.3   0.0   0.0   1.5  17.7   19:30   SSO
 6  18.1  23.4   17:00  14.6   07:30   0.2   0.0   2.4   2.6  27.4   12:30     S
 7  19.2  24.9   15:00  14.8   07:30   0.0   0.9  11.6   2.2  37.0   22:30   ONO
 8  17.1  21.2   17:00  14.2   23:30   1.2   0.0  10.0   1.9  56.3   00:00     E
 9  15.5  20.1   15:00  12.3   08:30   2.8   0.0   1.6   4.8  32.2   17:00     N
10  16.1  21.3   13:00  13.1   07:30   2.2   0.0   0.0   5.3  35.4   22:30    SO
11  16.3  20.7   17:00  13.3   23:30   2.0   0.0   2.6   6.1  29.0   01:30     O
12  15.9  23.2   15:30   9.8   06:00   2.4   0.0   0.0   1.7  14.5   13:30   ENE
13  15.3  21.2   17:00  10.1   07:30   3.0   0.0   0.0   5.1  25.7   19:30     N
14  15.2  21.9   17:00   8.9   07:30   3.1   0.0   0.0  10.2  40.2   14:30     N
15  16.2  22.8   16:30   9.7   08:00   2.1   0.0   0.0   3.4  17.7   15:00     N
16  16.6  24.9   16:00   8.3   07:00   1.7   0.0   0.0   1.8  14.5   15:00     N
17  17.2  25.8   16:30   8.9   08:00   1.1   0.0   0.0   1.0  11.3   17:30     N
18  18.2  28.2   15:30   9.1   07:30   0.1   0.0   0.2   1.4  14.5   17:00     S
19  20.3  29.6   15:30  11.9   07:30   0.0   2.0   0.0   2.2  17.7   11:30   SSO
20  19.9  29.4   15:00  11.3   07:30   0.0   1.6   0.0   0.9   9.7   16:00    SO
21  20.7  29.4   15:30  12.9   08:00   0.0   2.4   0.0   1.6  12.9   14:30   SSO
22  20.3  27.9   16:00  12.9   07:30   0.0   2.0   0.0   5.3  41.8   23:00   SSO
23  16.0  19.8   01:00   9.9   23:30   2.3   0.0   2.4   5.5  35.4   08:30   SSO
24  11.1  15.9   17:00   7.1   03:00   7.2   0.0   0.2   8.9  33.8   14:30     N
25  12.8  20.0   16:30   6.6   07:30   5.5   0.0   0.0   4.0  20.9   01:00     N
26  16.3  24.7   15:00   8.5   06:30   2.0   0.0   0.0   4.2  32.2   15:30    SO
27  15.2  21.7   16:00   9.8   06:30   3.1   0.0   0.0   1.5  16.1   14:00     N
28  14.0  15.5   16:30  12.2   08:00   4.3   0.0   8.8   1.9  14.5   14:30     S
29  13.5  18.4   16:00   9.1   08:00   4.8   0.0   0.4   2.3  14.5   17:30   NNO
30  11.1  18.1   16:30   4.3   08:00   7.2   0.0   0.2   1.6  11.3   17:30     N
----------------------------------------------------------------------------------
    16.1  29.6    19     4.3    30    74.2   8.9  40.4   3.6  56.3     8     NNO

Max >=  30.0:  0
Max <=   0.0:  0
Min <= -10.0:  0
Min <= -18.0:  0
Max Rain: 11.6 on day 7
Days of Rain: 11 (>= 0.2 mm)  6 (>= 2.0 mm)  0 (>= 20.0 mm)
Heat Base: 18.3  Cool Base: 18.3  Method: Integration


Mise à jour : 18/10/2019 06:23:06
powered by Cumulus v3.0.0 (3043)