METEO Meyenheim

 Latitude N 47° 54' 42"    Longitude E 07° 21' 22"    Altitude 210 m

Rapports de type NOAA
Selectionner un rapport Annuel ou mensuel
V/Λ2019 > Janvier Février Mars Avril Mai Juin Juillet Août Septembre Octobre Novembre Décembre
V/Λ2018 > Janvier Février Mars Avril Mai Juin Juillet Août Septembre Octobre Novembre Décembre
V/Λ2017 > Janvier Février Mars Avril Mai Juin Juillet Août Septembre Octobre Novembre Décembre
V/Λ2016 > Janvier Février Mars Avril Mai Juin Juillet Août Septembre Octobre Novembre Décembre
V/Λ2015 > Janvier Février Mars Avril Mai Juin Juillet Août Septembre Octobre Novembre Décembre
V/Λ2014 > Janvier Février Mars Avril Mai Juin Juillet Août Septembre Octobre Novembre Décembre
V/Λ2013 > Janvier Février Mars Avril Mai Juin Juillet Août Septembre Octobre Novembre Décembre
V/Λ2012 > Janvier Février Mars Avril Mai Juin Juillet Août Septembre Octobre Novembre Décembre
V/Λ2011 > Janvier Février Mars Avril Mai Juin Juillet Août Septembre Octobre Novembre Décembre
V/Λ2010 > Janvier Février Mars Avril Mai Juin Juillet Août Septembre Octobre Novembre Décembre
V/Λ2009 > Janvier Février Mars Avril Mai Juin Juillet Août Septembre Octobre Novembre Décembre
V/Λ2008 > Janvier Février Mars Avril Mai Juin Juillet Août Septembre Octobre Novembre Décembre
V/Λ2007 > Janvier Février Mars Avril Mai Juin Juillet Août Septembre Octobre Novembre Décembre
V/Λ2006 > Janvier Février Mars Avril Mai Juin Juillet Août Septembre Octobre Novembre Décembre
V/Λ2005 > Janvier Février Mars Avril Mai Juin Juillet Août Septembre Octobre Novembre Décembre
V/Λ2004 > Janvier Février Mars Avril Mai Juin Juillet Août Septembre Octobre Novembre Décembre
V/Λ2003 > Janvier Février Mars Avril Mai Juin Juillet Août Septembre Octobre Novembre Décembre
V/Λ2002 > Janvier Février Mars Avril Mai Juin Juillet Août Septembre Octobre Novembre Décembre

Rapport pour Octobre 2003
                   Monthly Climatological Summary for oct. 2003

Name: IALSACEM4   City: Meyenheim   State: 
Elevation: 210 m  Lat: N 47° 54' 42"   Lon: E 007° 21' 22"

                  Temperature (°C), Rain (mm), Wind Speed (km/h)

                                      Heat  Cool        Avg
    Mean                              Deg   Deg         Wind                 Dom
Day Temp  High   Time   Low    Time   Days  Days  Rain  Speed High   Time    Dir
----------------------------------------------------------------------------------
 1  11.1  13.9   23:59   8.5   04:59   7.2   0.0   6.0   2.1  14.8   21:29    SO
 2  12.3  14.9   08:59   9.7   09:03   0.4   0.0   6.0   4.8  20.2   21:18    SO
 3  19.2  23.5   16:55  14.9   00:56   1.3   0.0  21.0   6.1  21.6   10:23   SSO
 4  17.2  20.5   17:35  13.8   05:42   4.5   0.0   1.0   5.1  23.0   02:14   SSO
 5  12.1  15.5   12:24   8.7   08:25   8.3   0.0   5.0   2.2  19.4   09:06    NO
 6   8.6  11.3   12:58   5.8   06:01   8.5   0.0   1.0  10.5  20.2   08:42    SO
 7  10.9  13.5   16:59   8.3   09:02   9.0   0.0   2.0  12.6  38.2   20:41    SO
 8   8.5  11.5   15:54   5.4   07:55   9.1   0.0  15.0  11.4  33.8   16:52    SO
 9  10.1  13.1   14:37   7.0   09:02   5.4   0.0   0.0   5.9  29.9   20:21    SO
10  12.8  15.4   13:33  10.1   08:19   4.5   0.0   0.0   5.7  16.9   18:21   OSO
11  13.1  17.9   13:36   8.3   05:08   5.6   0.0   0.0   2.5  23.0   13:36   OSO
12  13.6  17.9   16:33   9.3   09:02   5.4   0.0   0.0   5.7  14.0   06:41     N
13  11.7  17.2   15:38   6.2   08:23   7.4   0.0   0.0   3.8  21.6   16:14     N
14  11.6  16.2   16:48   6.9   07:12   8.5   0.0   0.0   7.2  15.5   17:46     N
15   9.3  14.9   17:06   3.7   08:10  10.1   0.0   0.0  10.8  19.4   16:35     N
16   8.2  13.8   16:40   2.5   08:01  10.8   0.0   0.0   9.9  27.0   16:53     N
17   7.3  13.2   15:59   1.4   08:11  12.1   0.0   0.0   6.2  28.4   17:58     N
18   6.3  11.9   17:15   0.7   08:23  13.2   0.0   0.0   3.9  21.6   14:42     N
19   4.7  10.2   17:00  -0.9   07:37  12.8   0.0   0.0   1.6  15.5   15:51   NNO
20   5.9  11.6   16:12   0.2   09:00  11.4   0.0   6.0   3.3  11.2   16:32     N
21   6.7   8.3   16:42   5.0   08:59  12.3   0.0  35.0   6.4  20.2   03:51   OSO
22   4.9   9.1   13:07   0.6   08:27  13.2   0.0   0.0   3.4  18.7   12:50     N
23   5.3   9.7   16:28   0.9   09:00  15.2   0.0   0.0   7.4  16.2   02:44     N
24   2.0   4.4   15:16  -0.5   08:59  17.3   0.0  12.0   7.3  24.5   02:25     N
25   0.7   4.1   16:57  -2.8   08:22  16.8   0.0   1.0   4.1  20.9   09:44   SSO
26   2.1   6.6   16:35  -2.4   09:04  15.0   0.0   0.0   3.1  20.2   16:32     S
27   2.4   8.0   14:29  -3.2   07:10  16.2   0.0   0.0   2.7  16.2   09:17     N
28   2.8   8.7   15:42  -3.2   07:47  15.0   0.0   0.0   1.3  18.0   14:04   SSO
29   4.0   9.2   14:23  -1.3   09:00  11.4   0.0   0.0   6.7  19.4   04:04   SSO
30   6.8   9.8   14:51   3.8   22:44  11.8   0.0   1.0   7.7  29.9   06:04   SSO
31   7.7  10.2   12:15   5.2   00:05  10.4   0.0   4.0   4.5  30.6   10:34   SSO
----------------------------------------------------------------------------------
     8.4  23.5     3    -3.2    27   310.1   0.0 116.0   5.7  38.2     7       O

Max >=  30.0:  0
Max <=   0.0:  0
Min <= -10.0:  0
Min <= -18.0:  0
Max Rain: 35.0 on day 21
Days of Rain: 14 (>= 0.2 mm)  10 (>= 2.0 mm)  2 (>= 20.0 mm)
Heat Base: 18.3  Cool Base: 18.3  Method: Integration


Mise à jour : 21/08/2019 06:40:18
powered by Cumulus v3.0.0 (3043)