METEO Meyenheim

 Latitude N 47° 54' 42"    Longitude E 07° 21' 22"    Altitude 210 m

Rapports de type NOAA
Selectionner un rapport Annuel ou mensuel
V/Λ2019 > Janvier Février Mars Avril Mai Juin Juillet Août Septembre Octobre Novembre Décembre
V/Λ2018 > Janvier Février Mars Avril Mai Juin Juillet Août Septembre Octobre Novembre Décembre
V/Λ2017 > Janvier Février Mars Avril Mai Juin Juillet Août Septembre Octobre Novembre Décembre
V/Λ2016 > Janvier Février Mars Avril Mai Juin Juillet Août Septembre Octobre Novembre Décembre
V/Λ2015 > Janvier Février Mars Avril Mai Juin Juillet Août Septembre Octobre Novembre Décembre
V/Λ2014 > Janvier Février Mars Avril Mai Juin Juillet Août Septembre Octobre Novembre Décembre
V/Λ2013 > Janvier Février Mars Avril Mai Juin Juillet Août Septembre Octobre Novembre Décembre
V/Λ2012 > Janvier Février Mars Avril Mai Juin Juillet Août Septembre Octobre Novembre Décembre
V/Λ2011 > Janvier Février Mars Avril Mai Juin Juillet Août Septembre Octobre Novembre Décembre
V/Λ2010 > Janvier Février Mars Avril Mai Juin Juillet Août Septembre Octobre Novembre Décembre
V/Λ2009 > Janvier Février Mars Avril Mai Juin Juillet Août Septembre Octobre Novembre Décembre
V/Λ2008 > Janvier Février Mars Avril Mai Juin Juillet Août Septembre Octobre Novembre Décembre
V/Λ2007 > Janvier Février Mars Avril Mai Juin Juillet Août Septembre Octobre Novembre Décembre
V/Λ2006 > Janvier Février Mars Avril Mai Juin Juillet Août Septembre Octobre Novembre Décembre
V/Λ2005 > Janvier Février Mars Avril Mai Juin Juillet Août Septembre Octobre Novembre Décembre
V/Λ2004 > Janvier Février Mars Avril Mai Juin Juillet Août Septembre Octobre Novembre Décembre
V/Λ2003 > Janvier Février Mars Avril Mai Juin Juillet Août Septembre Octobre Novembre Décembre
V/Λ2002 > Janvier Février Mars Avril Mai Juin Juillet Août Septembre Octobre Novembre Décembre

Rapport pour Novembre 2003
                   Monthly Climatological Summary for nov. 2003

Name: IALSACEM4   City: Meyenheim   State: 
Elevation: 210 m  Lat: N 47° 54' 42"   Lon: E 007° 21' 22"

                  Temperature (°C), Rain (mm), Wind Speed (km/h)

                                      Heat  Cool        Avg
    Mean                              Deg   Deg         Wind                 Dom
Day Temp  High   Time   Low    Time   Days  Days  Rain  Speed High   Time    Dir
----------------------------------------------------------------------------------
 1   8.5  10.2   14:29   6.8   07:41   8.9   0.0   6.0   5.9  21.6   22:28   SSO
 2   9.0  13.5   13:59   4.4   08:01   9.3   0.0   0.0   5.6  20.2   14:38   SSO
 3   9.7  12.1   15:35   7.2   09:00   6.8   0.0   0.0   8.9  36.0   03:11   SSO
 4  10.7  16.4   13:29   5.0   07:28   8.8   0.0   0.0   2.7  31.3   10:42   SSO
 5   9.2  14.8   15:10   3.5   04:51  13.3   0.0   0.0   1.2  11.9   08:05     N
 6   4.0   7.5   14:41   0.4   08:31  15.3   0.0   0.0   2.3  11.9   14:58     N
 7   2.9   4.8   22:16   0.9   09:09  12.9   0.0   0.0  12.1  28.4   08:32     N
 8   5.4   9.7   15:18   1.0   07:50  14.5   0.0   0.0   3.5  29.9   11:52     N
 9   3.6   7.0   14:39   0.2   03:13  13.1   0.0   0.0   1.5  17.6   09:12     S
10   6.7  11.0   14:33   2.4   09:00  12.4   0.0   0.0   0.9  12.6   11:43     N
11   5.9  10.0   15:09   1.7   01:32  14.3   0.0   0.0   0.9  12.6   14:28     N
12   4.6   5.1   14:16   4.1   03:36  13.1   0.0   0.0   0.9  10.8   16:28     N
13   5.4   6.4   08:59   4.3   09:18  10.9   0.0   6.0   1.1  11.2   16:52     N
14   5.8  11.0   12:41   0.6   07:15  12.6   0.0   0.0   4.9  12.6   20:16   SSO
15   5.5   9.3   15:00   1.7   09:02   9.7   0.0   0.0   3.0  25.6   20:02   SSO
16   8.8  12.6   13:42   4.9   02:23  10.4   0.0   1.0   4.6  13.3   13:15   SSO
17   8.0  10.6   14:54   5.4   08:16  11.8   0.0   6.0   2.4  20.2   20:53     S
18   6.2   9.7   13:41   2.6   00:19  11.9   0.0   0.0   6.3  24.5   07:52   SSO
19   6.8  10.1   13:58   3.4   00:23  11.5   0.0   0.0   1.1  24.5   15:06   OSO
20   6.9   8.3   15:27   5.4   08:50  10.1   0.0   0.0   3.7  11.9   07:58   SSO
21   8.5  13.6   14:27   3.3   07:57  10.8   0.0   0.0   1.6  19.4   16:16   SSO
22   9.1  14.0   13:23   4.1   09:01   9.0   0.0   0.0   1.7  14.0   12:44   SSO
23   9.1  13.7   13:59   4.4   07:42  10.0   0.0   0.0   0.8  11.9   14:27     S
24   8.8  12.5   14:52   5.1   08:45  10.4   0.0   0.0   0.5  11.9   03:56   ONO
25   8.3  11.3   14:58   5.3   09:00   8.8   0.0   0.0   6.3  18.7   08:44     S
26   9.2  13.4   15:46   5.0   08:02  10.0   0.0   0.0   5.3  18.0   14:34   SSO
27   9.1  12.5   14:34   5.6   09:03  11.6   0.0   1.0   3.0  17.6   20:56   SSO
28   6.2   7.6   15:18   4.8   00:42  12.9   0.0  17.0   0.5  16.9   22:36     S
29   4.9   6.1   14:35   3.6   08:32  13.6   0.0   1.0   2.3  10.8   00:30   SSO
30   5.7   7.8   12:42   3.6   02:58  11.8   0.0   0.0   6.5  19.4   08:42   SSO
----------------------------------------------------------------------------------
     7.1  16.4     4     0.2     9   340.5   0.0  38.0   3.4  36.0     3     SSO

Max >=  30.0:  0
Max <=   0.0:  0
Min <= -10.0:  0
Min <= -18.0:  0
Max Rain: 17.0 on day 28
Days of Rain: 7 (>= 0.2 mm)  4 (>= 2.0 mm)  0 (>= 20.0 mm)
Heat Base: 18.3  Cool Base: 18.3  Method: Integration


Mise à jour : 21/08/2019 06:51:18
powered by Cumulus v3.0.0 (3043)