METEO Meyenheim

 Latitude N 47° 54' 42"    Longitude E 07° 21' 22"    Altitude 210 m

Rapports de type NOAA
Selectionner un rapport Annuel ou mensuel
V/Λ2019 > Janvier Février Mars Avril Mai Juin Juillet Août Septembre Octobre Novembre Décembre
V/Λ2018 > Janvier Février Mars Avril Mai Juin Juillet Août Septembre Octobre Novembre Décembre
V/Λ2017 > Janvier Février Mars Avril Mai Juin Juillet Août Septembre Octobre Novembre Décembre
V/Λ2016 > Janvier Février Mars Avril Mai Juin Juillet Août Septembre Octobre Novembre Décembre
V/Λ2015 > Janvier Février Mars Avril Mai Juin Juillet Août Septembre Octobre Novembre Décembre
V/Λ2014 > Janvier Février Mars Avril Mai Juin Juillet Août Septembre Octobre Novembre Décembre
V/Λ2013 > Janvier Février Mars Avril Mai Juin Juillet Août Septembre Octobre Novembre Décembre
V/Λ2012 > Janvier Février Mars Avril Mai Juin Juillet Août Septembre Octobre Novembre Décembre
V/Λ2011 > Janvier Février Mars Avril Mai Juin Juillet Août Septembre Octobre Novembre Décembre
V/Λ2010 > Janvier Février Mars Avril Mai Juin Juillet Août Septembre Octobre Novembre Décembre
V/Λ2009 > Janvier Février Mars Avril Mai Juin Juillet Août Septembre Octobre Novembre Décembre
V/Λ2008 > Janvier Février Mars Avril Mai Juin Juillet Août Septembre Octobre Novembre Décembre
V/Λ2007 > Janvier Février Mars Avril Mai Juin Juillet Août Septembre Octobre Novembre Décembre
V/Λ2006 > Janvier Février Mars Avril Mai Juin Juillet Août Septembre Octobre Novembre Décembre
V/Λ2005 > Janvier Février Mars Avril Mai Juin Juillet Août Septembre Octobre Novembre Décembre
V/Λ2004 > Janvier Février Mars Avril Mai Juin Juillet Août Septembre Octobre Novembre Décembre
V/Λ2003 > Janvier Février Mars Avril Mai Juin Juillet Août Septembre Octobre Novembre Décembre
V/Λ2002 > Janvier Février Mars Avril Mai Juin Juillet Août Septembre Octobre Novembre Décembre

Rapport pour Décembre 2003
                   Monthly Climatological Summary for déc. 2003

Name: IALSACEM4   City: Meyenheim   State: 
Elevation: 210 m  Lat: N 47° 54' 42"   Lon: E 007° 21' 22"

                  Temperature (°C), Rain (mm), Wind Speed (km/h)

                                      Heat  Cool        Avg
    Mean                              Deg   Deg         Wind                 Dom
Day Temp  High   Time   Low    Time   Days  Days  Rain  Speed High   Time    Dir
----------------------------------------------------------------------------------
 1   7.2   8.7   14:52   5.7   08:59  11.9   0.0   0.0   1.9  20.9   09:40     N
 2   6.1   7.4   14:50   4.8   23:54  12.2   0.0   0.0   2.3  13.3   18:31   NNE
 3   6.1   7.5   14:07   4.7   08:43  13.2   0.0   0.0   5.8  14.0   11:58     N
 4   4.8   5.2   15:58   4.3   05:42  13.4   0.0   0.0   6.6  24.8   20:31     N
 5   5.1   5.8   16:23   4.3   08:59  13.6   0.0   0.0   2.1  20.2   11:01   NNO
 6   4.1   5.1   18:06   3.0   08:59  14.7   0.0   0.0   6.2  15.5   13:03     N
 7   1.4   4.4   12:51  -1.6   08:13  17.8   0.0   1.0  12.4  28.4   21:37     N
 8  -0.6   3.3   14:37  -4.4   08:00  20.2   0.0   0.0   1.0  28.4   14:58   NNE
 9  -1.9   1.7   15:02  -5.4   08:41  20.8   0.0   0.0   1.4  10.1   10:52    SE
10  -1.9   1.4   14:52  -5.2   09:10  19.4   0.0   0.0   4.7  14.0   07:49     S
11  -0.3   2.7   17:13  -3.3   09:04  15.0   0.0   0.0   9.5  26.3   18:49     S
12   4.0   8.0   13:00  -0.1   09:01  11.1   0.0   0.0   5.7  29.2   00:40   SSO
13   6.9   9.6   08:20   4.1   09:10   8.5   0.0   0.0  13.4  30.6   08:12   SSO
14  10.4  12.3   15:40   8.5   09:02   9.6   0.0   1.0  10.4  38.2   16:35    SO
15   7.3  11.0   11:31   3.5   08:40  14.3   0.0   1.0   6.2  36.0   14:15     O
16   2.3   5.5   13:37  -1.0   08:33  16.9   0.0   0.0   2.0  23.0   13:47   SSO
17   1.9   4.9   14:43  -1.2   03:59  17.7   0.0   0.0   1.5  13.3   14:43   NNO
18   0.3   3.5   14:53  -3.0   08:48  18.5   0.0   0.0   1.1  11.2   13:53     S
19   0.5   3.9   15:28  -2.9   09:05  15.1   0.0   0.0   6.9  19.4   05:27     S
20   4.9   7.8   15:36   2.0   09:11  11.7   0.0   0.0  10.1  20.2   16:19   SSO
21   7.1   9.6   14:36   4.6   09:34  11.4   0.0   9.0  10.7  33.8   08:00    SO
22   4.9   8.0   13:23   1.7   08:00  16.5   0.0   0.0   4.1  37.4   13:48    NO
23   0.1   3.8   13:42  -3.6   05:35  19.3   0.0   1.0   5.4  20.9   15:00     S
24  -1.0   2.2   14:10  -4.1   08:45  20.2   0.0   0.0   3.7  17.6   14:11   SSO
25  -1.6   0.9   14:52  -4.0   08:46  19.8   0.0   0.0   3.0  12.6   10:58   SSO
26  -0.7   2.6   15:13  -3.9   09:05  17.0   0.0   0.0   5.0  13.3   07:54   SSO
27   1.9   5.6   15:06  -1.8   09:08  14.1   0.0   0.0   9.5  21.6   02:35     S
28   5.5   8.6   13:24   2.3   09:02  13.1   0.0   2.0   8.9  30.6   14:19   SSO
29   4.8   8.9   15:03   0.6   08:59  16.3   0.0   3.0   6.0  44.3   15:19    SO
30   1.8   5.0   13:41  -1.5   04:24  18.1   0.0   0.0   6.0  18.0   19:15     N
31   0.5   1.6   14:17  -0.7   09:19  17.7   0.0   0.0  10.5  20.9   08:55     N
----------------------------------------------------------------------------------
     3.0  12.3    14    -5.4     9   479.1   0.0  18.0   5.9  44.3    29      SO

Max >=  30.0:  0
Max <=   0.0:  0
Min <= -10.0:  0
Min <= -18.0:  0
Max Rain: 9.0 on day 21
Days of Rain: 7 (>= 0.2 mm)  3 (>= 2.0 mm)  0 (>= 20.0 mm)
Heat Base: 18.3  Cool Base: 18.3  Method: Integration


Mise à jour : 05/12/2019 23:13:14
powered by Cumulus v3.0.0 (3043)