METEO Meyenheim

 Latitude N 47° 54' 42"    Longitude E 07° 21' 22"    Altitude 210 m

Rapports de type NOAA
Selectionner un rapport Annuel ou mensuel
V/Λ2019 > Janvier Février Mars Avril Mai Juin Juillet Août Septembre Octobre Novembre Décembre
V/Λ2018 > Janvier Février Mars Avril Mai Juin Juillet Août Septembre Octobre Novembre Décembre
V/Λ2017 > Janvier Février Mars Avril Mai Juin Juillet Août Septembre Octobre Novembre Décembre
V/Λ2016 > Janvier Février Mars Avril Mai Juin Juillet Août Septembre Octobre Novembre Décembre
V/Λ2015 > Janvier Février Mars Avril Mai Juin Juillet Août Septembre Octobre Novembre Décembre
V/Λ2014 > Janvier Février Mars Avril Mai Juin Juillet Août Septembre Octobre Novembre Décembre
V/Λ2013 > Janvier Février Mars Avril Mai Juin Juillet Août Septembre Octobre Novembre Décembre
V/Λ2012 > Janvier Février Mars Avril Mai Juin Juillet Août Septembre Octobre Novembre Décembre
V/Λ2011 > Janvier Février Mars Avril Mai Juin Juillet Août Septembre Octobre Novembre Décembre
V/Λ2010 > Janvier Février Mars Avril Mai Juin Juillet Août Septembre Octobre Novembre Décembre
V/Λ2009 > Janvier Février Mars Avril Mai Juin Juillet Août Septembre Octobre Novembre Décembre
V/Λ2008 > Janvier Février Mars Avril Mai Juin Juillet Août Septembre Octobre Novembre Décembre
V/Λ2007 > Janvier Février Mars Avril Mai Juin Juillet Août Septembre Octobre Novembre Décembre
V/Λ2006 > Janvier Février Mars Avril Mai Juin Juillet Août Septembre Octobre Novembre Décembre
V/Λ2005 > Janvier Février Mars Avril Mai Juin Juillet Août Septembre Octobre Novembre Décembre
V/Λ2004 > Janvier Février Mars Avril Mai Juin Juillet Août Septembre Octobre Novembre Décembre
V/Λ2003 > Janvier Février Mars Avril Mai Juin Juillet Août Septembre Octobre Novembre Décembre
V/Λ2002 > Janvier Février Mars Avril Mai Juin Juillet Août Septembre Octobre Novembre Décembre

Rapport pour Mars 2004
                   Monthly Climatological Summary for mars 2004

Name: IALSACEM4   City: Meyenheim   State: 
Elevation: 210 m  Lat: N 47° 54' 42"   Lon: E 007° 21' 22"

                  Temperature (°C), Rain (mm), Wind Speed (km/h)

                                      Heat  Cool        Avg
    Mean                              Deg   Deg         Wind                 Dom
Day Temp  High   Time   Low    Time   Days  Days  Rain  Speed High   Time    Dir
----------------------------------------------------------------------------------
 1   0.3   4.1   14:23  -3.6   02:48  19.5   0.0   0.0   8.3  18.7   10:38     N
 2  -0.8   2.9   14:13  -4.5   07:11  16.3   0.0   0.0   2.9  31.3   15:38   SSO
 3  -0.3   3.5   14:52  -4.1   07:22  16.8   0.0   0.0   2.1  15.5   12:27     S
 4   2.7   8.8   15:11  -3.4   06:20  16.0   0.0   0.0   1.6  12.6   09:54   OSO
 5   3.0   6.8   16:42  -0.9   03:47  13.3   0.0   0.0   2.1  11.2   16:54   SSO
 6   3.1   5.0   08:59   1.1   09:05  13.8   0.0   1.0   4.2  15.5   05:40   SSO
 7   4.8   8.0   13:15   1.5   08:03  15.9   0.0   0.0   2.6  18.0   17:25     N
 8   4.9   9.3   12:11   0.5   01:09  16.5   0.0   0.0   6.9  18.0   15:23     N
 9   1.7   6.6   14:58  -3.2   07:33  17.6   0.0   1.0   5.5  26.3   12:13     N
10   2.5   7.0   16:25  -2.1   07:35  17.7   0.0   0.0   7.2  21.6   18:17   ESE
11   1.5   4.4   15:22  -1.5   09:07  16.0   0.0   0.0   1.8  20.9   09:00    SO
12   0.4   3.9   15:54  -3.2   03:12  12.2   0.0   0.0   3.0  12.6   13:42   SSO
13   3.8   7.8   13:02  -0.2   09:00   9.7   0.0   4.0   8.1  19.4   08:22     S
14   6.3   7.7   12:31   4.8   07:35   8.2   0.0  11.0   7.2  19.4   12:35   SSO
15   8.8  13.5   16:06   4.1   07:26   7.2   0.0   0.0   6.2  23.8   14:30   SSO
16  10.7  17.3   15:15   4.0   07:28   7.6   0.0   0.0   2.3  21.6   15:45   SSO
17  11.3  18.6   14:29   4.0   05:04   5.2   0.0   0.0   3.9  12.6   12:44   SSO
18  14.9  22.7   16:08   7.1   06:21   3.6   0.0   0.0   6.3  16.2   15:42   SSO
19  16.7  22.1   15:36  11.3   09:01   4.7   0.0   0.0  11.1  29.2   13:39    SO
20  13.0  15.6   17:05  10.3   01:28   5.5   0.0   0.0  15.5  39.2   06:59    SO
21  12.6  14.7   21:39  10.4   08:36   6.9   0.0   0.0  13.3  51.8   18:01    SO
22   9.8  14.2   11:22   5.3   07:52  10.8   0.0   1.0   8.5  34.6   11:14    SO
23   7.5  11.7   14:28   3.3   06:27  12.7   0.0   0.0   5.3  32.0   14:59   NNO
24   6.8   9.7   16:04   3.8   07:57  13.1   0.0   1.0   7.4  24.8   18:54     N
25   5.5   7.8   15:44   3.1   07:08  14.0   0.0   1.0   7.9  40.7   13:56     N
26   3.7   6.7   15:58   0.7   07:03  15.5   0.0   0.0   8.8  24.5   07:39     N
27   1.8   5.8   14:44  -2.2   05:44  15.1   0.0   0.0   8.0  33.8   10:28     N
28   3.1   8.7   16:13  -2.5   07:27  13.3   0.0   0.0   2.4  24.8   14:16     N
29   5.5  11.9   17:49  -1.0   07:58  13.0   0.0   0.0   7.6  14.8   14:49     N
30   8.5  15.6   17:30   1.4   09:02   7.9   0.0   0.0   7.3  32.0   06:04     N
31  10.4  17.2   17:24   3.5   07:56   6.1   0.0   0.0   2.9  20.9   13:42   NNO
----------------------------------------------------------------------------------
     6.0  22.7    18    -4.5     2   371.7   0.0  20.0   6.1  51.8    21       O

Max >=  30.0:  0
Max <=   0.0:  0
Min <= -10.0:  0
Min <= -18.0:  0
Max Rain: 11.0 on day 14
Days of Rain: 7 (>= 0.2 mm)  2 (>= 2.0 mm)  0 (>= 20.0 mm)
Heat Base: 18.3  Cool Base: 18.3  Method: Integration


Mise à jour : 18/10/2019 05:36:06
powered by Cumulus v3.0.0 (3043)