METEO Meyenheim

 Latitude N 47° 54' 42"    Longitude E 07° 21' 22"    Altitude 210 m

Rapports de type NOAA
Selectionner un rapport Annuel ou mensuel
V/Λ2019 > Janvier Février Mars Avril Mai Juin Juillet Août Septembre Octobre Novembre Décembre
V/Λ2018 > Janvier Février Mars Avril Mai Juin Juillet Août Septembre Octobre Novembre Décembre
V/Λ2017 > Janvier Février Mars Avril Mai Juin Juillet Août Septembre Octobre Novembre Décembre
V/Λ2016 > Janvier Février Mars Avril Mai Juin Juillet Août Septembre Octobre Novembre Décembre
V/Λ2015 > Janvier Février Mars Avril Mai Juin Juillet Août Septembre Octobre Novembre Décembre
V/Λ2014 > Janvier Février Mars Avril Mai Juin Juillet Août Septembre Octobre Novembre Décembre
V/Λ2013 > Janvier Février Mars Avril Mai Juin Juillet Août Septembre Octobre Novembre Décembre
V/Λ2012 > Janvier Février Mars Avril Mai Juin Juillet Août Septembre Octobre Novembre Décembre
V/Λ2011 > Janvier Février Mars Avril Mai Juin Juillet Août Septembre Octobre Novembre Décembre
V/Λ2010 > Janvier Février Mars Avril Mai Juin Juillet Août Septembre Octobre Novembre Décembre
V/Λ2009 > Janvier Février Mars Avril Mai Juin Juillet Août Septembre Octobre Novembre Décembre
V/Λ2008 > Janvier Février Mars Avril Mai Juin Juillet Août Septembre Octobre Novembre Décembre
V/Λ2007 > Janvier Février Mars Avril Mai Juin Juillet Août Septembre Octobre Novembre Décembre
V/Λ2006 > Janvier Février Mars Avril Mai Juin Juillet Août Septembre Octobre Novembre Décembre
V/Λ2005 > Janvier Février Mars Avril Mai Juin Juillet Août Septembre Octobre Novembre Décembre
V/Λ2004 > Janvier Février Mars Avril Mai Juin Juillet Août Septembre Octobre Novembre Décembre
V/Λ2003 > Janvier Février Mars Avril Mai Juin Juillet Août Septembre Octobre Novembre Décembre
V/Λ2002 > Janvier Février Mars Avril Mai Juin Juillet Août Septembre Octobre Novembre Décembre

Rapport pour Avril 2004
                   Monthly Climatological Summary for avr. 2004

Name: IALSACEM4   City: Meyenheim   State: 
Elevation: 210 m  Lat: N 47° 54' 42"   Lon: E 007° 21' 22"

                  Temperature (°C), Rain (mm), Wind Speed (km/h)

                                      Heat  Cool        Avg
    Mean                              Deg   Deg         Wind                 Dom
Day Temp  High   Time   Low    Time   Days  Days  Rain  Speed High   Time    Dir
----------------------------------------------------------------------------------
 1  13.0  20.2   16:29   5.8   07:41   5.4   0.0   0.0   3.4  29.2   21:10    NO
 2  13.3  19.7   17:13   6.2   07:13   5.0   0.0   0.0   2.4  11.9   17:13     N
 3  14.1  16.7   14:23   9.1   23:53   4.2   0.0   0.0   5.4  19.4   14:03    SO
 4  10.5  14.6   15:14   6.9   03:54   7.8   0.0   1.0   9.6  29.2   12:44   SSO
 5   9.9  12.0   13:45   7.8   23:45   8.4   0.0   1.0  10.7  23.8   12:15    SO
 6   7.9  11.1   11:35   4.6   23:36  10.4   0.0   3.0  10.3  24.8   09:55    SO
 7   6.3  11.9   14:56   2.9   03:56  12.0   0.0   0.0   7.3  21.6   17:59    SO
 8   6.4  11.5   11:29   3.2   23:59  11.9   0.0   0.0   4.4  16.2   18:29   SSO
 9   6.1  12.0   16:59   1.0   06:59  12.2   0.0   0.0  11.6  32.0   16:59     N
10   7.6  12.4   16:09   3.6   04:59  10.7   0.0   0.0  12.3  32.4   07:59     N
11   8.0  11.2   16:39   5.7   09:39  10.3   0.0   0.0   6.5  16.2   15:59     N
12   9.1  15.4   15:49   2.9   07:19   9.2   0.0   0.0  13.8  39.2   18:39     N
13   9.6  14.5   15:09   4.4   04:49   8.7   0.0   0.0  12.0  32.4   10:39     N
14  10.5  16.0   16:39   4.4   05:59   7.8   0.0   0.0   7.7  25.6   11:39     N
15  10.8  18.7   15:00   3.3   05:30   7.5   0.0   0.0   2.8  14.0   15:20    SO
16  13.1  21.6   16:31   3.9   06:41   5.2   0.0   0.0   3.5  18.7   17:11    NE
17  12.6  17.9   14:31   8.1   06:01   5.7   0.0   0.0   4.4  20.2   18:42   OSO
18  12.9  18.5   14:02   8.8   06:52   5.4   0.0   0.0   9.0  26.3   17:52   SSO
19   9.8  13.3   15:32   7.5   07:02   8.5   0.0   0.0   9.0  27.7   14:02   SSO
20  10.7  16.5   15:22   4.6   06:32   7.6   0.0   0.0   7.9  21.6   19:22   SSO
21  15.4  22.3   17:33   8.1   06:53   2.9   0.0   0.0   5.3  17.6   12:03   SSO
22  17.5  25.6   16:34   7.8   06:53   0.8   0.0   0.0   3.5  12.6   21:04   OSO
23  14.5  17.3   00:14  10.6   23:55   3.8   0.0   0.0   6.0  20.9   17:14     N
24  12.3  17.9   16:35   6.9   04:35   6.0   0.0   0.0  10.5  23.8   17:05     N
25  12.6  18.4   15:56   6.5   05:35   5.7   0.0   0.0   8.9  22.3   12:46     N
26  14.4  22.1   17:07   7.3   06:26   3.9   0.0   0.0   8.1  26.3   16:37     N
27  15.3  22.9   16:17   7.4   06:47   3.0   0.0   0.0   2.9  16.9   17:57    SO
28  16.0  22.3   14:08   9.4   06:08   2.3   0.0   0.0   3.8  18.0   17:28   NNO
29  16.2  21.2   15:39  10.8   06:29   2.1   0.0   0.0   5.8  18.7   14:19     N
30  17.7  21.6   16:59  13.7   23:59   0.6   0.0   0.0   6.6  14.8   18:50   NNO
----------------------------------------------------------------------------------
    11.8  25.6    22     1.0     9   195.0   0.0   5.0   7.2  39.2    12      NO

Max >=  30.0:  0
Max <=   0.0:  0
Min <= -10.0:  0
Min <= -18.0:  0
Max Rain: 3.0 on day 6
Days of Rain: 3 (>= 0.2 mm)  1 (>= 2.0 mm)  0 (>= 20.0 mm)
Heat Base: 18.3  Cool Base: 18.3  Method: Integration


Mise à jour : 18/10/2019 05:48:06
powered by Cumulus v3.0.0 (3043)