METEO Meyenheim

 Latitude N 47° 54' 42"    Longitude E 07° 21' 22"    Altitude 210 m

Rapports de type NOAA
Selectionner un rapport Annuel ou mensuel
V/Λ2019 > Janvier Février Mars Avril Mai Juin Juillet Août Septembre Octobre Novembre Décembre
V/Λ2018 > Janvier Février Mars Avril Mai Juin Juillet Août Septembre Octobre Novembre Décembre
V/Λ2017 > Janvier Février Mars Avril Mai Juin Juillet Août Septembre Octobre Novembre Décembre
V/Λ2016 > Janvier Février Mars Avril Mai Juin Juillet Août Septembre Octobre Novembre Décembre
V/Λ2015 > Janvier Février Mars Avril Mai Juin Juillet Août Septembre Octobre Novembre Décembre
V/Λ2014 > Janvier Février Mars Avril Mai Juin Juillet Août Septembre Octobre Novembre Décembre
V/Λ2013 > Janvier Février Mars Avril Mai Juin Juillet Août Septembre Octobre Novembre Décembre
V/Λ2012 > Janvier Février Mars Avril Mai Juin Juillet Août Septembre Octobre Novembre Décembre
V/Λ2011 > Janvier Février Mars Avril Mai Juin Juillet Août Septembre Octobre Novembre Décembre
V/Λ2010 > Janvier Février Mars Avril Mai Juin Juillet Août Septembre Octobre Novembre Décembre
V/Λ2009 > Janvier Février Mars Avril Mai Juin Juillet Août Septembre Octobre Novembre Décembre
V/Λ2008 > Janvier Février Mars Avril Mai Juin Juillet Août Septembre Octobre Novembre Décembre
V/Λ2007 > Janvier Février Mars Avril Mai Juin Juillet Août Septembre Octobre Novembre Décembre
V/Λ2006 > Janvier Février Mars Avril Mai Juin Juillet Août Septembre Octobre Novembre Décembre
V/Λ2005 > Janvier Février Mars Avril Mai Juin Juillet Août Septembre Octobre Novembre Décembre
V/Λ2004 > Janvier Février Mars Avril Mai Juin Juillet Août Septembre Octobre Novembre Décembre
V/Λ2003 > Janvier Février Mars Avril Mai Juin Juillet Août Septembre Octobre Novembre Décembre
V/Λ2002 > Janvier Février Mars Avril Mai Juin Juillet Août Septembre Octobre Novembre Décembre

Rapport pour Mai 2004
                   Monthly Climatological Summary for mai 2004

Name: IALSACEM4   City: Meyenheim   State: 
Elevation: 210 m  Lat: N 47° 54' 42"   Lon: E 007° 21' 22"

                  Temperature (°C), Rain (mm), Wind Speed (km/h)

                                      Heat  Cool        Avg
    Mean                              Deg   Deg         Wind                 Dom
Day Temp  High   Time   Low    Time   Days  Days  Rain  Speed High   Time    Dir
----------------------------------------------------------------------------------
 1  16.5  21.6   17:05  11.3   08:34   4.9   0.0  11.0   3.7  20.9   19:32   SSO
 2  12.7  17.3   16:54   8.1   04:34   4.6   0.0   0.0   2.0  17.6   12:10    SO
 3  14.7  19.9   15:34   9.5   07:26   3.5   0.0   0.0   2.8  13.3   16:36    NO
 4  16.3  20.9   17:37  11.6   06:45   2.4   0.0   0.0   4.9  26.3   20:01    SO
 5  14.9  21.1   12:45   8.7   08:59   7.6   0.0   2.0   8.5  20.9   05:27   SSO
 6  11.1  15.2   16:31   6.9   06:39   8.7   0.0   0.0   4.6  23.0   19:26    SO
 7  10.6  13.5   16:57   7.6   06:51   7.0   0.0   0.0   9.5  18.7   08:41   OSO
 8  11.9  16.2   15:22   7.6   05:02  10.2   0.0   0.0  15.1  32.0   16:05   SSO
 9   7.6   9.4   10:38   5.7   01:28  10.4   0.0   5.0  12.2  40.0   21:52   SSO
10   8.6  10.3   13:17   6.8   05:50   5.7   0.0   0.0   3.4  32.4   12:25    SO
11  13.8  19.3   16:33   8.2   06:57   2.6   0.0   0.0   3.4  16.2   18:27     N
12  16.3  22.1   13:36  10.5   06:51   4.0   0.0   0.0   8.4  23.0   08:07     N
13  14.7  19.1   16:16  10.3   06:27   6.9   0.0   0.0  10.9  38.2   02:43     N
14  11.8  13.5   16:32  10.0   06:42   3.8   0.0   0.0   6.8  23.8   16:26     N
15  14.4  19.9   15:35   8.9   06:12   2.4   0.0   0.0   6.9  27.0   19:55     N
16  15.9  22.3   16:31   9.5   06:06   2.3   0.0   0.0   7.3  22.3   12:06     N
17  16.3  21.3   15:22  11.2   05:35   0.0   0.3   0.0   6.3  31.3   17:57     N
18  18.3  25.7   17:32  10.9   06:30   0.0   2.4   0.0   2.9  16.9   12:22    SO
19  20.6  28.4   15:57  12.7   05:55   0.0   2.7   0.0   1.3  18.7   18:57    SE
20  20.0  27.3   13:03  12.7   06:15   0.0   3.5   0.0   2.4  13.3   13:57    NO
21  22.7  29.1   17:08  16.3   07:24   1.0   0.0   2.0   6.8  16.2   18:48    SO
22  16.1  22.7   13:00   9.5   08:07   6.1   0.0   7.0  11.3  29.2   06:35     N
23  10.6  16.1   16:26   5.0   06:44   7.0   0.0   0.0   6.4  25.6   09:43     N
24  10.6  16.8   13:32   4.4   06:26   5.5   0.0   0.0   5.5  23.0   11:37     N
25  13.3  19.6   16:21   7.0   06:36   2.5   0.0   0.0   4.0  21.6   11:09     N
26  16.0  22.4   16:55   9.5   06:32   0.6   0.0   0.0   3.8  16.2   14:06     N
27  17.9  24.8   15:42  11.0   05:37   3.2   0.0   0.0   5.2  24.8   00:24   NNO
28  14.7  19.1   17:10  10.2   06:51   2.0   0.0   0.0   7.4  18.7   08:09     N
29  16.0  21.8   16:04  10.1   06:36   0.2   0.0   0.0   4.6  20.2   13:17     N
30  17.3  24.3   16:05  10.2   06:32   0.0   0.8   0.0   4.2  23.0   13:10    SO
31  20.5  26.4   16:52  14.6   06:10   1.5   0.0   1.0   2.2  26.3   20:43   SSO
----------------------------------------------------------------------------------
    14.9  29.1    21     4.4    24   116.6   9.7  28.0   6.0  40.0     9      NO

Max >=  30.0:  0
Max <=   0.0:  0
Min <= -10.0:  0
Min <= -18.0:  0
Max Rain: 11.0 on day 1
Days of Rain: 6 (>= 0.2 mm)  5 (>= 2.0 mm)  0 (>= 20.0 mm)
Heat Base: 18.3  Cool Base: 18.3  Method: Integration


Mise à jour : 21/08/2019 07:00:18
powered by Cumulus v3.0.0 (3043)