METEO Meyenheim

 Latitude N 47° 54' 42"    Longitude E 07° 21' 22"    Altitude 210 m

Rapports de type NOAA
Selectionner un rapport Annuel ou mensuel
V/Λ2019 > Janvier Février Mars Avril Mai Juin Juillet Août Septembre Octobre Novembre Décembre
V/Λ2018 > Janvier Février Mars Avril Mai Juin Juillet Août Septembre Octobre Novembre Décembre
V/Λ2017 > Janvier Février Mars Avril Mai Juin Juillet Août Septembre Octobre Novembre Décembre
V/Λ2016 > Janvier Février Mars Avril Mai Juin Juillet Août Septembre Octobre Novembre Décembre
V/Λ2015 > Janvier Février Mars Avril Mai Juin Juillet Août Septembre Octobre Novembre Décembre
V/Λ2014 > Janvier Février Mars Avril Mai Juin Juillet Août Septembre Octobre Novembre Décembre
V/Λ2013 > Janvier Février Mars Avril Mai Juin Juillet Août Septembre Octobre Novembre Décembre
V/Λ2012 > Janvier Février Mars Avril Mai Juin Juillet Août Septembre Octobre Novembre Décembre
V/Λ2011 > Janvier Février Mars Avril Mai Juin Juillet Août Septembre Octobre Novembre Décembre
V/Λ2010 > Janvier Février Mars Avril Mai Juin Juillet Août Septembre Octobre Novembre Décembre
V/Λ2009 > Janvier Février Mars Avril Mai Juin Juillet Août Septembre Octobre Novembre Décembre
V/Λ2008 > Janvier Février Mars Avril Mai Juin Juillet Août Septembre Octobre Novembre Décembre
V/Λ2007 > Janvier Février Mars Avril Mai Juin Juillet Août Septembre Octobre Novembre Décembre
V/Λ2006 > Janvier Février Mars Avril Mai Juin Juillet Août Septembre Octobre Novembre Décembre
V/Λ2005 > Janvier Février Mars Avril Mai Juin Juillet Août Septembre Octobre Novembre Décembre
V/Λ2004 > Janvier Février Mars Avril Mai Juin Juillet Août Septembre Octobre Novembre Décembre
V/Λ2003 > Janvier Février Mars Avril Mai Juin Juillet Août Septembre Octobre Novembre Décembre
V/Λ2002 > Janvier Février Mars Avril Mai Juin Juillet Août Septembre Octobre Novembre Décembre

Rapport pour Juin 2004
                   Monthly Climatological Summary for juin 2004

Name: IALSACEM4   City: Meyenheim   State: 
Elevation: 210 m  Lat: N 47° 54' 42"   Lon: E 007° 21' 22"

                  Temperature (°C), Rain (mm), Wind Speed (km/h)

                                      Heat  Cool        Avg
    Mean                              Deg   Deg         Wind                 Dom
Day Temp  High   Time   Low    Time   Days  Days  Rain  Speed High   Time    Dir
----------------------------------------------------------------------------------
 1  17.4  21.2   16:15  13.5   07:24   3.5   0.0   1.0   2.7  13.3   15:33    SO
 2  14.5  16.9   18:47  12.1   05:31   3.0   0.0   4.0   2.1  14.0   19:32   SSO
 3  16.6  20.2   14:57  12.9   06:11   2.8   0.0  19.0   2.6  18.0   15:54     N
 4  16.4  20.6   17:42  12.1   07:03   2.6   0.0   0.0   0.7  20.9   16:03     O
 5  17.4  20.5   12:14  14.2   06:09   2.4   0.0   1.0   1.8  11.9   14:54     S
 6  14.6  19.0   13:36  10.1   06:20   1.2   0.0   1.0   3.6  19.4   14:16     N
 7  16.9  22.6   15:37  11.1   06:06   0.0   1.4   0.0   1.2  17.6   16:14   ESE
 8  20.4  26.3   16:19  14.5   06:33   0.0   4.4   0.0   1.9  14.0   14:21     S
 9  23.6  30.8   15:12  16.3   05:54   0.0   6.7   0.0   4.7  14.0   11:39   SSO
10  25.6  32.6   13:28  18.5   06:10   0.0   7.4   0.0   5.5  20.9   17:36    SO
11  25.8  32.9   14:36  18.7   08:26   0.0   1.3  13.0   4.0  34.6   23:02   SSO
12  18.9  21.0   17:26  16.7   06:58   0.0   0.8  11.0   3.9  18.0   18:53   ONO
13  18.6  23.8   15:34  13.3   06:01   2.0   0.0   0.0   5.8  27.0   19:21     N
14  16.3  20.3   16:59  12.2   06:16   0.2   0.0   0.0  11.3  24.8   08:50     N
15  19.1  24.1   16:55  14.1   05:42   0.2   0.0   0.0   4.3  29.2   15:12   SSO
16  18.7  21.9   13:35  15.5   08:45   0.0   0.2   0.0   4.3  17.6   07:00   NNE
17  16.9  23.0   16:52  10.7   06:29   0.0   1.3   0.0   5.2  18.7   11:23    SO
18  21.5  27.4   16:26  15.6   07:13   0.0   1.8   0.0   5.6  25.6   17:19     O
19  18.7  24.5   17:21  12.9   06:18   2.3   0.0   0.0   4.5  32.0   14:18   OSO
20  15.6  19.8   12:35  11.4   04:59   2.6   0.0   1.0   3.6  21.6   12:37   SSO
21  16.6  20.9   16:05  12.2   06:16   2.0   0.0   0.0   6.1  17.6   20:52    SO
22  17.5  21.2   16:05  13.7   09:49   0.6   0.0   0.0   5.0  29.2   15:25   SSO
23  18.8  21.9   17:58  15.7   03:58   0.0   1.6   1.0  10.4  28.4   06:14    SO
24  20.3  25.7   15:33  14.9   06:34   0.0   1.0   0.0   9.2  41.4   13:17    SO
25  18.7  23.3   16:48  14.1   06:37   0.0   1.3   0.0   5.4  33.8   11:44     O
26  17.0  24.1   14:10   9.9   06:05   0.0   0.4   0.0   2.0  24.8   15:23   ENE
27  20.8  26.0   15:55  15.6   03:08   0.0   4.8   0.0   6.0  16.9   08:58    SO
28  25.0  30.8   13:11  19.1   06:13   0.0   4.5   0.0   4.6  24.5   14:51   NNE
29  20.3  27.2   17:07  13.4   06:15   0.0   2.6   0.0   3.2  16.9   11:19   ESE
30  19.5  26.8   14:06  12.1   05:53   0.0   3.1   0.0   2.2  16.2   15:51   ESE
----------------------------------------------------------------------------------
    18.9  32.9    11     9.9    26    25.4  44.6  52.0   4.4  41.4    24     OSO

Max >=  30.0:  4
Max <=   0.0:  0
Min <= -10.0:  0
Min <= -18.0:  0
Max Rain: 19.0 on day 3
Days of Rain: 9 (>= 0.2 mm)  4 (>= 2.0 mm)  0 (>= 20.0 mm)
Heat Base: 18.3  Cool Base: 18.3  Method: Integration


Mise à jour : 20/11/2019 07:54:03
powered by Cumulus v3.0.0 (3043)