METEO Meyenheim

 Latitude N 47° 54' 42"    Longitude E 07° 21' 22"    Altitude 210 m

Rapports de type NOAA
Selectionner un rapport Annuel ou mensuel
V/Λ2019 > Janvier Février Mars Avril Mai Juin Juillet Août Septembre Octobre Novembre Décembre
V/Λ2018 > Janvier Février Mars Avril Mai Juin Juillet Août Septembre Octobre Novembre Décembre
V/Λ2017 > Janvier Février Mars Avril Mai Juin Juillet Août Septembre Octobre Novembre Décembre
V/Λ2016 > Janvier Février Mars Avril Mai Juin Juillet Août Septembre Octobre Novembre Décembre
V/Λ2015 > Janvier Février Mars Avril Mai Juin Juillet Août Septembre Octobre Novembre Décembre
V/Λ2014 > Janvier Février Mars Avril Mai Juin Juillet Août Septembre Octobre Novembre Décembre
V/Λ2013 > Janvier Février Mars Avril Mai Juin Juillet Août Septembre Octobre Novembre Décembre
V/Λ2012 > Janvier Février Mars Avril Mai Juin Juillet Août Septembre Octobre Novembre Décembre
V/Λ2011 > Janvier Février Mars Avril Mai Juin Juillet Août Septembre Octobre Novembre Décembre
V/Λ2010 > Janvier Février Mars Avril Mai Juin Juillet Août Septembre Octobre Novembre Décembre
V/Λ2009 > Janvier Février Mars Avril Mai Juin Juillet Août Septembre Octobre Novembre Décembre
V/Λ2008 > Janvier Février Mars Avril Mai Juin Juillet Août Septembre Octobre Novembre Décembre
V/Λ2007 > Janvier Février Mars Avril Mai Juin Juillet Août Septembre Octobre Novembre Décembre
V/Λ2006 > Janvier Février Mars Avril Mai Juin Juillet Août Septembre Octobre Novembre Décembre
V/Λ2005 > Janvier Février Mars Avril Mai Juin Juillet Août Septembre Octobre Novembre Décembre
V/Λ2004 > Janvier Février Mars Avril Mai Juin Juillet Août Septembre Octobre Novembre Décembre
V/Λ2003 > Janvier Février Mars Avril Mai Juin Juillet Août Septembre Octobre Novembre Décembre
V/Λ2002 > Janvier Février Mars Avril Mai Juin Juillet Août Septembre Octobre Novembre Décembre

Rapport pour Juillet 2004
                   Monthly Climatological Summary for juil. 2004

Name: IALSACEM4   City: Meyenheim   State: 
Elevation: 210 m  Lat: N 47° 54' 42"   Lon: E 007° 21' 22"

                  Temperature (°C), Rain (mm), Wind Speed (km/h)

                                      Heat  Cool        Avg
    Mean                              Deg   Deg         Wind                 Dom
Day Temp  High   Time   Low    Time   Days  Days  Rain  Speed High   Time    Dir
----------------------------------------------------------------------------------
 1  22.5  29.1   17:04  15.9   04:59   0.0   1.3   0.0   6.1  21.6   06:47   OSO
 2  19.4  24.2   14:44  14.6   06:20   0.4   0.0   0.0   7.1  23.8   16:07   OSO
 3  17.5  22.7   17:24  12.3   04:27   1.3   0.0   0.0   7.5  33.1   18:19    SO
 4  16.8  21.7   14:59  11.9   06:20   0.0   2.0   0.0   6.6  27.0   13:13    SO
 5  20.8  27.8   16:12  13.8   06:09   0.0   1.0   0.0   7.2  25.6   13:33    SO
 6  20.0  24.2   16:35  15.8   06:20   0.0   2.1  15.0   3.0  24.5   12:26   NNE
 7  20.4  24.7   16:54  16.0   06:18   0.0   1.2   0.0   2.0  16.2   14:28     N
 8  20.1  24.0   18:14  16.2   07:40   0.0   0.7  17.0   3.9  23.0   07:12    SO
 9  18.2  22.5   11:11  13.8   07:32   1.3   0.0   1.0  10.3  32.0   04:03    SO
10  16.9  21.0   16:50  12.7   08:33   3.2   0.0   3.0   5.2  32.4   14:12   SSO
11  15.1  19.2   14:54  10.9   07:29   3.7   0.0   3.0   5.0  20.2   15:27   SSO
12  15.9  19.9   11:29  11.9   05:52   3.0   0.0   1.0   4.4  22.3   14:05   SSO
13  17.1  20.0   14:40  14.2   09:01   2.7   0.0   0.0   4.6  16.9   17:41     N
14  19.1  23.7   15:22  15.1   09:02   0.0   0.8   3.0   8.1  18.0   15:52     O
15  19.4  23.8   15:42  15.0   09:00   0.0   2.2   3.0   5.4  22.3   16:58    SO
16  20.3  25.2   16:56  15.4   07:07   0.0   4.2   0.0   3.0  20.2   13:26   NNE
17  23.2  28.3   16:10  18.0   06:25   0.0   5.0   0.0   4.7  16.9   16:18   SSO
18  24.1  30.2   15:54  18.0   06:53   0.0   5.3   0.0   7.1  27.0   16:35    SO
19  24.5  31.4   13:59  17.6   06:19   0.0   4.9   0.0   5.3  27.0   14:57   SSO
20  23.9  29.2   16:37  18.6   06:29   0.0   3.4   8.0   4.8  16.2   02:56   SSO
21  22.3  26.4   17:57  18.1   06:47   0.0   6.2   2.0   4.5  21.6   12:57   SSO
22  24.6  31.0   15:35  18.1   06:41   0.0   6.3  12.0   3.9  23.8   01:51   NNO
23  25.5  30.4   16:57  20.5   06:35   0.0   7.3   0.0   3.6  16.9   17:27    SO
24  26.3  32.8   13:51  19.8   06:19   0.0   4.0   0.0   2.3  24.8   14:26     N
25  20.8  26.5   16:11  15.1   06:42   0.0   3.2   0.0   1.2  14.8   14:23   NNE
26  21.4  27.1   14:51  15.6   05:55   0.1   0.0   0.0   1.9  14.8   19:47   SSO
27  17.8  22.0   12:20  13.5   06:41   0.0   0.4   0.0   4.7  15.5   17:25     N
28  18.5  24.0   16:56  13.0   06:47   0.0   1.5   0.0   6.6  20.2   17:01     N
29  19.7  26.2   17:18  13.1   06:39   0.0   3.2   0.0   1.9  24.8   15:28    NE
30  22.3  28.4   17:24  16.1   06:31   0.0   5.5   0.0   3.1  14.0   08:28   SSE
31  24.1  31.1   14:28  17.0   06:27   0.0   5.9   0.0   1.2  14.8   13:03     E
----------------------------------------------------------------------------------
    20.6  32.8    24    10.9    11    15.7  77.6  68.0   4.7  33.1     3      SO

Max >=  30.0:  6
Max <=   0.0:  0
Min <= -10.0:  0
Min <= -18.0:  0
Max Rain: 17.0 on day 8
Days of Rain: 11 (>= 0.2 mm)  9 (>= 2.0 mm)  0 (>= 20.0 mm)
Heat Base: 18.3  Cool Base: 18.3  Method: Integration


Mise à jour : 17/09/2019 06:52:52
powered by Cumulus v3.0.0 (3043)