METEO Meyenheim

 Latitude N 47° 54' 42"    Longitude E 07° 21' 22"    Altitude 210 m

Rapports de type NOAA
Selectionner un rapport Annuel ou mensuel
V/Λ2019 > Janvier Février Mars Avril Mai Juin Juillet Août Septembre Octobre Novembre Décembre
V/Λ2018 > Janvier Février Mars Avril Mai Juin Juillet Août Septembre Octobre Novembre Décembre
V/Λ2017 > Janvier Février Mars Avril Mai Juin Juillet Août Septembre Octobre Novembre Décembre
V/Λ2016 > Janvier Février Mars Avril Mai Juin Juillet Août Septembre Octobre Novembre Décembre
V/Λ2015 > Janvier Février Mars Avril Mai Juin Juillet Août Septembre Octobre Novembre Décembre
V/Λ2014 > Janvier Février Mars Avril Mai Juin Juillet Août Septembre Octobre Novembre Décembre
V/Λ2013 > Janvier Février Mars Avril Mai Juin Juillet Août Septembre Octobre Novembre Décembre
V/Λ2012 > Janvier Février Mars Avril Mai Juin Juillet Août Septembre Octobre Novembre Décembre
V/Λ2011 > Janvier Février Mars Avril Mai Juin Juillet Août Septembre Octobre Novembre Décembre
V/Λ2010 > Janvier Février Mars Avril Mai Juin Juillet Août Septembre Octobre Novembre Décembre
V/Λ2009 > Janvier Février Mars Avril Mai Juin Juillet Août Septembre Octobre Novembre Décembre
V/Λ2008 > Janvier Février Mars Avril Mai Juin Juillet Août Septembre Octobre Novembre Décembre
V/Λ2007 > Janvier Février Mars Avril Mai Juin Juillet Août Septembre Octobre Novembre Décembre
V/Λ2006 > Janvier Février Mars Avril Mai Juin Juillet Août Septembre Octobre Novembre Décembre
V/Λ2005 > Janvier Février Mars Avril Mai Juin Juillet Août Septembre Octobre Novembre Décembre
V/Λ2004 > Janvier Février Mars Avril Mai Juin Juillet Août Septembre Octobre Novembre Décembre
V/Λ2003 > Janvier Février Mars Avril Mai Juin Juillet Août Septembre Octobre Novembre Décembre
V/Λ2002 > Janvier Février Mars Avril Mai Juin Juillet Août Septembre Octobre Novembre Décembre

Rapport pour Août 2004
                   Monthly Climatological Summary for août 2004

Name: IALSACEM4   City: Meyenheim   State: 
Elevation: 210 m  Lat: N 47° 54' 42"   Lon: E 007° 21' 22"

                  Temperature (°C), Rain (mm), Wind Speed (km/h)

                                      Heat  Cool        Avg
    Mean                              Deg   Deg         Wind                 Dom
Day Temp  High   Time   Low    Time   Days  Days  Rain  Speed High   Time    Dir
----------------------------------------------------------------------------------
 1  24.5  31.3   15:26  17.7   06:16   0.0   6.7   0.0   1.9  11.9   14:12   ENE
 2  24.5  31.7   17:24  17.3   06:58   0.0   5.7   0.0   2.7  12.6   18:32   NNE
 3  24.5  31.7   17:24  17.3   06:58   0.0   5.6   0.0   1.7  15.5   18:45     E
 4  25.2  31.5   15:16  18.9   07:27   0.0   5.0   1.0   5.2  32.0   00:58    NO
 5  23.7  28.5   17:46  18.9   06:56   0.0   6.4   0.0   1.9  17.6   18:41    SO
 6  25.3  30.4   16:36  20.2   07:22   0.0   4.0   0.0   2.0  13.3   17:04     S
 7  21.4  25.2   16:49  17.6   06:25   0.0   4.0   2.0   1.7  14.0   11:35     N
 8  23.3  29.6   14:48  16.9   06:59   0.0   5.8   0.0   2.3  16.2   15:46   ENE
 9  24.8  31.6   17:06  17.9   06:38   0.0   6.1   0.0   0.8  20.2   16:47   SSO
10  24.2  30.2   13:19  18.2   05:43   0.0   4.2   0.0   1.0  10.8   12:17   ONO
11  23.4  27.0   15:33  19.7   06:04   0.0   4.3  12.0   0.9  11.2   08:32     S
12  22.4  27.3   17:06  17.5   06:28   0.0   2.7   0.0   4.5  12.6   16:17   SSO
13  23.5  30.5   12:42  16.5   04:57   0.0   0.5  10.0  10.0  40.7   17:07   SSO
14  19.6  23.7   13:44  15.4   01:01   0.8   0.0   1.0   8.1  29.2   11:25   SSO
15  16.9  20.3   11:37  13.4   07:22   0.0   1.6   0.0   2.3  36.7   11:31     S
16  20.1  26.0   15:15  14.1   06:58   0.0   0.6   0.0   3.5  11.9   11:56   SSO
17  21.0  24.7   11:21  17.2   06:56   0.0   0.6   5.0   5.8  24.8   12:16   SSO
18  18.8  21.6   13:46  15.9   07:33   0.0   4.4   5.0   7.1  20.9   21:12   SSO
19  23.3  29.0   15:45  17.5   07:29   0.0   1.6   4.0   8.7  29.2   23:40   SSO
20  20.1  23.6   15:05  16.6   07:24   0.0   1.6   5.0   9.3  22.3   17:57    SO
21  19.7  24.8   15:16  14.6   06:51   2.1   0.0   1.0  10.4  30.6   20:22    SO
22  16.4  19.3   14:13  13.5   06:46   1.3   0.0   0.0   3.2  32.0   19:17     N
23  17.2  27.4   17:07  12.9   04:55   1.1   0.0   0.0   2.4  16.9   11:28   SSO
24  20.2  27.5   17:00  12.9   05:29   0.0   0.5  19.0   8.5  23.8   02:03   SSO
25  18.0  22.2   14:38  13.7   07:16   1.0   0.0  12.0   8.5  32.4   16:33    SO
26  18.4  22.3   12:43  14.4   06:51   1.3   0.0   0.0   4.6  39.2   11:58    SO
27  17.6  21.2   16:15  13.9   07:27   0.0   0.1   0.0   6.9  20.9   08:24    SO
28  18.8  24.1   13:31  13.5   05:45   0.0   0.7   0.0   6.6  23.0   17:03   SSO
29  20.5  24.6   15:21  16.3   06:47   0.0   0.8   3.0   7.0  25.6   12:06   SSO
30  19.8  23.0   15:58  16.6   06:06   0.0   0.3   0.0   8.6  20.9   08:53    SO
31  17.2  22.9   13:21  11.4   06:58   1.5   0.0   0.0   2.6  30.6   12:30   ESE
----------------------------------------------------------------------------------
    21.1  31.7     2    11.4    31     9.1  73.8  80.0   4.9  40.7    13     SSO

Max >=  30.0:  8
Max <=   0.0:  0
Min <= -10.0:  0
Min <= -18.0:  0
Max Rain: 19.0 on day 24
Days of Rain: 13 (>= 0.2 mm)  10 (>= 2.0 mm)  0 (>= 20.0 mm)
Heat Base: 18.3  Cool Base: 18.3  Method: Integration


Mise à jour : 19/11/2019 20:18:02
powered by Cumulus v3.0.0 (3043)