METEO Meyenheim

 Latitude N 47° 54' 42"    Longitude E 07° 21' 22"    Altitude 210 m

Rapports de type NOAA
Selectionner un rapport Annuel ou mensuel
V/Λ2019 > Janvier Février Mars Avril Mai Juin Juillet Août Septembre Octobre Novembre Décembre
V/Λ2018 > Janvier Février Mars Avril Mai Juin Juillet Août Septembre Octobre Novembre Décembre
V/Λ2017 > Janvier Février Mars Avril Mai Juin Juillet Août Septembre Octobre Novembre Décembre
V/Λ2016 > Janvier Février Mars Avril Mai Juin Juillet Août Septembre Octobre Novembre Décembre
V/Λ2015 > Janvier Février Mars Avril Mai Juin Juillet Août Septembre Octobre Novembre Décembre
V/Λ2014 > Janvier Février Mars Avril Mai Juin Juillet Août Septembre Octobre Novembre Décembre
V/Λ2013 > Janvier Février Mars Avril Mai Juin Juillet Août Septembre Octobre Novembre Décembre
V/Λ2012 > Janvier Février Mars Avril Mai Juin Juillet Août Septembre Octobre Novembre Décembre
V/Λ2011 > Janvier Février Mars Avril Mai Juin Juillet Août Septembre Octobre Novembre Décembre
V/Λ2010 > Janvier Février Mars Avril Mai Juin Juillet Août Septembre Octobre Novembre Décembre
V/Λ2009 > Janvier Février Mars Avril Mai Juin Juillet Août Septembre Octobre Novembre Décembre
V/Λ2008 > Janvier Février Mars Avril Mai Juin Juillet Août Septembre Octobre Novembre Décembre
V/Λ2007 > Janvier Février Mars Avril Mai Juin Juillet Août Septembre Octobre Novembre Décembre
V/Λ2006 > Janvier Février Mars Avril Mai Juin Juillet Août Septembre Octobre Novembre Décembre
V/Λ2005 > Janvier Février Mars Avril Mai Juin Juillet Août Septembre Octobre Novembre Décembre
V/Λ2004 > Janvier Février Mars Avril Mai Juin Juillet Août Septembre Octobre Novembre Décembre
V/Λ2003 > Janvier Février Mars Avril Mai Juin Juillet Août Septembre Octobre Novembre Décembre
V/Λ2002 > Janvier Février Mars Avril Mai Juin Juillet Août Septembre Octobre Novembre Décembre

Rapport pour Novembre 2004
                   Monthly Climatological Summary for nov. 2004

Name: IALSACEM4   City: Meyenheim   State: 
Elevation: 210 m  Lat: N 47° 54' 42"   Lon: E 007° 21' 22"

                  Temperature (°C), Rain (mm), Wind Speed (km/h)

                                      Heat  Cool        Avg
    Mean                              Deg   Deg         Wind                 Dom
Day Temp  High   Time   Low    Time   Days  Days  Rain  Speed High   Time    Dir
----------------------------------------------------------------------------------
 1  10.5  12.7   14:43   8.2   09:01   8.2   0.0   0.0   6.0  32.0   14:49     N
 2   9.6  10.5   16:06   8.7   04:33   8.2   0.0   0.0   3.2  15.5   08:51     N
 3  10.2  11.2   16:26   9.2   09:52   6.2   0.0   0.0   0.6  16.9   10:47   SSO
 4  12.0  15.7   14:46   8.3   06:24   6.2   0.0   0.0   1.4  12.6   12:21    SO
 5  13.2  16.6   13:44   9.8   09:08   6.7   0.0   2.0   2.6  11.9   13:44   NNE
 6   9.8  13.8   12:16   5.8   07:01  10.7   0.0   0.0   0.2  16.2   11:31     S
 7   7.3   9.5   13:58   5.1   06:31  11.5   0.0   1.0   2.3  11.2   03:15     N
 8   5.6   9.9   13:28   1.2   06:58  14.5   0.0   0.0   1.0  20.2   15:02     N
 9   4.3   7.8   13:59   0.7   06:31  16.0   0.0   0.0   3.3  14.8   08:48     N
10   3.0   4.5   15:56   1.4   04:39  16.0   0.0   0.0   3.8  16.9   09:07   SSO
11   2.7   4.1   14:46   1.3   23:25  15.4   0.0   0.0   8.2  16.9   08:07     N
12   3.3   4.1   14:29   2.4   09:14  14.5   0.0   0.0   2.2  20.9   13:53    NO
13   3.8   4.7   15:59   2.8   08:27  14.0   0.0   0.0   3.4  13.3   01:23     N
14   3.8   7.5   12:07   0.0   03:16  16.3   0.0   0.0   8.4  20.9   11:30     N
15   1.8   5.1   13:31  -1.6   07:43  17.6   0.0   0.0   6.1  28.4   10:59     N
16   1.0   4.7   15:04  -2.7   03:42  16.9   0.0   0.0   3.6  20.9   11:38   SSO
17   2.5   6.1   08:59  -1.2   09:00  12.0   0.0   0.0  10.0  24.5   08:55   SSO
18   7.4   8.7   08:59   6.1   09:04   9.7   0.0   0.0  11.8  27.7   21:37   SSO
19   7.8  10.3   14:50   5.3   08:59  12.9   0.0   4.0  10.1  47.5   23:58   OSO
20   3.9   7.6   11:35   0.1   06:04  16.7   0.0   0.0   3.6  27.0   10:12   SSO
21   1.0   4.2   15:21  -2.2   04:46  16.4   0.0   0.0   3.9  14.8   17:20     S
22   3.8   8.7   08:59  -1.1   09:02   9.2   0.0   0.0  11.8  24.5   22:09   SSO
23  10.2  12.0   13:53   8.4   05:51   8.6   0.0   0.0   7.1  29.9   14:49    SO
24   8.4  13.0   13:59   3.8   08:59  13.3   0.0   2.0   7.7  18.7   02:26     N
25   3.3   7.3   14:59  -0.8   06:59  17.4   0.0   0.0   1.3  17.6   14:59    SE
26   1.1   2.5   08:59  -0.4   09:02  13.3   0.0   0.0   5.3  15.5   08:50   SSO
27   6.4  10.2   12:56   2.5   09:00  11.1   0.0   0.0   3.2  21.6   14:46   SSO
28   5.9  11.2   14:17   0.6   08:40  14.1   0.0   0.0   3.9  11.9   13:06   SSO
29   4.4   7.7   14:12   1.0   09:19  12.7   0.0   4.0   7.4  26.3   12:34     N
30   5.0   6.6   16:40   3.4   08:50  14.4   0.0   0.0   7.0  31.3   20:35     N
----------------------------------------------------------------------------------
     5.8  16.6     5    -2.7    16   380.7   0.0  13.0   5.0  47.5    19       O

Max >=  30.0:  0
Max <=   0.0:  0
Min <= -10.0:  0
Min <= -18.0:  0
Max Rain: 4.0 on day 19
Days of Rain: 5 (>= 0.2 mm)  4 (>= 2.0 mm)  0 (>= 20.0 mm)
Heat Base: 18.3  Cool Base: 18.3  Method: Integration


Mise à jour : 17/09/2019 06:46:52
powered by Cumulus v3.0.0 (3043)