METEO Meyenheim

 Latitude N 47° 54' 42"    Longitude E 07° 21' 22"    Altitude 210 m

Rapports de type NOAA
Selectionner un rapport Annuel ou mensuel
V/Λ2019 > Janvier Février Mars Avril Mai Juin Juillet Août Septembre Octobre Novembre Décembre
V/Λ2018 > Janvier Février Mars Avril Mai Juin Juillet Août Septembre Octobre Novembre Décembre
V/Λ2017 > Janvier Février Mars Avril Mai Juin Juillet Août Septembre Octobre Novembre Décembre
V/Λ2016 > Janvier Février Mars Avril Mai Juin Juillet Août Septembre Octobre Novembre Décembre
V/Λ2015 > Janvier Février Mars Avril Mai Juin Juillet Août Septembre Octobre Novembre Décembre
V/Λ2014 > Janvier Février Mars Avril Mai Juin Juillet Août Septembre Octobre Novembre Décembre
V/Λ2013 > Janvier Février Mars Avril Mai Juin Juillet Août Septembre Octobre Novembre Décembre
V/Λ2012 > Janvier Février Mars Avril Mai Juin Juillet Août Septembre Octobre Novembre Décembre
V/Λ2011 > Janvier Février Mars Avril Mai Juin Juillet Août Septembre Octobre Novembre Décembre
V/Λ2010 > Janvier Février Mars Avril Mai Juin Juillet Août Septembre Octobre Novembre Décembre
V/Λ2009 > Janvier Février Mars Avril Mai Juin Juillet Août Septembre Octobre Novembre Décembre
V/Λ2008 > Janvier Février Mars Avril Mai Juin Juillet Août Septembre Octobre Novembre Décembre
V/Λ2007 > Janvier Février Mars Avril Mai Juin Juillet Août Septembre Octobre Novembre Décembre
V/Λ2006 > Janvier Février Mars Avril Mai Juin Juillet Août Septembre Octobre Novembre Décembre
V/Λ2005 > Janvier Février Mars Avril Mai Juin Juillet Août Septembre Octobre Novembre Décembre
V/Λ2004 > Janvier Février Mars Avril Mai Juin Juillet Août Septembre Octobre Novembre Décembre
V/Λ2003 > Janvier Février Mars Avril Mai Juin Juillet Août Septembre Octobre Novembre Décembre
V/Λ2002 > Janvier Février Mars Avril Mai Juin Juillet Août Septembre Octobre Novembre Décembre

Rapport pour Janvier 2005
                   Monthly Climatological Summary for janv. 2005

Name: IALSACEM4   City: Meyenheim   State: 
Elevation: 210 m  Lat: N 47° 54' 42"   Lon: E 007° 21' 22"

                  Temperature (°C), Rain (mm), Wind Speed (km/h)

                                      Heat  Cool        Avg
    Mean                              Deg   Deg         Wind                 Dom
Day Temp  High   Time   Low    Time   Days  Days  Rain  Speed High   Time    Dir
----------------------------------------------------------------------------------
 1   6.5   8.7   14:13   4.3   00:53  11.8   0.0   0.0   9.9  34.6   23:03   SSO
 2   7.1   9.0   05:41   5.1   09:02  11.7   0.0   2.0   8.3  34.6   23:03    SO
 3   5.0   7.8   12:53   2.1   08:40  14.5   0.0   2.0   8.2  23.0   08:45   SSO
 4   3.7   6.4   14:02   0.9   08:59  15.7   0.0   0.0   7.1  26.3   20:12   SSO
 5   3.6   7.0   14:45   0.1   22:11  13.7   0.0   0.0  10.4  25.6   11:51   SSO
 6   5.3   8.8   04:46   1.8   09:03  10.0   0.0   0.0  10.5  33.1   02:07   SSO
 7   7.8  10.3   13:20   5.3   04:34  11.4   0.0   0.0   7.8  23.0   10:38   SSO
 8   6.2  10.2   13:33   2.1   02:54  10.6   0.0   0.0  10.1  31.3   13:18   SSO
 9   9.4  14.1   13:49   4.6   09:22   9.5   0.0   0.0   9.3  32.0   09:53   SSO
10   6.9  10.8   13:38   3.0   08:59  11.2   0.0   0.0   6.3  20.9   09:38   SSO
11   8.0  13.0   14:10   3.0   09:01  11.3   0.0   0.0   7.9  28.4   16:11     S
12   8.0  11.6   14:30   4.3   22:04  10.9   0.0   0.0   8.5  23.8   03:45     S
13   6.9  10.6   12:44   3.2   08:59  12.8   0.0   0.0   2.4  29.2   10:34    SO
14   4.0  10.0   13:37  -2.0   08:47  17.5   0.0   0.0   1.3  14.8   15:13     N
15   1.4   5.0   15:22  -2.3   02:44  20.1   0.0   0.0   1.0  12.6   15:44    NE
16  -3.0  -0.9   15:26  -5.0   08:59  20.3   0.0   0.0   1.1  10.8   04:28   SSE
17  -1.4   2.3   15:39  -5.0   09:05  17.0   0.0   0.0   5.4  10.1   13:44     S
18   2.3   7.6   15:21  -3.0   09:02  14.8   0.0   1.0  10.8  27.7   03:25   SSO
19   4.3   7.5   12:28   1.0   03:05  15.6   0.0   4.0   7.6  34.6   12:46    SO
20   4.1   6.6   14:18   1.6   09:01  12.3   0.0   0.0  15.7  35.3   05:44   SSO
21   6.9   9.0   02:08   4.8   09:01  11.2   0.0   1.0   8.7  40.0   01:01    SO
22   4.9   8.2   14:13   1.5   08:59  14.8   0.0   0.0   2.2  23.0   16:41     S
23   3.0   6.4   13:46  -0.4   05:41  17.3   0.0   0.0   4.9  15.5   08:46     N
24   1.9   4.4   14:06  -0.7   08:57  18.6   0.0   0.0   7.2  23.0   14:15     N
25  -0.8   1.7   14:57  -3.2   07:36  20.5   0.0   0.0  10.9  29.9   12:41     N
26  -2.8  -0.6   14:32  -5.0   08:31  21.5   0.0   0.0  13.7  28.4   05:26     N
27  -3.2  -1.3   14:48  -5.1   07:10  22.3   0.0   0.0   7.5  33.1   11:54     N
28  -4.0  -2.1   13:35  -5.9   07:37  22.1   0.0   0.0   5.2  23.8   11:54     S
29  -3.9  -1.3   15:33  -6.5   08:43  23.1   0.0   0.0   9.2  21.6   00:16     N
30  -6.2  -2.5   15:23  -9.9   07:03  24.1   0.0   0.0   1.7  29.9   11:29     S
31  -5.0  -2.3   08:59  -7.6   09:00  18.7   0.0   0.0   6.6  14.8   04:02   SSO
----------------------------------------------------------------------------------
     2.8  14.1     9    -9.9    30   486.9   0.0  10.0   7.3  40.0    21     SSO

Max >=  30.0:  0
Max <=   0.0:  7
Min <= -10.0:  0
Min <= -18.0:  0
Max Rain: 4.0 on day 19
Days of Rain: 5 (>= 0.2 mm)  3 (>= 2.0 mm)  0 (>= 20.0 mm)
Heat Base: 18.3  Cool Base: 18.3  Method: Integration


Mise à jour : 21/08/2019 06:40:18
powered by Cumulus v3.0.0 (3043)