METEO Meyenheim

 Latitude N 47° 54' 42"    Longitude E 07° 21' 22"    Altitude 210 m

Rapports de type NOAA
Selectionner un rapport Annuel ou mensuel
V/Λ2019 > Janvier Février Mars Avril Mai Juin Juillet Août Septembre Octobre Novembre Décembre
V/Λ2018 > Janvier Février Mars Avril Mai Juin Juillet Août Septembre Octobre Novembre Décembre
V/Λ2017 > Janvier Février Mars Avril Mai Juin Juillet Août Septembre Octobre Novembre Décembre
V/Λ2016 > Janvier Février Mars Avril Mai Juin Juillet Août Septembre Octobre Novembre Décembre
V/Λ2015 > Janvier Février Mars Avril Mai Juin Juillet Août Septembre Octobre Novembre Décembre
V/Λ2014 > Janvier Février Mars Avril Mai Juin Juillet Août Septembre Octobre Novembre Décembre
V/Λ2013 > Janvier Février Mars Avril Mai Juin Juillet Août Septembre Octobre Novembre Décembre
V/Λ2012 > Janvier Février Mars Avril Mai Juin Juillet Août Septembre Octobre Novembre Décembre
V/Λ2011 > Janvier Février Mars Avril Mai Juin Juillet Août Septembre Octobre Novembre Décembre
V/Λ2010 > Janvier Février Mars Avril Mai Juin Juillet Août Septembre Octobre Novembre Décembre
V/Λ2009 > Janvier Février Mars Avril Mai Juin Juillet Août Septembre Octobre Novembre Décembre
V/Λ2008 > Janvier Février Mars Avril Mai Juin Juillet Août Septembre Octobre Novembre Décembre
V/Λ2007 > Janvier Février Mars Avril Mai Juin Juillet Août Septembre Octobre Novembre Décembre
V/Λ2006 > Janvier Février Mars Avril Mai Juin Juillet Août Septembre Octobre Novembre Décembre
V/Λ2005 > Janvier Février Mars Avril Mai Juin Juillet Août Septembre Octobre Novembre Décembre
V/Λ2004 > Janvier Février Mars Avril Mai Juin Juillet Août Septembre Octobre Novembre Décembre
V/Λ2003 > Janvier Février Mars Avril Mai Juin Juillet Août Septembre Octobre Novembre Décembre
V/Λ2002 > Janvier Février Mars Avril Mai Juin Juillet Août Septembre Octobre Novembre Décembre

Rapport pour Février 2005
                   Monthly Climatological Summary for févr. 2005

Name: IALSACEM4   City: Meyenheim   State: 
Elevation: 210 m  Lat: N 47° 54' 42"   Lon: E 007° 21' 22"

                  Temperature (°C), Rain (mm), Wind Speed (km/h)

                                      Heat  Cool        Avg
    Mean                              Deg   Deg         Wind                 Dom
Day Temp  High   Time   Low    Time   Days  Days  Rain  Speed High   Time    Dir
----------------------------------------------------------------------------------
 1   0.4   3.0   03:58  -2.3   09:02  15.7   0.0   0.0   4.8  25.6   22:52     O
 2   2.6   5.5   13:05  -0.3   04:38  16.4   0.0   0.0   3.6  27.7   13:10   SSO
 3   2.9   5.2   15:29   0.5   09:16  15.0   0.0   0.0   1.7  23.0   13:41   SSE
 4   4.0   6.5   15:33   1.4   08:09  14.9   0.0   0.0   4.9  13.3   07:22     N
 5   2.2   6.5   12:46  -2.2   08:22  16.6   0.0   0.0   2.7  17.6   15:36     S
 6   2.1   6.1   15:25  -2.0   07:12  17.9   0.0   0.0   3.3  18.7   14:14     N
 7   1.2   4.5   14:56  -2.1   05:36  18.3   0.0   0.0   1.7  16.9   17:26    NE
 8   1.2   3.9   16:25  -1.6   09:01  14.9   0.0   0.0   3.4  20.2   18:00   SSO
 9   4.2  10.4   15:37  -2.0   07:40  15.1   0.0   0.0   2.5  16.9   16:17     S
10   4.5   9.9   15:01  -0.9   09:05  14.1   0.0   0.0   9.5  20.2   08:53   SSO
11   4.6   7.8   18:24   1.4   09:10  11.4   0.0   0.0  15.3  36.7   07:54   SSO
12   8.3  10.5   08:59   6.1   11:21   8.6   0.0   0.0  15.3  51.1   11:51    SO
13   7.8  11.5   12:14   4.0   08:56  14.0   0.0   4.0   9.8  46.1   22:02     O
14   3.2   6.6   13:37  -0.3   06:06  16.2   0.0   2.0   4.7  32.4   10:41   OSO
15   2.0   4.6   16:26  -0.6   08:59  18.0   0.0   0.0  10.7  30.6   19:53     N
16  -0.1   1.2   14:45  -1.3   08:20  18.9   0.0   0.0  13.0  29.2   23:18     N
17  -0.6   1.0   15:25  -2.2   06:08  18.9   0.0   2.0   9.8  32.0   12:27     N
18   0.1   1.7   16:06  -1.6   09:18  18.4   0.0   0.0   6.4  21.6   14:22   NNO
19  -0.2   2.1   14:10  -2.4   08:36  18.8   0.0   0.0   6.7  28.4   06:17     S
20  -0.4   1.5   16:47  -2.2   09:09  17.6   0.0   1.0   2.6  22.3   09:36   SSO
21   0.7   4.9   15:18  -3.6   02:39  19.1   0.0   0.0   4.8  25.6   13:53     N
22   0.1   1.6   15:43  -1.5   07:58  19.5   0.0   3.0   8.0  18.7   06:38     N
23  -1.4   0.3   11:31  -3.0   08:17  19.9   0.0   2.0   0.5  23.0   15:08   ESE
24  -2.1   0.7   12:24  -4.9   01:46  19.8   0.0   1.0   3.2   8.6   17:15   SSO
25  -0.8   2.1   15:08  -3.6   08:59  19.8   0.0   1.0   4.3  14.0   00:01     N
26  -2.1   0.7   15:22  -4.8   07:42  19.5   0.0   0.0   5.6  15.5   05:57     N
27  -1.1   1.3   15:26  -3.5   09:00  21.9   0.0   0.0   9.7  31.3   08:38     N
28  -6.3  -3.0   16:14  -9.5   07:53  24.4   0.0   0.0  12.7  35.3   14:53     N
----------------------------------------------------------------------------------
     1.3  11.5    13    -9.5    28   483.6   0.0  16.0   6.5  51.1    12      NO

Max >=  30.0:  0
Max <=   0.0:  1
Min <= -10.0:  0
Min <= -18.0:  0
Max Rain: 4.0 on day 13
Days of Rain: 8 (>= 0.2 mm)  5 (>= 2.0 mm)  0 (>= 20.0 mm)
Heat Base: 18.3  Cool Base: 18.3  Method: Integration


Mise à jour : 18/10/2019 05:50:06
powered by Cumulus v3.0.0 (3043)