METEO Meyenheim

 Latitude N 47° 54' 42"    Longitude E 07° 21' 22"    Altitude 210 m

Rapports de type NOAA
Selectionner un rapport Annuel ou mensuel
V/Λ2019 > Janvier Février Mars Avril Mai Juin Juillet Août Septembre Octobre Novembre Décembre
V/Λ2018 > Janvier Février Mars Avril Mai Juin Juillet Août Septembre Octobre Novembre Décembre
V/Λ2017 > Janvier Février Mars Avril Mai Juin Juillet Août Septembre Octobre Novembre Décembre
V/Λ2016 > Janvier Février Mars Avril Mai Juin Juillet Août Septembre Octobre Novembre Décembre
V/Λ2015 > Janvier Février Mars Avril Mai Juin Juillet Août Septembre Octobre Novembre Décembre
V/Λ2014 > Janvier Février Mars Avril Mai Juin Juillet Août Septembre Octobre Novembre Décembre
V/Λ2013 > Janvier Février Mars Avril Mai Juin Juillet Août Septembre Octobre Novembre Décembre
V/Λ2012 > Janvier Février Mars Avril Mai Juin Juillet Août Septembre Octobre Novembre Décembre
V/Λ2011 > Janvier Février Mars Avril Mai Juin Juillet Août Septembre Octobre Novembre Décembre
V/Λ2010 > Janvier Février Mars Avril Mai Juin Juillet Août Septembre Octobre Novembre Décembre
V/Λ2009 > Janvier Février Mars Avril Mai Juin Juillet Août Septembre Octobre Novembre Décembre
V/Λ2008 > Janvier Février Mars Avril Mai Juin Juillet Août Septembre Octobre Novembre Décembre
V/Λ2007 > Janvier Février Mars Avril Mai Juin Juillet Août Septembre Octobre Novembre Décembre
V/Λ2006 > Janvier Février Mars Avril Mai Juin Juillet Août Septembre Octobre Novembre Décembre
V/Λ2005 > Janvier Février Mars Avril Mai Juin Juillet Août Septembre Octobre Novembre Décembre
V/Λ2004 > Janvier Février Mars Avril Mai Juin Juillet Août Septembre Octobre Novembre Décembre
V/Λ2003 > Janvier Février Mars Avril Mai Juin Juillet Août Septembre Octobre Novembre Décembre
V/Λ2002 > Janvier Février Mars Avril Mai Juin Juillet Août Septembre Octobre Novembre Décembre

Rapport pour Mars 2005
                   Monthly Climatological Summary for mars 2005

Name: IALSACEM4   City: Meyenheim   State: 
Elevation: 210 m  Lat: N 47° 54' 42"   Lon: E 007° 21' 22"

                  Temperature (°C), Rain (mm), Wind Speed (km/h)

                                      Heat  Cool        Avg
    Mean                              Deg   Deg         Wind                 Dom
Day Temp  High   Time   Low    Time   Days  Days  Rain  Speed High   Time    Dir
----------------------------------------------------------------------------------
 1  -7.2  -2.6   16:00 -11.7   07:46  23.9   0.0   0.0   2.6  28.4   12:13     S
 2  -4.7  -0.5   14:16  -8.9   07:03  21.1   0.0   0.0   7.1  16.2   08:16   SSO
 3  -1.1   3.4   15:28  -5.6   09:00  18.4   0.0   0.0   4.5  19.4   14:01     N
 4   0.7   4.7   15:16  -3.4   07:31  18.6   0.0   0.0   3.6  18.7   21:34     N
 5   0.3   3.3   14:15  -2.7   09:00  18.0   0.0   0.0   6.9  20.9   08:51   SSO
 6   0.3   3.4   15:47  -2.8   08:59  20.0   0.0   0.0   9.8  24.5   08:52     N
 7  -3.9   0.3   14:24  -8.1   07:05  21.0   0.0   0.0   6.1  28.4   13:25   SSO
 8  -1.3   2.3   15:11  -4.9   09:21  16.3   0.0   0.0   6.5  19.4   13:20    SO
 9   3.7   7.0   13:23   0.4   09:06  14.6   0.0   0.0   3.8  19.4   21:57     O
10   3.6   7.0   13:02   0.2   07:51  15.3   0.0   0.0   3.6  17.6   19:06     N
11   2.4   8.0   15:01  -3.2   07:40  15.3   0.0   0.0   7.6  18.0   16:08    SO
12   4.9   9.5   13:02   0.2   09:00  14.7   0.0   0.0  11.7  32.0   22:28    SO
13   2.2   5.3   12:50  -1.0   07:14  14.8   0.0   0.0   4.3  38.2   12:53   SSO
14   3.4   9.1   16:05  -2.3   07:19  12.8   0.0   0.0   4.9  17.6   11:24   SSO
15   7.1  12.8   14:57   1.3   07:17   9.2   0.0   0.0   4.9  31.3   14:13   SSO
16  10.7  17.1   15:56   4.2   07:10   6.1   0.0   0.0   5.8  24.5   13:37   SSO
17  14.4  20.9   14:39   7.9   05:14   3.4   0.0   0.0   9.1  24.8   14:46    SO
18  13.8  21.7   13:17   5.8   07:26   4.4   0.0   0.0   1.5  28.4   10:11    SO
19  13.4  21.7   16:14   5.0   07:04   4.6   0.0   0.0   4.9  12.6   09:10     N
20  15.9  21.2   16:00  10.5   07:42   5.7   0.0   0.0   9.4  22.3   21:14     N
21  10.5  16.8   14:52   4.1   06:58   7.9   0.0   0.0   4.6  23.8   17:19     N
22  11.6  17.5   16:20   5.7   07:18   7.7   0.0   0.0   4.9  14.8   16:51   SSO
23  12.9  17.0   14:06   8.8   09:00   4.9   0.0   5.0   4.2  24.5   16:24   NNO
24  13.7  18.3   16:06   9.0   06:51   6.0   0.0   0.0   3.0  16.9   14:37   SSO
25  12.5  16.0   17:01   9.0   07:32   5.2   0.0   5.0   2.8  19.4   18:18   NNO
26  12.4  18.0   14:26   6.8   05:30   6.6   0.0   0.0   1.9  13.3   20:41    SO
27  13.0  17.0   14:57   8.9   09:06   5.2   0.0   6.0   5.4  14.0   15:56   SSO
28  13.7  17.4   16:27  10.0   05:34   5.2   0.0   1.0   5.2  20.2   15:45   SSO
29  13.1  17.6   14:16   8.6   07:39   5.3   0.0   0.0   2.6  20.2   12:53   SSO
30  14.1  19.0   14:15   9.2   09:01   5.9   0.0   2.0   5.6  20.2   08:36    SO
31  10.3  15.2   16:30   5.4   07:29   6.8   0.0   0.0   4.1  23.8   09:53     N
----------------------------------------------------------------------------------
     7.0  21.7    18   -11.7     1   344.9   0.0  19.0   5.3  38.2    13      SO

Max >=  30.0:  0
Max <=   0.0:  2
Min <= -10.0:  1
Min <= -18.0:  0
Max Rain: 6.0 on day 27
Days of Rain: 5 (>= 0.2 mm)  4 (>= 2.0 mm)  0 (>= 20.0 mm)
Heat Base: 18.3  Cool Base: 18.3  Method: Integration


Mise à jour : 14/12/2019 19:26:29
powered by Cumulus v3.0.0 (3043)