METEO Meyenheim

 Latitude N 47° 54' 42"    Longitude E 07° 21' 22"    Altitude 210 m

Rapports de type NOAA
Selectionner un rapport Annuel ou mensuel
V/Λ2019 > Janvier Février Mars Avril Mai Juin Juillet Août Septembre Octobre Novembre Décembre
V/Λ2018 > Janvier Février Mars Avril Mai Juin Juillet Août Septembre Octobre Novembre Décembre
V/Λ2017 > Janvier Février Mars Avril Mai Juin Juillet Août Septembre Octobre Novembre Décembre
V/Λ2016 > Janvier Février Mars Avril Mai Juin Juillet Août Septembre Octobre Novembre Décembre
V/Λ2015 > Janvier Février Mars Avril Mai Juin Juillet Août Septembre Octobre Novembre Décembre
V/Λ2014 > Janvier Février Mars Avril Mai Juin Juillet Août Septembre Octobre Novembre Décembre
V/Λ2013 > Janvier Février Mars Avril Mai Juin Juillet Août Septembre Octobre Novembre Décembre
V/Λ2012 > Janvier Février Mars Avril Mai Juin Juillet Août Septembre Octobre Novembre Décembre
V/Λ2011 > Janvier Février Mars Avril Mai Juin Juillet Août Septembre Octobre Novembre Décembre
V/Λ2010 > Janvier Février Mars Avril Mai Juin Juillet Août Septembre Octobre Novembre Décembre
V/Λ2009 > Janvier Février Mars Avril Mai Juin Juillet Août Septembre Octobre Novembre Décembre
V/Λ2008 > Janvier Février Mars Avril Mai Juin Juillet Août Septembre Octobre Novembre Décembre
V/Λ2007 > Janvier Février Mars Avril Mai Juin Juillet Août Septembre Octobre Novembre Décembre
V/Λ2006 > Janvier Février Mars Avril Mai Juin Juillet Août Septembre Octobre Novembre Décembre
V/Λ2005 > Janvier Février Mars Avril Mai Juin Juillet Août Septembre Octobre Novembre Décembre
V/Λ2004 > Janvier Février Mars Avril Mai Juin Juillet Août Septembre Octobre Novembre Décembre
V/Λ2003 > Janvier Février Mars Avril Mai Juin Juillet Août Septembre Octobre Novembre Décembre
V/Λ2002 > Janvier Février Mars Avril Mai Juin Juillet Août Septembre Octobre Novembre Décembre

Rapport pour Avril 2005
                   Monthly Climatological Summary for avr. 2005

Name: IALSACEM4   City: Meyenheim   State: 
Elevation: 210 m  Lat: N 47° 54' 42"   Lon: E 007° 21' 22"

                  Temperature (°C), Rain (mm), Wind Speed (km/h)

                                      Heat  Cool        Avg
    Mean                              Deg   Deg         Wind                 Dom
Day Temp  High   Time   Low    Time   Days  Days  Rain  Speed High   Time    Dir
----------------------------------------------------------------------------------
 1  11.4  16.8   15:22   6.0   07:58   6.7   0.0   0.0   6.7  20.2   17:07     N
 2  10.1  17.0   17:11   3.2   07:50   7.1   0.0   0.0   2.3  21.6   18:38     N
 3  12.5  19.1   17:14   5.8   06:44   5.3   0.0   0.0   1.9  16.2   18:19     S
 4  13.0  19.8   17:22   6.1   07:25   4.9   0.0   0.0   2.5  14.8   13:13   SSO
 5  14.5  20.5   16:34   8.5   06:56   6.6   0.0   0.0   7.5  20.2   08:00   SSO
 6  11.3  14.0   15:42   8.6   07:59   4.8   0.0   0.0   6.2  29.2   13:09    SO
 7  15.0  20.4   16:01   9.6   09:02   6.3   0.0   8.0   8.7  33.1   15:43   SSO
 8  10.7  14.9   16:07   6.4   08:22   9.3   0.0   2.0   7.1  34.6   15:09   SSO
 9   8.0  13.1   16:53   2.9   08:59  13.3   0.0   8.0   7.5  22.3   15:55     N
10   2.7   5.6   19:13  -0.3   04:49  12.8   0.0   2.0   3.7  30.6   14:37   NNE
11   6.5  11.6   15:04   1.4   09:04   8.7   0.0   0.0  10.7  24.5   08:44     N
12  10.8  15.4   16:51   6.2   07:36   8.8   0.0   0.0   7.5  31.3   17:02     N
13  10.0  12.7   16:22   7.3   09:06   6.4   0.0   0.0   1.8  25.6   14:09     S
14  12.3  17.2   16:10   7.4   07:06   4.5   0.0   0.0   4.3  16.2   15:40   SSO
15  13.5  19.8   15:10   7.1   07:22   6.0   0.0   0.0   3.6  19.4   16:46    SO
16  13.8  19.7   14:17   7.9   06:23   7.0   0.0   0.0   8.3  26.3   14:18     N
17  11.3  16.6   17:57   6.0   08:59  10.6   0.0  14.0   6.8  24.8   17:12     S
18   8.2  10.7   17:59   5.7   10:33   6.7   0.0   6.0   2.8  21.6   20:37   SSO
19  12.2  15.9   14:21   8.5   09:07   7.0   0.0   9.0   2.6  14.8   13:08    SO
20  11.4  15.2   13:18   7.5   06:13   9.4   0.0   0.0   1.2  21.6   16:17    SO
21   8.6  11.2   15:50   6.0   08:39   8.9   0.0  12.0   7.8  18.0   08:16     N
22   8.0  13.9   17:07   2.0   07:04   8.4   0.0   0.0   2.0  23.8   14:05     N
23  11.3  16.6   17:22   6.0   05:47   7.7   0.0   0.0   3.1  14.8   16:14   SSO
24  12.4  16.3   13:34   8.5   09:01   6.4   0.0   2.0   2.6  22.3   14:13   SSO
25  12.0  13.5   16:34  10.5   07:47   6.1   0.0   2.0   6.9  26.3   06:35    SO
26  12.3  14.6   17:33   9.9   06:14   4.4   0.0   0.0   6.6  27.7   10:07    SO
27  15.1  19.1   17:00  11.1   07:47   5.8   0.0   2.0   7.2  23.8   12:42   SSO
28  12.2  15.5   17:05   8.8   06:47   3.1   0.0   1.0   1.4  27.7   17:03     S
29  16.7  21.8   16:17  11.6   09:01   0.0   0.5   0.0   1.8  11.9   16:34     S
30  18.4  25.3   16:49  11.5   07:12   0.0   1.6   0.0   1.1  12.6   11:58   ESE
----------------------------------------------------------------------------------
    11.5  25.3    30    -0.3    10   203.0   2.1  68.0   4.8  34.6     8     OSO

Max >=  30.0:  0
Max <=   0.0:  0
Min <= -10.0:  0
Min <= -18.0:  0
Max Rain: 14.0 on day 17
Days of Rain: 12 (>= 0.2 mm)  11 (>= 2.0 mm)  0 (>= 20.0 mm)
Heat Base: 18.3  Cool Base: 18.3  Method: Integration


Mise à jour : 18/10/2019 06:16:06
powered by Cumulus v3.0.0 (3043)