METEO Meyenheim

 Latitude N 47° 54' 42"    Longitude E 07° 21' 22"    Altitude 210 m

Rapports de type NOAA
Selectionner un rapport Annuel ou mensuel
V/Λ2019 > Janvier Février Mars Avril Mai Juin Juillet Août Septembre Octobre Novembre Décembre
V/Λ2018 > Janvier Février Mars Avril Mai Juin Juillet Août Septembre Octobre Novembre Décembre
V/Λ2017 > Janvier Février Mars Avril Mai Juin Juillet Août Septembre Octobre Novembre Décembre
V/Λ2016 > Janvier Février Mars Avril Mai Juin Juillet Août Septembre Octobre Novembre Décembre
V/Λ2015 > Janvier Février Mars Avril Mai Juin Juillet Août Septembre Octobre Novembre Décembre
V/Λ2014 > Janvier Février Mars Avril Mai Juin Juillet Août Septembre Octobre Novembre Décembre
V/Λ2013 > Janvier Février Mars Avril Mai Juin Juillet Août Septembre Octobre Novembre Décembre
V/Λ2012 > Janvier Février Mars Avril Mai Juin Juillet Août Septembre Octobre Novembre Décembre
V/Λ2011 > Janvier Février Mars Avril Mai Juin Juillet Août Septembre Octobre Novembre Décembre
V/Λ2010 > Janvier Février Mars Avril Mai Juin Juillet Août Septembre Octobre Novembre Décembre
V/Λ2009 > Janvier Février Mars Avril Mai Juin Juillet Août Septembre Octobre Novembre Décembre
V/Λ2008 > Janvier Février Mars Avril Mai Juin Juillet Août Septembre Octobre Novembre Décembre
V/Λ2007 > Janvier Février Mars Avril Mai Juin Juillet Août Septembre Octobre Novembre Décembre
V/Λ2006 > Janvier Février Mars Avril Mai Juin Juillet Août Septembre Octobre Novembre Décembre
V/Λ2005 > Janvier Février Mars Avril Mai Juin Juillet Août Septembre Octobre Novembre Décembre
V/Λ2004 > Janvier Février Mars Avril Mai Juin Juillet Août Septembre Octobre Novembre Décembre
V/Λ2003 > Janvier Février Mars Avril Mai Juin Juillet Août Septembre Octobre Novembre Décembre
V/Λ2002 > Janvier Février Mars Avril Mai Juin Juillet Août Septembre Octobre Novembre Décembre

Rapport pour Mai 2005
                   Monthly Climatological Summary for mai 2005

Name: IALSACEM4   City: Meyenheim   State: 
Elevation: 210 m  Lat: N 47° 54' 42"   Lon: E 007° 21' 22"

                  Temperature (°C), Rain (mm), Wind Speed (km/h)

                                      Heat  Cool        Avg
    Mean                              Deg   Deg         Wind                 Dom
Day Temp  High   Time   Low    Time   Days  Days  Rain  Speed High   Time    Dir
----------------------------------------------------------------------------------
 1  20.5  27.1   17:39  13.8   05:26   0.0   3.6   0.0   0.4  10.8   14:26   SSO
 2  21.8  29.3   16:03  14.2   06:45   0.0   3.6   0.0   6.3  15.5   01:41    SO
 3  22.6  29.2   13:27  16.0   08:08   0.8   0.0   0.0   6.0  31.3   18:13   SSO
 4  17.4  22.8   13:32  12.0   05:58   4.5   0.0   2.0   6.1  25.6   13:10    SO
 5  14.6  18.3   13:31  10.8   07:17   5.5   0.0   2.0   1.6  23.0   12:48   ESE
 6  13.4  18.1   13:06   8.7   06:35   7.1   0.0   1.0   5.4  20.2   13:27    SO
 7  12.2  14.9   17:35   9.5   07:04   6.9   0.0   0.0   8.9  24.5   11:22    SO
 8   9.9  14.8   17:41   5.0   06:37   7.4   0.0   1.0   4.8  36.7   12:33   OSO
 9  11.6  16.2   14:38   7.0   06:31   7.0   0.0   1.0   3.0  25.6   15:22   NNO
10  11.1  16.2   13:27   5.9   03:19   8.0   0.0   0.0   4.9  15.5   12:42     N
11   9.7  15.9   14:29   3.4   05:37   7.6   0.0   0.0   7.2  25.6   15:15     N
12  11.9  17.1   16:55   6.7   06:30   4.5   0.0   0.0  10.6  24.5   17:58     N
13  16.0  21.1   16:19  10.8   09:01   3.6   0.0   0.0   3.5  27.0   14:15     N
14  15.6  19.6   17:18  11.5   10:02   4.0   0.0   4.0   5.8  14.8   19:15    SO
15  14.1  16.4   18:24  11.7   07:07   4.0   0.0   1.0   5.0  28.4   17:18    SO
16  13.4  17.6   13:17   9.2   05:27   7.3   0.0   0.0   1.2  20.2   13:33     N
17   9.9  12.3   13:50   7.5   04:53   5.3   0.0   9.0   5.7   9.4   08:04     N
18  13.9  19.4   15:51   8.3   05:56   6.9   0.0   0.0   9.6  27.7   02:14     N
19  10.6  16.0   15:01   5.1   06:01   4.9   0.0   0.0   2.2  23.8   09:51    SO
20  14.3  19.8   17:06   8.8   06:11   0.7   0.0   0.0   5.0  13.3   08:53    SO
21  20.5  26.0   15:42  14.9   08:59   0.3   0.0   3.0   7.4  26.3   22:57   SSO
22  17.2  19.3   13:34  15.0   09:08   0.1   0.0   0.0   9.3  17.6   12:17   SSO
23  17.8  23.1   14:07  12.4   08:34   3.9   0.0   9.0   3.5  24.5   16:34   SSO
24  12.8  17.5   14:11   8.1   06:31   2.3   0.0   4.0   3.4  18.7   15:17     S
25  16.3  22.3   14:45  10.3   06:09   0.0   1.1   0.0   1.9  15.5   14:15     N
26  20.2  27.0   16:25  13.4   05:50   0.0   4.3   0.0   2.5  11.9   17:39   SSO
27  22.7  30.0   16:48  15.3   06:15   0.0   6.0   0.0   2.3  13.3   14:28   SSO
28  24.8  32.1   14:59  17.5   06:02   0.0   7.3   0.0   2.5  14.0   16:43   SSO
29  25.4  32.1   13:23  18.6   06:19   0.0   7.2   0.0   2.3  18.0   15:22     N
30  26.6  32.4   15:54  20.8   08:06   0.0   1.6   0.0   8.9  27.7   03:46   OSO
31  15.8  21.4   10:17  10.2   05:11   2.2   0.0   0.0   3.8  49.7   18:11     N
----------------------------------------------------------------------------------
    16.3  32.4    30     3.4    11   104.8  34.7  37.0   4.8  49.7    31     OSO

Max >=  30.0:  4
Max <=   0.0:  0
Min <= -10.0:  0
Min <= -18.0:  0
Max Rain: 9.0 on day 17
Days of Rain: 11 (>= 0.2 mm)  7 (>= 2.0 mm)  0 (>= 20.0 mm)
Heat Base: 18.3  Cool Base: 18.3  Method: Integration


Mise à jour : 21/08/2019 07:25:18
powered by Cumulus v3.0.0 (3043)