METEO Meyenheim

 Latitude N 47° 54' 42"    Longitude E 07° 21' 22"    Altitude 210 m

Rapports de type NOAA
Selectionner un rapport Annuel ou mensuel
V/Λ2019 > Janvier Février Mars Avril Mai Juin Juillet Août Septembre Octobre Novembre Décembre
V/Λ2018 > Janvier Février Mars Avril Mai Juin Juillet Août Septembre Octobre Novembre Décembre
V/Λ2017 > Janvier Février Mars Avril Mai Juin Juillet Août Septembre Octobre Novembre Décembre
V/Λ2016 > Janvier Février Mars Avril Mai Juin Juillet Août Septembre Octobre Novembre Décembre
V/Λ2015 > Janvier Février Mars Avril Mai Juin Juillet Août Septembre Octobre Novembre Décembre
V/Λ2014 > Janvier Février Mars Avril Mai Juin Juillet Août Septembre Octobre Novembre Décembre
V/Λ2013 > Janvier Février Mars Avril Mai Juin Juillet Août Septembre Octobre Novembre Décembre
V/Λ2012 > Janvier Février Mars Avril Mai Juin Juillet Août Septembre Octobre Novembre Décembre
V/Λ2011 > Janvier Février Mars Avril Mai Juin Juillet Août Septembre Octobre Novembre Décembre
V/Λ2010 > Janvier Février Mars Avril Mai Juin Juillet Août Septembre Octobre Novembre Décembre
V/Λ2009 > Janvier Février Mars Avril Mai Juin Juillet Août Septembre Octobre Novembre Décembre
V/Λ2008 > Janvier Février Mars Avril Mai Juin Juillet Août Septembre Octobre Novembre Décembre
V/Λ2007 > Janvier Février Mars Avril Mai Juin Juillet Août Septembre Octobre Novembre Décembre
V/Λ2006 > Janvier Février Mars Avril Mai Juin Juillet Août Septembre Octobre Novembre Décembre
V/Λ2005 > Janvier Février Mars Avril Mai Juin Juillet Août Septembre Octobre Novembre Décembre
V/Λ2004 > Janvier Février Mars Avril Mai Juin Juillet Août Septembre Octobre Novembre Décembre
V/Λ2003 > Janvier Février Mars Avril Mai Juin Juillet Août Septembre Octobre Novembre Décembre
V/Λ2002 > Janvier Février Mars Avril Mai Juin Juillet Août Septembre Octobre Novembre Décembre

Rapport pour Juin 2005
                   Monthly Climatological Summary for juin 2005

Name: IALSACEM4   City: Meyenheim   State: 
Elevation: 210 m  Lat: N 47° 54' 42"   Lon: E 007° 21' 22"

                  Temperature (°C), Rain (mm), Wind Speed (km/h)

                                      Heat  Cool        Avg
    Mean                              Deg   Deg         Wind                 Dom
Day Temp  High   Time   Low    Time   Days  Days  Rain  Speed High   Time    Dir
----------------------------------------------------------------------------------
 1  15.6  21.3   16:24   9.8   06:18   1.5   0.0   0.0   4.4  18.0   16:07     N
 2  16.9  22.7   17:19  11.1   06:08   0.0   1.2   0.0   1.5  19.4   12:04     N
 3  19.6  25.8   16:45  13.3   06:03   0.0   3.7   0.0   6.0  13.3   13:26    SO
 4  23.6  30.3   15:36  16.9   05:21   0.0   0.9   3.0   8.9  27.7   21:04   OSO
 5  18.5  22.5   15:32  14.4   06:36   0.3   0.0   0.0   5.5  26.3   18:18   OSO
 6  18.1  22.0   15:15  14.2   06:56   1.5   0.0   0.0   4.1  23.8   16:27    SO
 7  16.0  20.8   12:25  11.2   08:21   4.6   0.0   0.0   8.2  24.5   08:26     N
 8  11.9  16.8   15:05   7.0   06:09   4.6   0.0   0.0   8.8  29.2   15:23     N
 9  14.4  19.6   16:14   9.2   06:43   3.5   0.0   0.0   9.8  29.9   06:51     N
10  13.7  20.2   15:10   7.2   06:26   2.7   0.0   0.0   5.1  24.8   09:07     N
11  16.2  22.3   16:22  10.1   05:54   3.2   0.0   0.0   2.4  19.4   17:08   OSO
12  17.7  21.8   12:02  13.5   09:00   0.9   0.0   0.0   3.7  13.3   11:57   NNO
13  17.3  22.2   19:47  12.3   05:13   0.1   0.0   0.0   4.4  14.8   20:28   SSO
14  20.5  25.5   17:50  15.5   06:57   1.6   0.0   2.0   2.5  26.3   13:00   SSO
15  15.9  19.2   16:54  12.5   06:48   0.0   2.1   1.0   2.2  18.7   16:46   SSO
16  21.8  26.5   17:09  17.0   06:05   0.0   3.0   0.0   2.0  15.5   15:09    NO
17  21.0  26.5   14:30  15.5   06:17   0.0   5.0   0.0   0.8  13.3   18:27     N
18  24.3  29.6   16:00  18.9   05:39   0.0   5.2   0.0   8.5  26.3   08:45     E
19  23.0  28.9   16:54  17.0   06:09   0.0   5.0   0.0   8.7  25.6   19:01     N
20  23.0  30.6   16:43  15.4   06:34   0.0   7.0   0.0   3.0  27.7   16:40     N
21  25.4  32.9   17:04  17.8   06:04   0.0   8.1   0.0   1.6  15.5   18:25    SO
22  26.7  34.2   13:18  19.1   05:53   0.0   6.9   0.0   4.4  18.0   08:45     N
23  24.9  31.5   15:13  18.2   06:08   0.0   8.0   0.0   2.0  19.4   11:42     N
24  26.9  33.2   15:59  20.5   06:03   0.0  10.1   0.0   3.3  11.9   09:08   SSO
25  27.4  34.9   17:23  19.8   06:43   0.0   7.4   3.0   5.9  38.2   23:25   SSO
26  25.8  31.8   14:55  19.7   06:02   0.0   6.3   0.0   3.5  29.2   13:49   NNO
27  25.0  31.0   16:15  19.0   06:11   0.0   6.9   1.0   2.2  18.0   19:33   NNO
28  26.1  32.5   16:13  19.7   06:35   0.0   8.1   2.0   2.1  14.0   15:02   NNO
29  27.1  33.6   14:38  20.6   06:33   0.0   5.6   0.0   3.8  23.0   23:29     N
30  23.5  27.1   15:33  19.9   23:59   0.0   4.4   0.0   5.7  20.9   15:52    SO
----------------------------------------------------------------------------------
    20.9  34.9    25     7.0     8    24.5 104.9  12.0   5.2  38.2    25      NO

Max >=  30.0: 11
Max <=   0.0:  0
Min <= -10.0:  0
Min <= -18.0:  0
Max Rain: 3.0 on day 4
Days of Rain: 6 (>= 0.2 mm)  4 (>= 2.0 mm)  0 (>= 20.0 mm)
Heat Base: 18.3  Cool Base: 18.3  Method: Integration


Mise à jour : 08/12/2019 07:06:41
powered by Cumulus v3.0.0 (3043)