METEO Meyenheim

 Latitude N 47° 54' 42"    Longitude E 07° 21' 22"    Altitude 210 m

Rapports de type NOAA
Selectionner un rapport Annuel ou mensuel
V/Λ2019 > Janvier Février Mars Avril Mai Juin Juillet Août Septembre Octobre Novembre Décembre
V/Λ2018 > Janvier Février Mars Avril Mai Juin Juillet Août Septembre Octobre Novembre Décembre
V/Λ2017 > Janvier Février Mars Avril Mai Juin Juillet Août Septembre Octobre Novembre Décembre
V/Λ2016 > Janvier Février Mars Avril Mai Juin Juillet Août Septembre Octobre Novembre Décembre
V/Λ2015 > Janvier Février Mars Avril Mai Juin Juillet Août Septembre Octobre Novembre Décembre
V/Λ2014 > Janvier Février Mars Avril Mai Juin Juillet Août Septembre Octobre Novembre Décembre
V/Λ2013 > Janvier Février Mars Avril Mai Juin Juillet Août Septembre Octobre Novembre Décembre
V/Λ2012 > Janvier Février Mars Avril Mai Juin Juillet Août Septembre Octobre Novembre Décembre
V/Λ2011 > Janvier Février Mars Avril Mai Juin Juillet Août Septembre Octobre Novembre Décembre
V/Λ2010 > Janvier Février Mars Avril Mai Juin Juillet Août Septembre Octobre Novembre Décembre
V/Λ2009 > Janvier Février Mars Avril Mai Juin Juillet Août Septembre Octobre Novembre Décembre
V/Λ2008 > Janvier Février Mars Avril Mai Juin Juillet Août Septembre Octobre Novembre Décembre
V/Λ2007 > Janvier Février Mars Avril Mai Juin Juillet Août Septembre Octobre Novembre Décembre
V/Λ2006 > Janvier Février Mars Avril Mai Juin Juillet Août Septembre Octobre Novembre Décembre
V/Λ2005 > Janvier Février Mars Avril Mai Juin Juillet Août Septembre Octobre Novembre Décembre
V/Λ2004 > Janvier Février Mars Avril Mai Juin Juillet Août Septembre Octobre Novembre Décembre
V/Λ2003 > Janvier Février Mars Avril Mai Juin Juillet Août Septembre Octobre Novembre Décembre
V/Λ2002 > Janvier Février Mars Avril Mai Juin Juillet Août Septembre Octobre Novembre Décembre

Rapport pour Juillet 2005
                   Monthly Climatological Summary for juil. 2005

Name: IALSACEM4   City: Meyenheim   State: 
Elevation: 210 m  Lat: N 47° 54' 42"   Lon: E 007° 21' 22"

                  Temperature (°C), Rain (mm), Wind Speed (km/h)

                                      Heat  Cool        Avg
    Mean                              Deg   Deg         Wind                 Dom
Day Temp  High   Time   Low    Time   Days  Days  Rain  Speed High   Time    Dir
----------------------------------------------------------------------------------
 1  19.7  23.1   16:05  16.3   07:09   0.0   0.9   1.0   8.0  25.6   12:38   OSO
 2  19.1  22.1   17:15  16.1   07:14   0.0   0.8   0.0   4.7  18.0   14:50   SSO
 3  23.5  28.5   14:18  18.4   06:41   0.0   4.8   0.0   2.8  13.3   15:35    NE
 4  23.1  30.1   12:32  16.0   23:58   0.0   3.1   0.0   6.4  34.6   13:31   OSO
 5  17.5  21.6   18:02  13.4   06:26   0.8   0.0   0.0   4.0  16.2   11:01   SSO
 6  16.6  21.0   16:28  12.1   02:15   1.9   0.0   6.0   8.5  26.3   18:55    SO
 7  16.1  19.5   14:50  12.6   23:59   3.0   0.0   2.0   7.8  26.3   15:53   SSO
 8  16.9  21.3   16:38  12.4   01:46   2.1   0.0   2.0   7.2  20.9   14:09    SO
 9  17.7  23.5   15:28  11.8   05:43   0.3   0.0   0.0   4.5  20.2   17:44   NNE
10  19.1  24.1   14:30  14.0   06:00   0.0   1.0   2.0   8.7  30.6   14:26     N
11  20.3  26.4   15:43  14.2   06:45   0.0   1.2   1.0   4.6  25.6   19:27     N
12  20.8  27.1   15:24  14.4   06:15   0.0   1.9  11.0   2.6  24.8   17:00     N
13  25.1  29.4   17:13  20.7   23:59   0.0   7.1   0.0   8.0  20.2   18:52     N
14  23.2  30.9   14:41  15.4   06:30   0.0   5.4   0.0   0.8  13.3   13:52   ESE
15  24.1  32.0   17:17  16.2   06:05   0.0   6.1   0.0   5.4  26.3   14:32    SO
16  26.0  30.9   17:19  21.0   02:13   0.0   6.7   2.0   3.8  21.6   16:36    SO
17  24.5  32.1   14:58  16.8   06:24   0.0   6.7   0.0   3.4  17.6   16:25   SSE
18  23.7  29.6   12:04  17.7   07:09   0.0   3.7   5.0   5.6  27.7   13:34   SSO
19  21.2  25.2   17:08  17.1   05:15   0.0   1.9   1.0   7.1  27.0   11:43   OSO
20  19.8  24.2   11:34  15.4   07:01   0.0   1.6   1.0   8.0  25.6   14:41   OSO
21  20.4  25.7   15:20  15.1   06:34   0.0   2.1   4.0   5.7  26.3   13:30     O
22  19.0  21.5   17:14  16.4   06:36   0.0   0.4   0.0   2.1  12.6   12:50     E
23  19.7  24.4   17:34  14.9   06:46   0.0   0.9   0.0   2.6  18.0   20:47   ONO
24  20.0  23.5   14:25  16.5   06:44   0.0   1.3   0.0   3.9  18.0   17:50   SSO
25  20.3  22.3   18:45  18.2   11:15   0.0   1.4  17.0   6.6  20.2   20:28   SSO
26  22.9  28.3   16:04  17.5   07:03   0.0   3.9   0.0   5.1  17.6   12:00    SO
27  25.2  33.1   16:03  17.2   06:18   0.0   6.9   0.0   2.0  15.5   15:39     S
28  28.0  34.4   17:08  21.5   06:39   0.0   9.4   0.0   3.4  15.5   13:56   SSO
29  25.7  31.3   15:15  20.0   23:59   0.0   6.2  23.0   3.9  29.2   17:13   NNE
30  22.0  26.7   14:28  17.2   23:59   0.0   3.4   0.0   8.0  24.5   16:45    SO
31  20.3  26.4   15:50  14.1   06:45   0.0   1.9   0.0   5.2  24.8   13:52   OSO
----------------------------------------------------------------------------------
    21.3  34.4    28    11.8     9     8.1  90.7  78.0   5.0  34.6     4      SO

Max >=  30.0:  8
Max <=   0.0:  0
Min <= -10.0:  0
Min <= -18.0:  0
Max Rain: 23.0 on day 29
Days of Rain: 14 (>= 0.2 mm)  10 (>= 2.0 mm)  1 (>= 20.0 mm)
Heat Base: 18.3  Cool Base: 18.3  Method: Integration


Mise à jour : 19/11/2019 20:42:02
powered by Cumulus v3.0.0 (3043)