METEO Meyenheim

 Latitude N 47° 54' 42"    Longitude E 07° 21' 22"    Altitude 210 m

Rapports de type NOAA
Selectionner un rapport Annuel ou mensuel
V/Λ2019 > Janvier Février Mars Avril Mai Juin Juillet Août Septembre Octobre Novembre Décembre
V/Λ2018 > Janvier Février Mars Avril Mai Juin Juillet Août Septembre Octobre Novembre Décembre
V/Λ2017 > Janvier Février Mars Avril Mai Juin Juillet Août Septembre Octobre Novembre Décembre
V/Λ2016 > Janvier Février Mars Avril Mai Juin Juillet Août Septembre Octobre Novembre Décembre
V/Λ2015 > Janvier Février Mars Avril Mai Juin Juillet Août Septembre Octobre Novembre Décembre
V/Λ2014 > Janvier Février Mars Avril Mai Juin Juillet Août Septembre Octobre Novembre Décembre
V/Λ2013 > Janvier Février Mars Avril Mai Juin Juillet Août Septembre Octobre Novembre Décembre
V/Λ2012 > Janvier Février Mars Avril Mai Juin Juillet Août Septembre Octobre Novembre Décembre
V/Λ2011 > Janvier Février Mars Avril Mai Juin Juillet Août Septembre Octobre Novembre Décembre
V/Λ2010 > Janvier Février Mars Avril Mai Juin Juillet Août Septembre Octobre Novembre Décembre
V/Λ2009 > Janvier Février Mars Avril Mai Juin Juillet Août Septembre Octobre Novembre Décembre
V/Λ2008 > Janvier Février Mars Avril Mai Juin Juillet Août Septembre Octobre Novembre Décembre
V/Λ2007 > Janvier Février Mars Avril Mai Juin Juillet Août Septembre Octobre Novembre Décembre
V/Λ2006 > Janvier Février Mars Avril Mai Juin Juillet Août Septembre Octobre Novembre Décembre
V/Λ2005 > Janvier Février Mars Avril Mai Juin Juillet Août Septembre Octobre Novembre Décembre
V/Λ2004 > Janvier Février Mars Avril Mai Juin Juillet Août Septembre Octobre Novembre Décembre
V/Λ2003 > Janvier Février Mars Avril Mai Juin Juillet Août Septembre Octobre Novembre Décembre
V/Λ2002 > Janvier Février Mars Avril Mai Juin Juillet Août Septembre Octobre Novembre Décembre

Rapport pour Août 2005
                   Monthly Climatological Summary for août 2005

Name: IALSACEM4   City: Meyenheim   State: 
Elevation: 210 m  Lat: N 47° 54' 42"   Lon: E 007° 21' 22"

                  Temperature (°C), Rain (mm), Wind Speed (km/h)

                                      Heat  Cool        Avg
    Mean                              Deg   Deg         Wind                 Dom
Day Temp  High   Time   Low    Time   Days  Days  Rain  Speed High   Time    Dir
----------------------------------------------------------------------------------
 1  19.9  26.0   16:25  13.8   06:56   0.0   2.1   1.0   3.5  15.5   16:13     N
 2  16.9  18.6   00:01  15.1   23:50   2.1   0.0  12.0   8.3  27.0   13:13     N
 3  19.7  24.2   16:12  15.2   07:15   0.0   0.7   0.0   2.7  14.8   17:54   ONO
 4  19.3  24.2   14:25  14.4   07:24   0.0   0.8   0.0   2.9  17.6   16:03   NNE
 5  19.1  26.2   14:03  11.9   06:45   0.0   1.2   0.0   4.9  26.3   21:33    SO
 6  20.5  24.4   15:52  16.6   07:10   0.0   1.6   0.0   4.3  17.6   00:39   NNO
 7  18.0  22.7   12:56  13.2   23:59   1.7   0.0   0.0   3.4  20.2   15:49   ONO
 8  15.5  21.6   14:14   9.3   07:22   2.8   0.0   0.0   1.7  15.5   14:55   OSO
 9  16.3  23.8   17:19   8.8   06:50   1.4   0.0   0.0   2.1  13.3   14:05   ENE
10  17.9  24.8   16:23  10.9   07:00   0.0   0.1   0.0   2.0  16.9   18:18    NE
11  17.4  23.3   14:20  11.4   06:54   0.3   0.0   0.0   3.5  18.0   16:16   NNE
12  19.9  27.4   15:52  12.4   06:29   0.0   1.2   0.0   5.2  24.5   17:19    SO
13  19.3  24.9   12:39  13.7   07:02   0.0   1.1   0.0   1.8  13.3   16:51    NE
14  16.7  19.9   15:22  13.5   23:59   2.1   0.0   3.0   6.5  30.6   12:01   SSO
15  14.3  17.3   15:29  11.3   05:02   3.8   0.0   2.0   4.3  19.4   16:35   OSO
16  18.1  22.3   14:56  13.8   05:19   0.9   0.0   1.0   5.0  20.9   14:05     N
17  19.5  26.3   17:52  12.7   06:56   0.0   1.4   0.0   6.8  18.0   16:26     N
18  21.5  29.2   15:49  13.8   07:15   0.0   3.2   0.0   3.3  22.3   15:47   SSO
19  23.6  28.9   13:44  18.2   07:23   0.0   3.8   0.0   7.9  24.8   13:18    SO
20  17.3  19.7   11:57  14.9   07:09   1.1   0.0   2.0   1.3  17.6   13:08    NO
21  16.1  17.5   22:12  14.6   07:08   2.3   0.0  15.0   6.0  20.2   12:09     N
22  19.7  22.7   17:55  16.6   00:17   0.0   0.1   8.0   6.8  20.2   15:12   NNO
23  18.2  22.4   15:31  13.9   07:14   0.6   0.0   0.0   1.8  15.5   11:42    SO
24  19.9  24.0   16:14  15.7   07:35   0.0   0.7   0.0   2.7  17.6   14:57   SSO
25  19.3  22.6   11:49  16.0   23:59   0.5   0.0   0.0  10.2  39.2   13:32   SSO
26  18.6  23.3   17:07  13.9   23:59   0.1   0.0   0.0   3.9  19.4   15:16   OSO
27  17.0  22.6   15:49  11.3   07:26   1.8   0.0   0.0   3.1  18.0   15:07     N
28  18.6  24.3   16:52  12.9   07:50   0.0   0.5   0.0   5.4  20.9   12:30     N
29  19.6  26.5   17:21  12.6   07:06   0.0   1.5   0.0   3.0  13.3   11:47   NNE
30  21.6  28.8   16:30  14.4   07:03   0.0   3.4   0.0   2.3  13.3   18:20     N
31  22.3  28.6   12:49  15.9   07:04   0.0   1.7   0.0   0.1  10.1   12:48   SSE
----------------------------------------------------------------------------------
    18.8  29.2    18     8.8     9    21.5  25.1  44.0   4.2  39.2    25      NO

Max >=  30.0:  0
Max <=   0.0:  0
Min <= -10.0:  0
Min <= -18.0:  0
Max Rain: 15.0 on day 21
Days of Rain: 8 (>= 0.2 mm)  6 (>= 2.0 mm)  0 (>= 20.0 mm)
Heat Base: 18.3  Cool Base: 18.3  Method: Integration


Mise à jour : 13/10/2019 23:35:48
powered by Cumulus v3.0.0 (3043)