METEO Meyenheim

 Latitude N 47° 54' 42"    Longitude E 07° 21' 22"    Altitude 210 m

Rapports de type NOAA
Selectionner un rapport Annuel ou mensuel
V/Λ2019 > Janvier Février Mars Avril Mai Juin Juillet Août Septembre Octobre Novembre Décembre
V/Λ2018 > Janvier Février Mars Avril Mai Juin Juillet Août Septembre Octobre Novembre Décembre
V/Λ2017 > Janvier Février Mars Avril Mai Juin Juillet Août Septembre Octobre Novembre Décembre
V/Λ2016 > Janvier Février Mars Avril Mai Juin Juillet Août Septembre Octobre Novembre Décembre
V/Λ2015 > Janvier Février Mars Avril Mai Juin Juillet Août Septembre Octobre Novembre Décembre
V/Λ2014 > Janvier Février Mars Avril Mai Juin Juillet Août Septembre Octobre Novembre Décembre
V/Λ2013 > Janvier Février Mars Avril Mai Juin Juillet Août Septembre Octobre Novembre Décembre
V/Λ2012 > Janvier Février Mars Avril Mai Juin Juillet Août Septembre Octobre Novembre Décembre
V/Λ2011 > Janvier Février Mars Avril Mai Juin Juillet Août Septembre Octobre Novembre Décembre
V/Λ2010 > Janvier Février Mars Avril Mai Juin Juillet Août Septembre Octobre Novembre Décembre
V/Λ2009 > Janvier Février Mars Avril Mai Juin Juillet Août Septembre Octobre Novembre Décembre
V/Λ2008 > Janvier Février Mars Avril Mai Juin Juillet Août Septembre Octobre Novembre Décembre
V/Λ2007 > Janvier Février Mars Avril Mai Juin Juillet Août Septembre Octobre Novembre Décembre
V/Λ2006 > Janvier Février Mars Avril Mai Juin Juillet Août Septembre Octobre Novembre Décembre
V/Λ2005 > Janvier Février Mars Avril Mai Juin Juillet Août Septembre Octobre Novembre Décembre
V/Λ2004 > Janvier Février Mars Avril Mai Juin Juillet Août Septembre Octobre Novembre Décembre
V/Λ2003 > Janvier Février Mars Avril Mai Juin Juillet Août Septembre Octobre Novembre Décembre
V/Λ2002 > Janvier Février Mars Avril Mai Juin Juillet Août Septembre Octobre Novembre Décembre

Rapport pour Septembre 2005
                   Monthly Climatological Summary for sept. 2005

Name: IALSACEM4   City: Meyenheim   State: 
Elevation: 210 m  Lat: N 47° 54' 42"   Lon: E 007° 21' 22"

                  Temperature (°C), Rain (mm), Wind Speed (km/h)

                                      Heat  Cool        Avg
    Mean                              Deg   Deg         Wind                 Dom
Day Temp  High   Time   Low    Time   Days  Days  Rain  Speed High   Time    Dir
----------------------------------------------------------------------------------
 1  25.6  29.5   15:23  21.7   23:59   0.0   8.1   0.0   3.6  15.5   14:12   NNO
 2  23.3  28.0   16:33  18.5   07:44   0.0   4.8   0.0   3.8  20.2   16:16     N
 3  23.5  28.3   16:49  18.6   07:35   0.0   4.9   0.0   7.8  18.7   17:27     N
 4  22.3  27.4   17:36  17.1   07:35   0.0   3.9   0.0   4.1  15.5   15:37     N
 5  22.0  28.4   15:41  15.5   07:48   0.0   2.5   0.0   2.5  24.5   17:13   SSO
 6  22.4  27.5   17:07  17.2   07:12   0.0   3.2   0.0   3.6  16.9   01:59   ONO
 7  21.4  28.3   15:18  14.5   07:29   0.0   2.8   0.0   2.4  16.2   16:37   SSO
 8  22.5  28.9   16:28  16.1   07:26   0.0   4.0   0.0   1.9  14.8   15:58   NNO
 9  23.0  27.7   14:01  18.3   23:59   0.0   2.8   0.0   2.9  18.7   04:51     S
10  21.7  26.4   15:18  17.0   23:55   0.0   2.0   0.0   3.9  20.2   17:59   SSO
11  18.4  20.3   17:14  16.5   10:31   0.4   0.0  14.0   2.1  15.5   14:07     S
12  19.1  22.2   16:54  15.9   07:51   0.0   0.0   0.0   2.7  18.0   14:25    SO
13  18.0  20.0   17:37  15.9   10:41   0.9   0.0   0.0   5.2  17.6   13:37     N
14  17.9  21.4   17:09  14.4   05:33   0.8   0.0   0.0   0.3   9.4   15:53   OSO
15  19.2  23.6   16:29  14.7   06:51   0.3   0.0   0.0   5.3  20.2   17:49   SSO
16  15.4  20.6   15:22  10.2   22:20   1.5   0.0  15.0  10.4  27.7   20:34    SO
17  12.2  15.6   17:07   8.7   23:59   6.6   0.0   0.0  10.0  27.0   12:16     N
18  11.7  16.6   17:42   6.7   06:52   7.2   0.0   0.0  11.0  28.4   11:59     N
19  12.3  16.9   16:38   7.7   07:37   6.1   0.0   0.0   9.0  26.3   08:54     N
20  12.0  18.6   16:52   5.4   08:01   6.4   0.0   0.0   3.0  19.4   14:11     N
21  13.6  20.0   16:58   7.1   07:41   5.1   0.0   0.0   7.0  24.5   16:30     N
22  13.2  19.5   16:57   6.8   07:44   5.2   0.0   0.0   2.0  14.0   12:49   NNE
23  15.3  22.9   15:35   7.6   07:27   3.3   0.0   0.0   4.1  26.3   16:48   SSO
24  17.5  23.6   15:22  11.4   08:03   1.2   0.0   0.0   2.6  14.0   15:31   SSO
25  17.1  24.1   15:18  10.1   07:35   1.7   0.0   0.0   2.6  16.2   15:15   SSO
26  17.8  22.4   14:49  13.1   06:36   1.1   0.0   0.0   1.5  16.2   15:23   SSO
27  17.4  20.6   16:27  14.2   07:38   1.8   0.0   0.0   3.6  20.9   16:43   SSO
28  16.2  18.7   16:24  13.7   23:59   2.6   0.0   0.0   3.3  15.5   09:05     S
29  13.9  17.4   11:25  10.4   23:59   4.6   0.0   1.0   5.1  27.7   14:50    SO
30  12.3  17.0   15:27   7.5   06:51   6.5   0.0   0.0   3.1  15.5   14:54   SSO
----------------------------------------------------------------------------------
    17.9  29.5     1     5.4    20    63.3  39.0  30.0   4.4  28.4    18     ONO

Max >=  30.0:  0
Max <=   0.0:  0
Min <= -10.0:  0
Min <= -18.0:  0
Max Rain: 15.0 on day 16
Days of Rain: 3 (>= 0.2 mm)  2 (>= 2.0 mm)  0 (>= 20.0 mm)
Heat Base: 18.3  Cool Base: 18.3  Method: Integration


Mise à jour : 18/10/2019 05:31:06
powered by Cumulus v3.0.0 (3043)