METEO Meyenheim

 Latitude N 47° 54' 42"    Longitude E 07° 21' 22"    Altitude 210 m

Rapports de type NOAA
Selectionner un rapport Annuel ou mensuel
V/Λ2019 > Janvier Février Mars Avril Mai Juin Juillet Août Septembre Octobre Novembre Décembre
V/Λ2018 > Janvier Février Mars Avril Mai Juin Juillet Août Septembre Octobre Novembre Décembre
V/Λ2017 > Janvier Février Mars Avril Mai Juin Juillet Août Septembre Octobre Novembre Décembre
V/Λ2016 > Janvier Février Mars Avril Mai Juin Juillet Août Septembre Octobre Novembre Décembre
V/Λ2015 > Janvier Février Mars Avril Mai Juin Juillet Août Septembre Octobre Novembre Décembre
V/Λ2014 > Janvier Février Mars Avril Mai Juin Juillet Août Septembre Octobre Novembre Décembre
V/Λ2013 > Janvier Février Mars Avril Mai Juin Juillet Août Septembre Octobre Novembre Décembre
V/Λ2012 > Janvier Février Mars Avril Mai Juin Juillet Août Septembre Octobre Novembre Décembre
V/Λ2011 > Janvier Février Mars Avril Mai Juin Juillet Août Septembre Octobre Novembre Décembre
V/Λ2010 > Janvier Février Mars Avril Mai Juin Juillet Août Septembre Octobre Novembre Décembre
V/Λ2009 > Janvier Février Mars Avril Mai Juin Juillet Août Septembre Octobre Novembre Décembre
V/Λ2008 > Janvier Février Mars Avril Mai Juin Juillet Août Septembre Octobre Novembre Décembre
V/Λ2007 > Janvier Février Mars Avril Mai Juin Juillet Août Septembre Octobre Novembre Décembre
V/Λ2006 > Janvier Février Mars Avril Mai Juin Juillet Août Septembre Octobre Novembre Décembre
V/Λ2005 > Janvier Février Mars Avril Mai Juin Juillet Août Septembre Octobre Novembre Décembre
V/Λ2004 > Janvier Février Mars Avril Mai Juin Juillet Août Septembre Octobre Novembre Décembre
V/Λ2003 > Janvier Février Mars Avril Mai Juin Juillet Août Septembre Octobre Novembre Décembre
V/Λ2002 > Janvier Février Mars Avril Mai Juin Juillet Août Septembre Octobre Novembre Décembre

Rapport pour Novembre 2005
                   Monthly Climatological Summary for nov. 2005

Name: IALSACEM4   City: Meyenheim   State: 
Elevation: 210 m  Lat: N 47° 54' 42"   Lon: E 007° 21' 22"

                  Temperature (°C), Rain (mm), Wind Speed (km/h)

                                      Heat  Cool        Avg
    Mean                              Deg   Deg         Wind                 Dom
Day Temp  High   Time   Low    Time   Days  Days  Rain  Speed High   Time    Dir
----------------------------------------------------------------------------------
 1  13.3  17.7   15:00   9.2   23:30   5.2   0.0   2.4   6.6  24.1   04:30   SSO
 2  11.0  16.0   15:00   6.3   06:00   7.0   0.0   0.2   3.0  37.0   13:00     N
 3  15.1  19.4   14:30  10.8   06:00   7.0   0.0   4.0   9.1   6.5   23:26     N
 4  14.3  17.2   13:02  11.4   03:43   5.6   0.0   5.0   7.0  22.3   15:17     N
 5  10.7  14.5   12:34   6.8   21:58   5.7   0.0   3.0   2.8  18.0   14:32    SO
 6   7.8  12.4   15:21   3.1   07:25   6.8   0.0   0.0   1.2  11.2   23:17   SSE
 7   7.9  13.3   14:55   2.5   07:25   6.9   0.0   0.0   2.4  20.2   14:50    SO
 8   7.9  13.6   14:31   2.2   07:54   7.0   0.0   0.0   2.4  11.9   13:50   SSO
 9   9.3  15.2   15:49   3.4   08:00   6.6   0.0   0.0   1.7  14.8   11:14   SSO
10   8.2  11.5   15:36   4.8   03:36   8.2   0.0   0.0   1.3   7.9   15:12     N
11   8.9  12.6   14:23   5.1   22:03   7.2   0.0   0.0   2.4  24.5   23:00   OSO
12   8.6  12.5   15:04   4.7   07:43   7.1   0.0   0.0   1.8  20.2   00:34    SO
13   6.8   8.0   00:00   5.6   02:50   8.3   0.0   0.0   1.3  14.0   23:48     N
14   5.3   6.5   00:05   4.1   07:07   9.5   0.0   0.0   3.3  20.2   04:20     N
15   5.3   6.8   15:57   3.8   08:07  10.8   0.0   0.0   2.8  23.8   08:29     O
16   5.4   8.5   15:26   2.3   03:48  11.7   0.0   0.0   2.0  20.9   12:24    NO
17   3.5   7.5   13:26  -0.5   23:59  12.7   0.0   0.0   3.4  12.6   10:44     N
18   2.0   5.5   15:33  -1.5   23:59  15.3   0.0   0.0   2.1  14.8   02:52     S
19  -0.1   2.8   16:13  -3.0   06:32  16.0   0.0   0.0   1.3  11.9   15:58    NO
20  -0.9   0.7   14:28  -2.4   01:26  15.2   0.0   0.0   1.3   9.4   15:26   OSO
21  -0.9   2.9   13:36  -4.6   07:58  13.9   0.0   0.0   3.5  18.7   23:58     S
22   1.1   3.4   13:50  -1.2   08:43  12.8   0.0   0.0  10.7  30.6   13:23     N
23   0.5   3.1   15:07  -2.2   23:59  13.4   0.0   0.0   9.8  30.6   16:12     N
24  -2.3   0.9   15:21  -5.4   08:07  15.2   0.0   0.0   6.1  32.4   22:06   SSO
25   0.3   2.9   11:01  -2.3   23:14  13.4   0.0   3.0  10.3  29.9   04:37   SSO
26   0.5   3.9   14:28  -2.9   04:49  13.0   0.0   0.0   8.0  24.8   12:20     S
27   0.6   3.1   12:30  -2.0   02:28  13.6   0.0   0.0   8.6  29.9   05:15     S
28   1.9   2.8   13:24   0.9   06:40  13.2   0.0   0.0   7.2  28.4   09:33     S
29   2.0   3.1   14:50   0.9   08:31  12.8   0.0   1.0   2.7  14.8   01:01    NO
30   2.4   3.7   14:31   1.0   23:59  13.0   0.0   0.0   1.7  11.9   00:39     N
----------------------------------------------------------------------------------
     5.2  19.4     3    -5.4    24   314.1   0.0  18.6   3.9  37.0     2     OSO

Max >=  30.0:  0
Max <=   0.0:  0
Min <= -10.0:  0
Min <= -18.0:  0
Max Rain: 5.0 on day 4
Days of Rain: 7 (>= 0.2 mm)  5 (>= 2.0 mm)  0 (>= 20.0 mm)
Heat Base: 18.3  Cool Base: 18.3  Method: Integration


Mise à jour : 08/12/2019 20:16:49
powered by Cumulus v3.0.0 (3043)