METEO Meyenheim

 Latitude N 47° 54' 42"    Longitude E 07° 21' 22"    Altitude 210 m

Rapports de type NOAA
Selectionner un rapport Annuel ou mensuel
V/Λ2019 > Janvier Février Mars Avril Mai Juin Juillet Août Septembre Octobre Novembre Décembre
V/Λ2018 > Janvier Février Mars Avril Mai Juin Juillet Août Septembre Octobre Novembre Décembre
V/Λ2017 > Janvier Février Mars Avril Mai Juin Juillet Août Septembre Octobre Novembre Décembre
V/Λ2016 > Janvier Février Mars Avril Mai Juin Juillet Août Septembre Octobre Novembre Décembre
V/Λ2015 > Janvier Février Mars Avril Mai Juin Juillet Août Septembre Octobre Novembre Décembre
V/Λ2014 > Janvier Février Mars Avril Mai Juin Juillet Août Septembre Octobre Novembre Décembre
V/Λ2013 > Janvier Février Mars Avril Mai Juin Juillet Août Septembre Octobre Novembre Décembre
V/Λ2012 > Janvier Février Mars Avril Mai Juin Juillet Août Septembre Octobre Novembre Décembre
V/Λ2011 > Janvier Février Mars Avril Mai Juin Juillet Août Septembre Octobre Novembre Décembre
V/Λ2010 > Janvier Février Mars Avril Mai Juin Juillet Août Septembre Octobre Novembre Décembre
V/Λ2009 > Janvier Février Mars Avril Mai Juin Juillet Août Septembre Octobre Novembre Décembre
V/Λ2008 > Janvier Février Mars Avril Mai Juin Juillet Août Septembre Octobre Novembre Décembre
V/Λ2007 > Janvier Février Mars Avril Mai Juin Juillet Août Septembre Octobre Novembre Décembre
V/Λ2006 > Janvier Février Mars Avril Mai Juin Juillet Août Septembre Octobre Novembre Décembre
V/Λ2005 > Janvier Février Mars Avril Mai Juin Juillet Août Septembre Octobre Novembre Décembre
V/Λ2004 > Janvier Février Mars Avril Mai Juin Juillet Août Septembre Octobre Novembre Décembre
V/Λ2003 > Janvier Février Mars Avril Mai Juin Juillet Août Septembre Octobre Novembre Décembre
V/Λ2002 > Janvier Février Mars Avril Mai Juin Juillet Août Septembre Octobre Novembre Décembre

Rapport pour Décembre 2005
                   Monthly Climatological Summary for déc. 2005

Name: IALSACEM4   City: Meyenheim   State: 
Elevation: 210 m  Lat: N 47° 54' 42"   Lon: E 007° 21' 22"

                  Temperature (°C), Rain (mm), Wind Speed (km/h)

                                      Heat  Cool        Avg
    Mean                              Deg   Deg         Wind                 Dom
Day Temp  High   Time   Low    Time   Days  Days  Rain  Speed High   Time    Dir
----------------------------------------------------------------------------------
 1   1.6   4.5   12:55  -1.3   23:59   9.1   0.0   0.0   5.7  19.4   13:01   SSO
 2  -0.1   2.4   14:04  -2.5   07:37  10.7   0.0   7.0   3.7  17.6   12:08   SSO
 3   5.0   8.7   13:58   1.3   05:47   9.2   0.0   1.0   9.3  28.4   14:45   NNO
 4   7.3   9.0   13:09   5.6   05:05   7.5   0.0   8.0   8.0  34.6   21:29    NO
 5   6.7   9.3   13:36   4.1   23:59   7.5   0.0   1.0   4.5  32.0   02:37    SO
 6   4.9   8.2   13:09   1.6   23:59   9.0   0.0   0.0   2.5  19.4   14:54   SSO
 7   2.8   5.1   15:20   0.4   05:44   9.4   0.0   0.0   3.1  23.8   15:14    SO
 8   3.6   5.2   14:06   2.0   05:17   9.3   0.0   0.0   4.1  27.0   13:18   SSO
 9   2.4   4.1   13:13   0.7   23:49   9.3   0.0   2.0   4.7  27.0   02:29   NNO
10   0.6   2.6   15:01  -1.5   23:59  10.9   0.0   0.0   3.8  23.0   15:15     N
11  -1.7   1.0   14:09  -4.3   08:52  10.8   0.0   0.0   4.0  27.7   20:05     N
12  -0.7   2.7   15:33  -4.1   06:59  10.5   0.0   0.0   3.6  21.6   20:54     N
13   2.4   3.2   15:01   1.5   23:52  10.5   0.0   0.0   4.6  29.2   13:41     N
14   2.6   3.9   14:29   1.2   06:35  11.4   0.0   0.0   2.8  14.0   00:00     N
15   3.4   5.8   12:48   1.0   09:51  12.0   0.0   0.0   3.8  26.3   21:46    SO
16   4.9   6.1   18:51   3.6   01:41  12.2   0.0   2.0   5.2  36.0   16:40    SO
17   2.9   5.1   00:25   0.6   23:45  13.7   0.0   0.0   4.0  21.6   13:18    NO
18  -0.5   1.8   13:54  -2.7   08:46  16.6   0.0   0.0   3.6  20.9   16:00    SO
19  -0.1   1.2   16:35  -1.3   06:06  16.8   0.0   0.0   4.7  29.2   14:01   SSO
20   0.6   2.8   13:43  -1.7   08:49  16.3   0.0   0.0   2.0  15.5   11:51   SSO
21   0.5   1.3   15:08  -0.4   05:58  15.5   0.0   0.0   2.8  15.5   05:31   SSO
22   0.9   2.8   13:25  -1.0   07:49  14.6   0.0   0.0   8.4  20.2   12:42   NNO
23   2.8   4.6   15:13   1.0   03:13  14.3   0.0   0.0   6.8  13.3   02:59   NNO
24   3.1   5.3   14:51   0.8   08:50  15.3   0.0   0.0   5.2  14.0   11:15   SSO
25   3.6   5.6   15:18   1.5   21:19  14.1   0.0   0.0   6.7  12.6   00:13   SSO
26   1.0   3.7   14:51  -1.7   23:42  14.6   0.0   0.0   5.6  14.8   15:35     S
27  -2.0   0.3   13:05  -4.3   23:59  16.2   0.0   1.0   5.2  10.8   13:20     S
28  -4.6  -2.3   14:36  -6.8   08:35  17.1   0.0   0.0   4.5  13.3   16:11     S
29  -3.3  -0.9   13:32  -5.7   00:00  16.5   0.0   0.0   3.0  20.9   16:10    SO
30  -5.6  -1.3   23:59  -9.8   09:01  17.2   0.0   0.0   3.5  27.0   23:42    SO
31   3.4   8.1   12:57  -1.3   00:02  11.9   0.0   5.0   7.7  32.0   03:19     S
----------------------------------------------------------------------------------
     1.6   9.3     5    -9.8    30   390.0   0.0  27.0   4.6  36.0    16     OSO

Max >=  30.0:  0
Max <=   0.0:  3
Min <= -10.0:  0
Min <= -18.0:  0
Max Rain: 8.0 on day 4
Days of Rain: 8 (>= 0.2 mm)  5 (>= 2.0 mm)  0 (>= 20.0 mm)
Heat Base: 18.3  Cool Base: 18.3  Method: Integration


Mise à jour : 18/10/2019 07:02:06
powered by Cumulus v3.0.0 (3043)