METEO Meyenheim

 Latitude N 47° 54' 42"    Longitude E 07° 21' 22"    Altitude 210 m

Rapports de type NOAA
Selectionner un rapport Annuel ou mensuel
V/Λ2019 > Janvier Février Mars Avril Mai Juin Juillet Août Septembre Octobre Novembre Décembre
V/Λ2018 > Janvier Février Mars Avril Mai Juin Juillet Août Septembre Octobre Novembre Décembre
V/Λ2017 > Janvier Février Mars Avril Mai Juin Juillet Août Septembre Octobre Novembre Décembre
V/Λ2016 > Janvier Février Mars Avril Mai Juin Juillet Août Septembre Octobre Novembre Décembre
V/Λ2015 > Janvier Février Mars Avril Mai Juin Juillet Août Septembre Octobre Novembre Décembre
V/Λ2014 > Janvier Février Mars Avril Mai Juin Juillet Août Septembre Octobre Novembre Décembre
V/Λ2013 > Janvier Février Mars Avril Mai Juin Juillet Août Septembre Octobre Novembre Décembre
V/Λ2012 > Janvier Février Mars Avril Mai Juin Juillet Août Septembre Octobre Novembre Décembre
V/Λ2011 > Janvier Février Mars Avril Mai Juin Juillet Août Septembre Octobre Novembre Décembre
V/Λ2010 > Janvier Février Mars Avril Mai Juin Juillet Août Septembre Octobre Novembre Décembre
V/Λ2009 > Janvier Février Mars Avril Mai Juin Juillet Août Septembre Octobre Novembre Décembre
V/Λ2008 > Janvier Février Mars Avril Mai Juin Juillet Août Septembre Octobre Novembre Décembre
V/Λ2007 > Janvier Février Mars Avril Mai Juin Juillet Août Septembre Octobre Novembre Décembre
V/Λ2006 > Janvier Février Mars Avril Mai Juin Juillet Août Septembre Octobre Novembre Décembre
V/Λ2005 > Janvier Février Mars Avril Mai Juin Juillet Août Septembre Octobre Novembre Décembre
V/Λ2004 > Janvier Février Mars Avril Mai Juin Juillet Août Septembre Octobre Novembre Décembre
V/Λ2003 > Janvier Février Mars Avril Mai Juin Juillet Août Septembre Octobre Novembre Décembre
V/Λ2002 > Janvier Février Mars Avril Mai Juin Juillet Août Septembre Octobre Novembre Décembre

Rapport pour Mars 2006
                   Monthly Climatological Summary for mars 2006

Name: IALSACEM4   City: Meyenheim   State: 
Elevation: 210 m  Lat: N 47° 54' 42"   Lon: E 007° 21' 22"

                  Temperature (°C), Rain (mm), Wind Speed (km/h)

                                      Heat  Cool        Avg
    Mean                              Deg   Deg         Wind                 Dom
Day Temp  High   Time   Low    Time   Days  Days  Rain  Speed High   Time    Dir
----------------------------------------------------------------------------------
 1   0.5   3.8   13:16  -2.8   23:33  18.2   0.0   3.0   7.3  23.8   13:41    SO
 2  -0.1   3.6   13:42  -3.7   06:40  19.0   0.0   0.0   8.3  27.7   14:44   SSO
 3   4.1   8.9   14:41  -0.8   04:21  14.7   0.0  17.0   8.7  43.6   13:45    SO
 4   0.9   3.8   00:10  -2.1   23:59  18.0   0.0   5.0   1.9  16.2   12:14   NNE
 5   1.4   5.0   11:50  -2.2   01:57  18.3   0.0  16.0   1.9  15.5   23:02     S
 6  -0.6   5.2   13:21  -6.4   07:49  18.4   0.0   0.0   3.7  19.4   15:33   SSO
 7   1.1   5.1   12:35  -2.9   05:48  17.7   0.0   0.0   4.5  21.6   12:21    SO
 8   3.0   6.9   23:59  -1.0   00:20  15.8   0.0   2.0   9.7  30.6   18:31   SSO
 9   9.0  11.2   14:46   6.8   23:59  10.1   0.0   1.0  13.7  36.0   16:35   SSO
10   5.0   8.3   10:47   1.6   23:37  13.2   0.0   3.0  10.3  31.3   19:24   SSO
11   3.1   5.7   14:26   0.5   23:59  15.3   0.0   0.0   7.2  29.9   20:22    SO
12  -1.7   0.5   16:07  -3.9   23:59  20.2   0.0   0.0   9.6  26.3   12:07     N
13  -1.6   2.2   15:48  -5.4   06:56  20.2   0.0   0.0  11.3  29.2   11:53     N
14   0.0   4.7   16:54  -4.7   07:18  18.5   0.0   0.0   8.6  20.9   15:40     N
15   2.0   6.6   15:32  -2.6   07:01  16.5   0.0   0.0   8.9  23.0   16:57     N
16   1.9   3.4   16:16   0.4   07:50  16.6   0.0   0.0   8.5  18.7   16:17     N
17   3.1   7.4   16:24  -1.2   07:15  15.5   0.0   0.0   7.7  18.7   20:59     N
18   3.9   9.4   16:38  -1.7   06:53  14.7   0.0   0.0   7.0  18.0   23:15     N
19   4.6  10.2   17:04  -1.1   06:28  14.1   0.0   0.0   3.6  16.2   00:28     N
20   6.3  14.6   15:16  -2.0   06:44  11.2   0.0   0.0   1.7  13.3   10:00   SSO
21   9.9  13.8   14:16   5.9   23:59   8.9   0.0   5.0   4.3  24.8   14:53   SSO
22   4.7   6.4   15:15   3.0   09:39  13.9   0.0   5.0   8.3  20.2   15:45     N
23   4.1   7.0   17:01   1.1   08:19  14.1   0.0   5.0   5.9  18.7   04:25     N
24   8.2  12.6   17:06   3.7   06:30  10.9   0.0   6.0   7.2  22.3   23:32   SSO
25  12.9  16.7   15:30   9.0   01:02   6.2   0.0   4.0  11.7  33.8   10:45   SSO
26  16.5  21.5   15:59  11.5   00:27   2.8   0.0   0.0   7.8  24.8   15:43   SSO
27  16.8  23.1   15:33  10.5   08:08   2.4   0.0   0.0   8.8  49.7   18:11    SO
28   9.7  12.3   13:33   7.1   23:59   8.0   0.0   2.0   9.5  24.8   16:13   SSO
29   9.8  13.8   15:57   5.8   04:47   9.2   0.0   0.0   9.4  27.0   08:31   SSO
30  10.6  14.1   19:09   7.0   01:34   8.0   0.0   2.0  12.2  34.6   13:33     S
31  14.2  17.4   15:47  10.9   23:51   4.8   0.0   3.0   8.8  33.8   10:43    SO
----------------------------------------------------------------------------------
     5.3  23.1    27    -6.4     6   415.4   0.0  79.0   7.7  49.7    27      SO

Max >=  30.0:  0
Max <=   0.0:  0
Min <= -10.0:  0
Min <= -18.0:  0
Max Rain: 17.0 on day 3
Days of Rain: 15 (>= 0.2 mm)  14 (>= 2.0 mm)  0 (>= 20.0 mm)
Heat Base: 18.3  Cool Base: 18.3  Method: Integration


Mise à jour : 05/12/2019 23:43:14
powered by Cumulus v3.0.0 (3043)