METEO Meyenheim

 Latitude N 47° 54' 42"    Longitude E 07° 21' 22"    Altitude 210 m

Rapports de type NOAA
Selectionner un rapport Annuel ou mensuel
V/Λ2019 > Janvier Février Mars Avril Mai Juin Juillet Août Septembre Octobre Novembre Décembre
V/Λ2018 > Janvier Février Mars Avril Mai Juin Juillet Août Septembre Octobre Novembre Décembre
V/Λ2017 > Janvier Février Mars Avril Mai Juin Juillet Août Septembre Octobre Novembre Décembre
V/Λ2016 > Janvier Février Mars Avril Mai Juin Juillet Août Septembre Octobre Novembre Décembre
V/Λ2015 > Janvier Février Mars Avril Mai Juin Juillet Août Septembre Octobre Novembre Décembre
V/Λ2014 > Janvier Février Mars Avril Mai Juin Juillet Août Septembre Octobre Novembre Décembre
V/Λ2013 > Janvier Février Mars Avril Mai Juin Juillet Août Septembre Octobre Novembre Décembre
V/Λ2012 > Janvier Février Mars Avril Mai Juin Juillet Août Septembre Octobre Novembre Décembre
V/Λ2011 > Janvier Février Mars Avril Mai Juin Juillet Août Septembre Octobre Novembre Décembre
V/Λ2010 > Janvier Février Mars Avril Mai Juin Juillet Août Septembre Octobre Novembre Décembre
V/Λ2009 > Janvier Février Mars Avril Mai Juin Juillet Août Septembre Octobre Novembre Décembre
V/Λ2008 > Janvier Février Mars Avril Mai Juin Juillet Août Septembre Octobre Novembre Décembre
V/Λ2007 > Janvier Février Mars Avril Mai Juin Juillet Août Septembre Octobre Novembre Décembre
V/Λ2006 > Janvier Février Mars Avril Mai Juin Juillet Août Septembre Octobre Novembre Décembre
V/Λ2005 > Janvier Février Mars Avril Mai Juin Juillet Août Septembre Octobre Novembre Décembre
V/Λ2004 > Janvier Février Mars Avril Mai Juin Juillet Août Septembre Octobre Novembre Décembre
V/Λ2003 > Janvier Février Mars Avril Mai Juin Juillet Août Septembre Octobre Novembre Décembre
V/Λ2002 > Janvier Février Mars Avril Mai Juin Juillet Août Septembre Octobre Novembre Décembre

Rapport pour Avril 2006
                   Monthly Climatological Summary for avr. 2006

Name: IALSACEM4   City: Meyenheim   State: 
Elevation: 210 m  Lat: N 47° 54' 42"   Lon: E 007° 21' 22"

                  Temperature (°C), Rain (mm), Wind Speed (km/h)

                                      Heat  Cool        Avg
    Mean                              Deg   Deg         Wind                 Dom
Day Temp  High   Time   Low    Time   Days  Days  Rain  Speed High   Time    Dir
----------------------------------------------------------------------------------
 1  14.0  20.8   13:17   7.1   07:54   5.8   0.0   0.0   7.2  40.0   15:21   SSO
 2  12.3  15.5   13:47   9.1   06:58   6.3   0.0   1.0  10.6  31.3   15:11    SO
 3  11.0  14.4   16:33   7.5   23:51   7.9   0.0   0.0   7.2  29.9   15:06    SO
 4  10.3  16.6   13:27   4.0   07:41   8.3   0.0   0.0   6.1  21.6   23:51   NNO
 5   4.3   7.9   00:05   0.7   14:50  15.0   0.0  14.0  10.1  27.7   11:35     N
 6   4.9  10.1   17:53  -0.4   07:49  13.8   0.0   0.0   4.6  23.0   17:41     N
 7   5.9  12.8   17:23  -1.0   07:37  12.0   0.0   0.0   1.6  14.8   15:28    SE
 8   9.5  17.4   15:49   1.6   05:28   8.4   0.0   0.0   7.3  31.3   13:44    SO
 9   8.1  10.1   00:10   6.1   23:59   9.7   0.0   5.0   5.1  20.9   14:46   SSO
10   4.8   6.1   00:02   3.4   22:17  13.8   0.0  25.0   8.8  32.4   16:29     N
11   6.2  10.7   16:03   1.7   06:48  12.2   0.0   0.0   3.2  18.0   09:13     N
12   7.6  11.2   13:53   4.0   07:40  11.7   0.0   0.0   8.7  28.4   10:45   SSO
13   7.5  10.0   17:01   4.9   06:05  10.7   0.0   0.0   9.8  28.4   17:06   SSO
14  12.9  17.2   15:11   8.6   23:59   6.6   0.0   0.0   8.8  29.9   00:37   SSO
15   8.8  12.5   14:36   5.0   07:07   8.8   0.0   2.0   3.6  22.3   17:44     S
16  13.1  15.7   13:41  10.5   06:25   5.5   0.0   1.0   9.1  28.4   10:48    SO
17  11.9  14.8   13:45   8.9   07:43   6.3   0.0   0.0   3.3  16.2   15:00   SSO
18  13.0  18.2   14:36   7.7   06:43   5.2   0.0   0.0   2.9  16.2   16:43   NNO
19  11.9  18.7   16:17   5.1   07:21   5.8   0.0   0.0   1.7  16.2   11:32   NNO
20  13.3  20.2   14:57   6.4   07:36   4.5   0.0   0.0   1.7  16.9   15:02   SSE
21  15.3  23.5   16:27   7.0   07:26   2.6   0.0   0.0   1.5  13.3   16:25   SSO
22  16.4  22.8   16:21   9.9   06:47   2.5   0.0   0.0   4.0  21.6   18:58   SSE
23  15.8  22.3   16:31   9.3   07:27   2.1   0.0   1.0   3.1  17.6   18:23   NNO
24  16.0  23.6   17:20   8.3   06:48   2.0   0.0   0.0   2.7  22.3   22:30   NNO
25  18.1  22.4   14:57  13.7   07:34   1.0   0.0   0.0   4.0  20.9   16:38   SSO
26  16.0  19.1   15:31  12.9   23:59   3.2   0.0   5.0   2.1  14.8   18:00     S
27  14.4  16.9   14:34  11.8   23:30   4.7   0.0   2.0   3.4  22.3   22:00     N
28  13.8  16.8   14:36  10.8   08:22   5.4   0.0   0.0   8.2  26.3   11:23     N
29   8.9  13.3   15:21   4.5   23:59   8.7   0.0   0.0   6.9  27.0   15:22     N
30   7.7  14.5   14:40   0.9   06:56  10.0   0.0   0.0   4.5  20.9   18:43   SSO
----------------------------------------------------------------------------------
    11.1  23.6    24    -1.0     7   220.5   0.0  56.0   5.4  40.0     1     OSO

Max >=  30.0:  0
Max <=   0.0:  0
Min <= -10.0:  0
Min <= -18.0:  0
Max Rain: 25.0 on day 10
Days of Rain: 9 (>= 0.2 mm)  6 (>= 2.0 mm)  1 (>= 20.0 mm)
Heat Base: 18.3  Cool Base: 18.3  Method: Integration


Mise à jour : 21/08/2019 07:39:18
powered by Cumulus v3.0.0 (3043)