METEO Meyenheim

 Latitude N 47° 54' 42"    Longitude E 07° 21' 22"    Altitude 210 m

Rapports de type NOAA
Selectionner un rapport Annuel ou mensuel
V/Λ2019 > Janvier Février Mars Avril Mai Juin Juillet Août Septembre Octobre Novembre Décembre
V/Λ2018 > Janvier Février Mars Avril Mai Juin Juillet Août Septembre Octobre Novembre Décembre
V/Λ2017 > Janvier Février Mars Avril Mai Juin Juillet Août Septembre Octobre Novembre Décembre
V/Λ2016 > Janvier Février Mars Avril Mai Juin Juillet Août Septembre Octobre Novembre Décembre
V/Λ2015 > Janvier Février Mars Avril Mai Juin Juillet Août Septembre Octobre Novembre Décembre
V/Λ2014 > Janvier Février Mars Avril Mai Juin Juillet Août Septembre Octobre Novembre Décembre
V/Λ2013 > Janvier Février Mars Avril Mai Juin Juillet Août Septembre Octobre Novembre Décembre
V/Λ2012 > Janvier Février Mars Avril Mai Juin Juillet Août Septembre Octobre Novembre Décembre
V/Λ2011 > Janvier Février Mars Avril Mai Juin Juillet Août Septembre Octobre Novembre Décembre
V/Λ2010 > Janvier Février Mars Avril Mai Juin Juillet Août Septembre Octobre Novembre Décembre
V/Λ2009 > Janvier Février Mars Avril Mai Juin Juillet Août Septembre Octobre Novembre Décembre
V/Λ2008 > Janvier Février Mars Avril Mai Juin Juillet Août Septembre Octobre Novembre Décembre
V/Λ2007 > Janvier Février Mars Avril Mai Juin Juillet Août Septembre Octobre Novembre Décembre
V/Λ2006 > Janvier Février Mars Avril Mai Juin Juillet Août Septembre Octobre Novembre Décembre
V/Λ2005 > Janvier Février Mars Avril Mai Juin Juillet Août Septembre Octobre Novembre Décembre
V/Λ2004 > Janvier Février Mars Avril Mai Juin Juillet Août Septembre Octobre Novembre Décembre
V/Λ2003 > Janvier Février Mars Avril Mai Juin Juillet Août Septembre Octobre Novembre Décembre
V/Λ2002 > Janvier Février Mars Avril Mai Juin Juillet Août Septembre Octobre Novembre Décembre

Rapport pour Mai 2006
                   Monthly Climatological Summary for mai 2006

Name: IALSACEM4   City: Meyenheim   State: 
Elevation: 210 m  Lat: N 47° 54' 42"   Lon: E 007° 21' 22"

                  Temperature (°C), Rain (mm), Wind Speed (km/h)

                                      Heat  Cool        Avg
    Mean                              Deg   Deg         Wind                 Dom
Day Temp  High   Time   Low    Time   Days  Days  Rain  Speed High   Time    Dir
----------------------------------------------------------------------------------
 1  10.7  17.3   16:05   4.0   06:32   6.5   0.0   0.0   4.3  20.9   12:57   SSO
 2  14.8  22.4   17:00   7.1   06:54   2.7   0.0   0.0   3.5  20.9   16:58   SSO
 3  18.2  25.8   16:36  10.5   07:00   0.0   0.3   0.0   3.1  15.5   18:43   NNO
 4  19.1  26.6   16:47  11.6   06:46   0.0   1.5   0.0   1.9  11.2   18:02     N
 5  19.7  24.2   14:37  15.2   07:12   0.0   1.4   0.0   3.9  18.7   15:27    NO
 6  18.1  23.0   13:56  13.2   06:39   0.8   0.0   4.0   1.6  32.0   16:20     S
 7  16.8  23.0   15:46  10.5   06:26   1.5   0.0   0.0   0.6  24.8   16:23   SSO
 8  13.0  15.2   00:03  10.8   23:59   4.7   0.0  11.0   2.9  26.3   23:27   NNO
 9  11.2  13.9   15:51   8.4   07:55   7.8   0.0  19.0   5.9  27.0   00:08   SSO
10  12.0  16.2   14:30   7.8   06:23   6.5   0.0   0.0   0.0   0.0   23:59     E
11  14.9  22.5   16:53   7.2   06:37   3.6   0.0   0.0   1.6  14.8   15:37    NE
12  17.4  25.1   16:11   9.6   06:09   0.7   0.0   0.0   5.4  25.6   22:33    SO
13  18.3  23.0   14:24  13.5   07:24   1.3   0.0   5.0   7.9  24.5   09:42   SSO
14  16.1  20.6   12:27  11.5   06:12   2.2   0.0   2.0   0.0   8.6   00:09    SO
15  17.1  23.8   16:08  10.5   05:23   1.2   0.0   0.0   0.0   0.0   20:15     E
16  17.2  23.8   16:12  10.5   06:00   0.0   0.2   0.0   9.0  23.0   19:20   SSO
17  20.3  25.5   18:03  15.0   03:50   0.0   1.6   0.0   4.9  19.4   00:02   SSO
18  16.3  18.7   00:07  13.8   23:59   1.4   0.0  12.0   6.9  25.6   08:23   SSO
19  16.4  20.9   14:21  11.8   05:19   2.2   0.0   0.0  11.0  32.0   11:10    SO
20  14.5  17.1   14:56  11.8   06:16   3.9   0.0   0.0  11.1  40.7   17:48   SSO
21  16.8  21.0   16:30  12.5   08:07   2.2   0.0   0.0   7.2  26.3   09:39   SSO
22  18.6  25.2   14:37  11.9   05:17   1.9   0.0   1.0   7.3  33.8   15:05    SO
23  15.2  20.2   14:56  10.2   07:40   3.3   0.0   0.0   7.8  27.0   09:19    SO
24  14.6  21.0   13:59   8.2   06:38   3.4   0.0   0.0   5.3  27.0   15:54   OSO
25  13.1  15.6   18:57  10.5   06:00   5.0   0.0   0.0  10.4  34.6   11:23    SO
26  17.7  21.8   11:46  13.5   03:41   0.9   0.0   0.0  10.2  30.6   19:14    SO
27  20.1  24.3   13:43  15.9   06:39   0.0   1.3   0.0   5.4  27.0   20:11    SO
28  17.4  19.3   18:52  15.4   23:59   0.6   0.0   1.0   5.6  30.6   07:36   SSO
29  12.9  15.4   00:02  10.4   23:59   5.4   0.0  14.0   2.2  21.6   18:53    SO
30  11.2  14.6   11:01   7.8   06:19   7.8   0.0   2.0   4.6  23.0   18:19    NO
31  10.3  14.4   16:03   6.1   07:16   8.1   0.0   3.0   2.2  15.5   16:55   NNE
----------------------------------------------------------------------------------
    15.8  26.6     4     4.0     1    85.6   6.3  74.0   4.9  40.7    20      SO

Max >=  30.0:  0
Max <=   0.0:  0
Min <= -10.0:  0
Min <= -18.0:  0
Max Rain: 19.0 on day 9
Days of Rain: 11 (>= 0.2 mm)  9 (>= 2.0 mm)  0 (>= 20.0 mm)
Heat Base: 18.3  Cool Base: 18.3  Method: Integration


Mise à jour : 06/12/2019 00:12:15
powered by Cumulus v3.0.0 (3043)