METEO Meyenheim

 Latitude N 47° 54' 42"    Longitude E 07° 21' 22"    Altitude 210 m

Rapports de type NOAA
Selectionner un rapport Annuel ou mensuel
V/Λ2019 > Janvier Février Mars Avril Mai Juin Juillet Août Septembre Octobre Novembre Décembre
V/Λ2018 > Janvier Février Mars Avril Mai Juin Juillet Août Septembre Octobre Novembre Décembre
V/Λ2017 > Janvier Février Mars Avril Mai Juin Juillet Août Septembre Octobre Novembre Décembre
V/Λ2016 > Janvier Février Mars Avril Mai Juin Juillet Août Septembre Octobre Novembre Décembre
V/Λ2015 > Janvier Février Mars Avril Mai Juin Juillet Août Septembre Octobre Novembre Décembre
V/Λ2014 > Janvier Février Mars Avril Mai Juin Juillet Août Septembre Octobre Novembre Décembre
V/Λ2013 > Janvier Février Mars Avril Mai Juin Juillet Août Septembre Octobre Novembre Décembre
V/Λ2012 > Janvier Février Mars Avril Mai Juin Juillet Août Septembre Octobre Novembre Décembre
V/Λ2011 > Janvier Février Mars Avril Mai Juin Juillet Août Septembre Octobre Novembre Décembre
V/Λ2010 > Janvier Février Mars Avril Mai Juin Juillet Août Septembre Octobre Novembre Décembre
V/Λ2009 > Janvier Février Mars Avril Mai Juin Juillet Août Septembre Octobre Novembre Décembre
V/Λ2008 > Janvier Février Mars Avril Mai Juin Juillet Août Septembre Octobre Novembre Décembre
V/Λ2007 > Janvier Février Mars Avril Mai Juin Juillet Août Septembre Octobre Novembre Décembre
V/Λ2006 > Janvier Février Mars Avril Mai Juin Juillet Août Septembre Octobre Novembre Décembre
V/Λ2005 > Janvier Février Mars Avril Mai Juin Juillet Août Septembre Octobre Novembre Décembre
V/Λ2004 > Janvier Février Mars Avril Mai Juin Juillet Août Septembre Octobre Novembre Décembre
V/Λ2003 > Janvier Février Mars Avril Mai Juin Juillet Août Septembre Octobre Novembre Décembre
V/Λ2002 > Janvier Février Mars Avril Mai Juin Juillet Août Septembre Octobre Novembre Décembre

Rapport pour Juin 2006
                   Monthly Climatological Summary for juin 2006

Name: IALSACEM4   City: Meyenheim   State: 
Elevation: 210 m  Lat: N 47° 54' 42"   Lon: E 007° 21' 22"

                  Temperature (°C), Rain (mm), Wind Speed (km/h)

                                      Heat  Cool        Avg
    Mean                              Deg   Deg         Wind                 Dom
Day Temp  High   Time   Low    Time   Days  Days  Rain  Speed High   Time    Dir
----------------------------------------------------------------------------------
 1  10.0  12.4   15:04   7.6   23:36   8.3   0.0   1.0   0.0   6.5   17:35     E
 2  10.2  14.2   16:45   6.1   05:41   9.0   0.0   4.0   1.8  22.3   16:23     N
 3  12.2  19.8   16:01   4.5   06:10   5.3   0.0   0.0   3.5  20.2   15:44     N
 4  16.4  21.7   14:30  11.1   06:07   2.1   0.0   0.0   2.5  25.6   15:59     N
 5  15.5  19.6   15:42  11.4   06:37   3.3   0.0   0.0   0.5  19.4   21:40     N
 6  15.1  19.4   16:45  10.7   06:33   3.3   0.0   0.0   5.0  24.8   17:00     N
 7  15.3  21.9   16:44   8.6   06:38   2.5   0.0   0.0   6.4  21.6   15:20     N
 8  16.7  24.0   15:08   9.4   06:22   0.6   0.0   0.0   6.0  24.8   19:28     N
 9  18.9  26.1   16:41  11.7   06:12   0.0   1.1   0.0   5.9  18.0   11:22     N
10  19.7  27.8   16:22  11.5   06:20   0.0   2.5   0.0   0.0   5.8   00:17   NNO
11  21.5  29.0   17:01  14.0   06:29   0.0   3.8   0.0   3.8  24.8   17:31     N
12  21.8  29.7   16:16  13.8   06:20   0.0   4.4   0.0   0.0   0.0   23:59     E
13  24.2  31.9   14:09  16.4   06:32   0.0   6.3   0.0   0.0   0.0   23:59     E
14  25.4  33.0   13:59  17.7   05:33   0.0   7.3   0.0   0.0   0.0   23:59     E
15  25.2  32.2   16:11  18.1   05:53   0.0   7.1   0.0   0.0   7.9   11:14    NO
16  23.7  30.1   14:24  17.2   05:53   0.0   5.5   0.0   2.5  23.8   16:45   OSO
17  23.0  28.7   17:19  17.3   07:42   0.0   4.4   2.0   2.2  24.5   21:46     N
18  25.1  31.7   14:47  18.5   06:24   0.0   6.2   0.0   6.5  27.7   17:43   SSO
19  23.3  28.3   17:01  18.2   05:19   0.0   4.1   0.0   6.4  21.6   07:35   SSO
20  23.8  30.5   13:59  17.1   06:17   0.0   5.3   0.0   2.3  28.4   12:21    SO
21  23.7  28.2   14:02  19.2   06:42   0.0   5.5   0.0   4.9  27.7   16:37   SSO
22  20.1  22.6   18:45  17.6   04:56   0.0   1.8   0.0   0.0   0.0   23:59     E
23  20.7  25.6   14:58  15.8   05:44   0.0   2.2   0.0   0.0  10.1   01:41   NNE
24  22.5  30.9   17:59  14.0   06:06   0.0   4.8   0.0   0.0   0.0   23:59     E
25  25.5  32.3   12:00  18.6   23:44   0.0   5.4   8.0   0.0   8.6   23:43     O
26  23.5  28.4   16:54  18.6   00:40   0.0   5.5   0.0   5.6  24.5   18:33    SO
27  22.9  28.2   17:17  17.5   05:51   0.0   4.3   0.0   3.4  20.9   09:15    NE
28  23.3  27.5   15:22  19.1   07:13   0.0   4.0  10.0   4.4  20.9   19:21     N
29  22.0  27.1   14:40  16.9   06:10   0.0   2.3   1.0   0.9  24.5   20:05    NO
30  22.2  28.9   16:33  15.5   05:14   0.0   4.0   0.0   4.0  18.0   15:35     N
----------------------------------------------------------------------------------
    20.4  33.0    14     4.5     3    34.4  97.8  26.0   2.6  28.4    20     NNO

Max >=  30.0:  8
Max <=   0.0:  0
Min <= -10.0:  0
Min <= -18.0:  0
Max Rain: 10.0 on day 28
Days of Rain: 6 (>= 0.2 mm)  4 (>= 2.0 mm)  0 (>= 20.0 mm)
Heat Base: 18.3  Cool Base: 18.3  Method: Integration


Mise à jour : 08/12/2019 20:43:49
powered by Cumulus v3.0.0 (3043)