METEO Meyenheim

 Latitude N 47° 54' 42"    Longitude E 07° 21' 22"    Altitude 210 m

Rapports de type NOAA
Selectionner un rapport Annuel ou mensuel
V/Λ2019 > Janvier Février Mars Avril Mai Juin Juillet Août Septembre Octobre Novembre Décembre
V/Λ2018 > Janvier Février Mars Avril Mai Juin Juillet Août Septembre Octobre Novembre Décembre
V/Λ2017 > Janvier Février Mars Avril Mai Juin Juillet Août Septembre Octobre Novembre Décembre
V/Λ2016 > Janvier Février Mars Avril Mai Juin Juillet Août Septembre Octobre Novembre Décembre
V/Λ2015 > Janvier Février Mars Avril Mai Juin Juillet Août Septembre Octobre Novembre Décembre
V/Λ2014 > Janvier Février Mars Avril Mai Juin Juillet Août Septembre Octobre Novembre Décembre
V/Λ2013 > Janvier Février Mars Avril Mai Juin Juillet Août Septembre Octobre Novembre Décembre
V/Λ2012 > Janvier Février Mars Avril Mai Juin Juillet Août Septembre Octobre Novembre Décembre
V/Λ2011 > Janvier Février Mars Avril Mai Juin Juillet Août Septembre Octobre Novembre Décembre
V/Λ2010 > Janvier Février Mars Avril Mai Juin Juillet Août Septembre Octobre Novembre Décembre
V/Λ2009 > Janvier Février Mars Avril Mai Juin Juillet Août Septembre Octobre Novembre Décembre
V/Λ2008 > Janvier Février Mars Avril Mai Juin Juillet Août Septembre Octobre Novembre Décembre
V/Λ2007 > Janvier Février Mars Avril Mai Juin Juillet Août Septembre Octobre Novembre Décembre
V/Λ2006 > Janvier Février Mars Avril Mai Juin Juillet Août Septembre Octobre Novembre Décembre
V/Λ2005 > Janvier Février Mars Avril Mai Juin Juillet Août Septembre Octobre Novembre Décembre
V/Λ2004 > Janvier Février Mars Avril Mai Juin Juillet Août Septembre Octobre Novembre Décembre
V/Λ2003 > Janvier Février Mars Avril Mai Juin Juillet Août Septembre Octobre Novembre Décembre
V/Λ2002 > Janvier Février Mars Avril Mai Juin Juillet Août Septembre Octobre Novembre Décembre

Rapport pour Juillet 2006
                   Monthly Climatological Summary for juil. 2006

Name: IALSACEM4   City: Meyenheim   State: 
Elevation: 210 m  Lat: N 47° 54' 42"   Lon: E 007° 21' 22"

                  Temperature (°C), Rain (mm), Wind Speed (km/h)

                                      Heat  Cool        Avg
    Mean                              Deg   Deg         Wind                 Dom
Day Temp  High   Time   Low    Time   Days  Days  Rain  Speed High   Time    Dir
----------------------------------------------------------------------------------
 1  23.6  29.8   16:17  17.3   06:16   0.0   5.5   0.0   7.8  25.6   16:23     N
 2  23.8  30.2   18:00  17.3   06:19   0.0   5.5   0.0   4.7  20.2   15:07     N
 3  23.5  30.4   17:19  16.5   06:20   0.0   6.0   0.0   2.9  14.8   08:36   NNE
 4  25.9  33.2   13:59  18.5   05:34   0.0   8.0   0.0   1.5  13.3   12:24     E
 5  26.6  33.7   16:28  19.5   23:06   0.0   6.8   2.0   6.0  33.8   19:36   SSO
 6  21.5  26.1   14:48  16.9   05:50   0.0   3.2   0.0   4.5  22.3   19:01    SO
 7  21.4  25.0   15:51  17.7   04:15   0.0   2.6   0.0   1.7  17.6   12:19    SO
 8  22.9  27.4   11:31  18.3   06:54   0.0   4.1   1.0   2.2  22.3   12:09    SE
 9  23.0  29.4   15:21  16.5   06:25   0.0   4.9   0.0   4.6  24.5   14:07   SSO
10  25.3  31.4   15:43  19.1   05:34   0.0   7.3   0.0   3.4  15.5   15:57   SSE
11  29.1  34.1   15:23  24.0   23:59   0.0   7.8   0.0   3.0  16.9   21:50     E
12  26.7  32.3   16:29  21.0   06:36   0.0   8.2   0.0   5.3  24.5   18:27     N
13  27.1  33.8   14:29  20.4   05:49   0.0   7.8   0.0   2.1  19.4   15:02     N
14  25.4  30.3   17:11  20.5   06:10   0.0   6.8   0.0   8.8  26.3   13:34     N
15  24.1  29.4   17:21  18.8   06:57   0.0   5.5   0.0  11.2  24.8   20:12     N
16  24.5  30.7   17:36  18.2   06:39   0.0   5.9   0.0  10.9  31.3   06:32     N
17  23.9  30.6   17:31  17.1   06:58   0.0   6.1   0.0   8.6  20.9   14:10     N
18  24.3  32.8   17:47  15.7   06:39   0.0   7.1   0.0   2.9  14.0   10:00   NNE
19  26.9  35.6   15:35  18.1   06:16   0.0   8.9   0.0   2.4  14.8   14:10     S
20  27.7  35.1   14:57  20.2   05:52   0.0  10.0   0.0   5.4  24.8   13:05   SSO
21  28.2  35.6   12:49  20.7   06:43   0.0   9.8   0.0   2.1  18.7   17:08   NNO
22  27.5  34.7   12:41  20.2   06:59   0.0   7.5   0.0   2.4  26.3   14:04    SO
23  26.4  33.0   14:18  19.8   06:53   0.0   8.4   0.0   3.4  17.6   15:29   NNO
24  26.7  33.7   16:34  19.7   06:54   0.0   8.6   0.0   4.4  18.7   17:32     N
25  28.2  35.6   16:51  20.8   06:35   0.0   9.4   0.0   2.4  14.0   16:21     N
26  27.0  32.2   15:34  21.8   11:13   0.0   7.7   1.0   3.4  18.0   13:46   SSO
27  32.7  36.0   14:51  26.0   21:06   0.0  14.4   0.0   6.2  31.3   20:51    NO
28  25.9  29.0   15:00  21.7   23:30   0.0   7.6  24.4   3.5  46.7   12:00     N
29  23.4  30.3   13:00  17.8   07:00   0.0   5.1   0.6   2.9  19.3   14:30    SO
30  25.1  32.9   15:30  16.6   06:30   0.0   6.8   0.0   2.9  20.9   18:30   SSO
31  23.0  28.7   13:30  19.4   23:30   0.0   4.7   1.4   2.6  20.9   14:30   SSO
----------------------------------------------------------------------------------
    25.5  36.0    27    15.7    18     0.0 218.0  30.4   4.5  46.7    28     NNO

Max >=  30.0: 23
Max <=   0.0:  0
Min <= -10.0:  0
Min <= -18.0:  0
Max Rain: 24.4 on day 28
Days of Rain: 6 (>= 0.2 mm)  2 (>= 2.0 mm)  1 (>= 20.0 mm)
Heat Base: 18.3  Cool Base: 18.3  Method: Integration


Mise à jour : 21/08/2019 06:36:18
powered by Cumulus v3.0.0 (3043)