METEO Meyenheim

 Latitude N 47° 54' 42"    Longitude E 07° 21' 22"    Altitude 210 m

Rapports de type NOAA
Selectionner un rapport Annuel ou mensuel
V/Λ2019 > Janvier Février Mars Avril Mai Juin Juillet Août Septembre Octobre Novembre Décembre
V/Λ2018 > Janvier Février Mars Avril Mai Juin Juillet Août Septembre Octobre Novembre Décembre
V/Λ2017 > Janvier Février Mars Avril Mai Juin Juillet Août Septembre Octobre Novembre Décembre
V/Λ2016 > Janvier Février Mars Avril Mai Juin Juillet Août Septembre Octobre Novembre Décembre
V/Λ2015 > Janvier Février Mars Avril Mai Juin Juillet Août Septembre Octobre Novembre Décembre
V/Λ2014 > Janvier Février Mars Avril Mai Juin Juillet Août Septembre Octobre Novembre Décembre
V/Λ2013 > Janvier Février Mars Avril Mai Juin Juillet Août Septembre Octobre Novembre Décembre
V/Λ2012 > Janvier Février Mars Avril Mai Juin Juillet Août Septembre Octobre Novembre Décembre
V/Λ2011 > Janvier Février Mars Avril Mai Juin Juillet Août Septembre Octobre Novembre Décembre
V/Λ2010 > Janvier Février Mars Avril Mai Juin Juillet Août Septembre Octobre Novembre Décembre
V/Λ2009 > Janvier Février Mars Avril Mai Juin Juillet Août Septembre Octobre Novembre Décembre
V/Λ2008 > Janvier Février Mars Avril Mai Juin Juillet Août Septembre Octobre Novembre Décembre
V/Λ2007 > Janvier Février Mars Avril Mai Juin Juillet Août Septembre Octobre Novembre Décembre
V/Λ2006 > Janvier Février Mars Avril Mai Juin Juillet Août Septembre Octobre Novembre Décembre
V/Λ2005 > Janvier Février Mars Avril Mai Juin Juillet Août Septembre Octobre Novembre Décembre
V/Λ2004 > Janvier Février Mars Avril Mai Juin Juillet Août Septembre Octobre Novembre Décembre
V/Λ2003 > Janvier Février Mars Avril Mai Juin Juillet Août Septembre Octobre Novembre Décembre
V/Λ2002 > Janvier Février Mars Avril Mai Juin Juillet Août Septembre Octobre Novembre Décembre

Rapport pour Août 2006
                   Monthly Climatological Summary for août 2006

Name: IALSACEM4   City: Meyenheim   State: 
Elevation: 210 m  Lat: N 47° 54' 42"   Lon: E 007° 21' 22"

                  Temperature (°C), Rain (mm), Wind Speed (km/h)

                                      Heat  Cool        Avg
    Mean                              Deg   Deg         Wind                 Dom
Day Temp  High   Time   Low    Time   Days  Days  Rain  Speed High   Time    Dir
----------------------------------------------------------------------------------
 1  19.6  24.2   16:30  17.6   23:30   0.0   1.3   0.8   5.4  38.6   17:30   SSO
 2  19.5  23.4   16:30  15.7   07:00   0.0   1.2   0.0   6.4  38.6   17:00    SO
 3  16.7  20.9   11:30  14.5   23:30   1.6   0.0   7.2   3.4  19.3   12:00   SSO
 4  17.1  24.4   15:00  13.6   04:30   1.2   0.0  13.0   1.9  16.1   14:30   SSO
 5  16.2  20.2   19:00  13.7   04:00   2.1   0.0   9.6   1.4  22.5   19:30     O
 6  16.2  19.2   14:30  14.0   05:30   2.1   0.0   5.2   2.3  17.7   14:30   SSE
 7  20.1  26.6   15:30  14.5   06:30   0.0   1.8   0.0   2.0  16.1   16:00    NE
 8  17.7  24.4   13:30  12.7   06:30   0.6   0.0   1.8   4.6  29.0   14:00     N
 9  18.9  24.1   16:00  14.5   03:30   0.0   0.6   0.0   3.5  17.7   10:30     N
10  17.1  21.7   10:30  14.6   06:30   1.2   0.0   0.2   2.6  22.5   11:30   ENE
11  14.2  17.3   16:30  11.7   05:00   4.1   0.0   7.8   3.3  22.5   18:30     S
12  14.2  20.8   14:30  10.4   06:30   4.1   0.0   2.0   2.9  22.5   18:30   SSO
13  13.2  15.8   16:30  11.6   06:00   5.1   0.0   7.0   5.9  30.6   19:00     S
14  13.6  16.9   18:30  11.3   06:30   4.7   0.0   4.0   6.8  33.8   09:00     S
15  18.6  24.9   16:00  13.2   04:00   0.0   0.3   0.0   4.6  22.5   06:00     S
16  18.5  23.6   15:30  14.3   06:30   0.0   0.2   5.4   1.4  20.9   12:00     S
17  19.1  24.1   16:30  15.1   07:00   0.0   0.8   9.6   3.8  22.5   21:00   SSO
18  19.8  25.2   16:30  14.4   07:00   0.0   1.5  12.2   6.5  40.2   06:00   SSO
19  18.9  27.5   14:30  12.6   07:30   0.0   0.6   4.8   4.1  54.7   17:00   SSO
20  18.2  23.9   13:00  13.8   06:00   0.1   0.0   0.8   6.1  27.4   16:00   SSO
21  18.4  23.7   15:00  14.3   07:30   0.0   0.1   0.0   6.8  30.6   20:00   SSO
22  18.0  23.2   15:30  14.6   06:30   0.3   0.0   0.4   4.4  27.4   04:00   SSO
23  18.7  25.6   16:00  11.3   07:00   0.0   0.4   0.0   0.1   6.4   00:00   NNO
24  17.3  22.3   12:30  12.9   07:00   1.0   0.0   5.0   5.0  32.2   13:30   SSO
25  17.1  23.8   16:30  12.4   07:30   1.2   0.0   0.0   5.6  27.4   10:00   SSO
26  16.4  23.3   13:30  11.6   05:30   1.9   0.0   7.2   3.1  27.4   13:00   SSO
27  16.4  21.0   17:00  13.6   06:00   1.9   0.0   2.0   3.3  32.2   17:30    SO
28  13.9  15.9   14:00  12.2   04:30   4.4   0.0   2.4   5.6  29.0   16:30   SSO
29  12.5  15.9   13:30  10.9   05:30   5.8   0.0   2.6   4.5  25.7   15:00   SSO
30  13.4  19.1   14:00   9.4   06:30   4.9   0.0   0.4   4.2  25.7   11:30    SO
31  15.9  23.1   15:00   8.6   07:00   2.4   0.0   0.2   2.0  11.3   17:00     S
----------------------------------------------------------------------------------
    16.9  27.5    19     8.6    31    50.7   8.8 111.6   4.0  54.7    19     SSO

Max >=  30.0:  0
Max <=   0.0:  0
Min <= -10.0:  0
Min <= -18.0:  0
Max Rain: 13.0 on day 4
Days of Rain: 24 (>= 0.2 mm)  17 (>= 2.0 mm)  0 (>= 20.0 mm)
Heat Base: 18.3  Cool Base: 18.3  Method: Integration


Mise à jour : 08/12/2019 18:52:48
powered by Cumulus v3.0.0 (3043)