METEO Meyenheim

 Latitude N 47° 54' 42"    Longitude E 07° 21' 22"    Altitude 210 m

Rapports de type NOAA
Selectionner un rapport Annuel ou mensuel
V/Λ2019 > Janvier Février Mars Avril Mai Juin Juillet Août Septembre Octobre Novembre Décembre
V/Λ2018 > Janvier Février Mars Avril Mai Juin Juillet Août Septembre Octobre Novembre Décembre
V/Λ2017 > Janvier Février Mars Avril Mai Juin Juillet Août Septembre Octobre Novembre Décembre
V/Λ2016 > Janvier Février Mars Avril Mai Juin Juillet Août Septembre Octobre Novembre Décembre
V/Λ2015 > Janvier Février Mars Avril Mai Juin Juillet Août Septembre Octobre Novembre Décembre
V/Λ2014 > Janvier Février Mars Avril Mai Juin Juillet Août Septembre Octobre Novembre Décembre
V/Λ2013 > Janvier Février Mars Avril Mai Juin Juillet Août Septembre Octobre Novembre Décembre
V/Λ2012 > Janvier Février Mars Avril Mai Juin Juillet Août Septembre Octobre Novembre Décembre
V/Λ2011 > Janvier Février Mars Avril Mai Juin Juillet Août Septembre Octobre Novembre Décembre
V/Λ2010 > Janvier Février Mars Avril Mai Juin Juillet Août Septembre Octobre Novembre Décembre
V/Λ2009 > Janvier Février Mars Avril Mai Juin Juillet Août Septembre Octobre Novembre Décembre
V/Λ2008 > Janvier Février Mars Avril Mai Juin Juillet Août Septembre Octobre Novembre Décembre
V/Λ2007 > Janvier Février Mars Avril Mai Juin Juillet Août Septembre Octobre Novembre Décembre
V/Λ2006 > Janvier Février Mars Avril Mai Juin Juillet Août Septembre Octobre Novembre Décembre
V/Λ2005 > Janvier Février Mars Avril Mai Juin Juillet Août Septembre Octobre Novembre Décembre
V/Λ2004 > Janvier Février Mars Avril Mai Juin Juillet Août Septembre Octobre Novembre Décembre
V/Λ2003 > Janvier Février Mars Avril Mai Juin Juillet Août Septembre Octobre Novembre Décembre
V/Λ2002 > Janvier Février Mars Avril Mai Juin Juillet Août Septembre Octobre Novembre Décembre

Rapport pour Novembre 2006
                   Monthly Climatological Summary for nov. 2006

Name: IALSACEM4   City: Meyenheim   State: 
Elevation: 210 m  Lat: N 47° 54' 42"   Lon: E 007° 21' 22"

                  Temperature (°C), Rain (mm), Wind Speed (km/h)

                                      Heat  Cool        Avg
    Mean                              Deg   Deg         Wind                 Dom
Day Temp  High   Time   Low    Time   Days  Days  Rain  Speed High   Time    Dir
----------------------------------------------------------------------------------
 1   8.5  14.0   00:02   2.9   23:59   8.9   0.0   2.0   5.0  21.2   11:37    NO
 2   4.0   9.1   12:03  -1.1   07:38  15.2   0.0   0.0   0.9  12.2   10:53     N
 3   3.3   8.4   13:25  -1.9   04:41  16.2   0.0   0.0   1.2  14.0   14:33   NNE
 4   4.7  10.7   14:50  -1.4   00:17  14.7   0.0   0.0   0.7  11.5   13:27     E
 5   4.2  10.4   15:10  -2.0   07:25  15.3   0.0   0.0   0.9  13.0   13:03   SSO
 6   4.8  10.9   15:02  -1.4   07:39  14.8   0.0   0.0   0.3   8.6   14:32   NNE
 7   5.5  12.6   14:12  -1.7   08:01  14.7   0.0   0.0   0.7  11.5   14:46     N
 8   7.6  14.8   15:21   0.4   01:33  10.3   0.0   0.0   3.3  19.8   15:24   SSO
 9  11.9  15.2   14:30   8.5   23:59   6.0   0.0   0.0   4.5  17.6   06:21    SO
10   5.4  10.1   15:05   0.7   23:58  13.0   0.0   0.0   2.3  13.3   12:36     N
11   5.8  11.1   23:59   0.4   01:33  10.8   0.0   0.0   9.3  31.7   12:04   SSO
12   9.5  12.5   11:35   6.4   22:35   9.1   0.0   3.0   5.2  24.8   11:44   OSO
13   8.0  11.6   12:14   4.3   03:44   9.6   0.0   0.0  10.3  28.1   15:42   SSO
14  13.3  16.4   13:07  10.2   00:03   6.0   0.0   0.0  11.3  31.7   10:51   SSO
15  12.6  18.5   14:12   6.6   08:13   6.2   0.0   0.0   4.3  17.6   12:13   SSO
16  11.5  18.2   14:37   4.8   08:12   7.0   0.0   0.0   3.1  14.0   10:45   SSO
17  12.1  14.0   15:33  10.2   23:59   6.2   0.0   1.0   5.4  24.8   15:52     S
18  10.4  15.4   12:00   5.4   23:59   7.3   0.0   1.0   4.9  22.0   10:40   SSO
19   8.0  12.5   12:42   3.5   05:23  10.1   0.0   0.0   5.5  27.0   14:56   SSO
20   5.8  10.1   14:44   1.4   07:19  12.2   0.0   0.0   5.2  26.3   12:21     S
21   9.2  12.0   11:22   6.3   22:57   9.5   0.0   5.0   9.9  24.1   23:09   SSO
22   6.2   9.2   12:56   3.1   08:13  12.5   0.0   3.0   6.6  21.2   14:14   SSO
23  10.6  16.1   14:44   5.1   00:16   7.1   0.0   0.0  11.6  37.4   13:43   SSO
24  12.5  15.5   13:43   9.5   23:41   6.0   0.0   0.0   4.9  21.2   00:56   SSO
25  13.0  17.8   14:10   8.2   06:24   5.4   0.0   0.0   3.4  16.2   15:02     S
26  10.4  13.9   15:24   6.8   08:00   8.1   0.0   0.0   1.3  13.3   01:11     N
27   9.8  14.5   14:45   5.1   06:50   9.2   0.0   0.0   2.0  14.0   11:09   SSO
28   8.6  13.7   15:02   3.4   07:15  11.3   0.0   0.0   1.3  13.3   12:13   SSO
29   8.8  11.2   12:54   6.3   00:02   9.2   0.0   3.0   2.1  16.2   20:04   NNE
30   6.1   9.1   14:40   3.1   23:59  10.9   0.0   0.0   5.4  26.3   04:25     N
----------------------------------------------------------------------------------
     8.4  18.5    15    -2.0     5   302.8   0.0  18.0   4.4  37.4    23     SSO

Max >=  30.0:  0
Max <=   0.0:  0
Min <= -10.0:  0
Min <= -18.0:  0
Max Rain: 5.0 on day 21
Days of Rain: 7 (>= 0.2 mm)  5 (>= 2.0 mm)  0 (>= 20.0 mm)
Heat Base: 18.3  Cool Base: 18.3  Method: Integration


Mise à jour : 14/12/2019 18:48:29
powered by Cumulus v3.0.0 (3043)