METEO Meyenheim

 Latitude N 47° 54' 42"    Longitude E 07° 21' 22"    Altitude 210 m

Rapports de type NOAA
Selectionner un rapport Annuel ou mensuel
V/Λ2019 > Janvier Février Mars Avril Mai Juin Juillet Août Septembre Octobre Novembre Décembre
V/Λ2018 > Janvier Février Mars Avril Mai Juin Juillet Août Septembre Octobre Novembre Décembre
V/Λ2017 > Janvier Février Mars Avril Mai Juin Juillet Août Septembre Octobre Novembre Décembre
V/Λ2016 > Janvier Février Mars Avril Mai Juin Juillet Août Septembre Octobre Novembre Décembre
V/Λ2015 > Janvier Février Mars Avril Mai Juin Juillet Août Septembre Octobre Novembre Décembre
V/Λ2014 > Janvier Février Mars Avril Mai Juin Juillet Août Septembre Octobre Novembre Décembre
V/Λ2013 > Janvier Février Mars Avril Mai Juin Juillet Août Septembre Octobre Novembre Décembre
V/Λ2012 > Janvier Février Mars Avril Mai Juin Juillet Août Septembre Octobre Novembre Décembre
V/Λ2011 > Janvier Février Mars Avril Mai Juin Juillet Août Septembre Octobre Novembre Décembre
V/Λ2010 > Janvier Février Mars Avril Mai Juin Juillet Août Septembre Octobre Novembre Décembre
V/Λ2009 > Janvier Février Mars Avril Mai Juin Juillet Août Septembre Octobre Novembre Décembre
V/Λ2008 > Janvier Février Mars Avril Mai Juin Juillet Août Septembre Octobre Novembre Décembre
V/Λ2007 > Janvier Février Mars Avril Mai Juin Juillet Août Septembre Octobre Novembre Décembre
V/Λ2006 > Janvier Février Mars Avril Mai Juin Juillet Août Septembre Octobre Novembre Décembre
V/Λ2005 > Janvier Février Mars Avril Mai Juin Juillet Août Septembre Octobre Novembre Décembre
V/Λ2004 > Janvier Février Mars Avril Mai Juin Juillet Août Septembre Octobre Novembre Décembre
V/Λ2003 > Janvier Février Mars Avril Mai Juin Juillet Août Septembre Octobre Novembre Décembre
V/Λ2002 > Janvier Février Mars Avril Mai Juin Juillet Août Septembre Octobre Novembre Décembre

Rapport pour Janvier 2007
                   Monthly Climatological Summary for janv. 2007

Name: IALSACEM4   City: Meyenheim   State: 
Elevation: 210 m  Lat: N 47 54' 42"   Lon: E 007 21' 22"

                  Temperature (C), Rain (mm), Wind Speed (km/h)

                                      Heat  Cool        Avg
    Mean                              Deg   Deg         Wind                 Dom
Day Temp  High   Time   Low    Time   Days  Days  Rain  Speed High   Time    Dir
----------------------------------------------------------------------------------
 1   9.0  12.3   11:42   5.6   20:17   9.3   0.0  17.0  13.1  45.7   10:37    SO
 2   4.8   6.7   10:23   2.8   21:16  13.5   0.0   5.0   8.2  37.4   06:45    SO
 3   5.7   8.0   13:27   3.4   02:52  12.6   0.0   1.0   7.4  23.4   18:46   SSO
 4   7.0   8.7   12:03   5.2   05:11  11.3   0.0   0.0  11.5  31.7   07:19   SSO
 5   7.3   8.3   16:59   6.3   07:13  11.0   0.0   0.0   9.9  23.4   21:39   SSO
 6   9.6  11.7   14:13   7.5   01:37   8.7   0.0   1.0  12.8  34.6   21:26   SSO
 7   9.1  11.9   11:53   6.3   18:29   9.2   0.0   0.0   7.8  24.8   01:11   SSO
 8   9.8  12.1   11:29   7.4   03:30   8.5   0.0   2.0  11.8  36.7   14:59   SSO
 9  12.0  14.5   14:50   9.4   00:01   6.3   0.0   0.0  12.4  31.7   12:37   SSO
10  12.0  16.1   14:09   7.8   05:10   6.3   0.0   0.0   8.2  27.4   13:15   SSO
11   9.8  12.8   13:41   6.8   07:13   8.5   0.0   0.0  12.3  46.4   16:16    SO
12   9.4  10.8   15:09   7.9   07:58   8.9   0.0   0.0   9.0  32.4   00:07    SO
13  10.8  14.7   12:12   6.9   22:59   7.5   0.0   0.0   9.8  27.0   00:21   SSO
14   9.0  14.7   12:13   3.2   23:59   9.3   0.0   0.0   5.3  23.4   08:33   SSO
15   3.7   7.3   14:29   0.1   06:33  14.6   0.0   0.0   1.1  14.0   13:21     S
16   5.8   9.6   16:28   1.9   00:11  12.5   0.0   0.0   0.7  15.5   23:59    SO
17  10.5  12.4   15:30   8.6   00:00   7.8   0.0   0.0  11.6  39.6   18:32   SSO
18  12.3  14.3   23:45  10.3   04:52   6.0   0.0   2.0  16.8  49.3   14:58   SSO
19  13.1  14.1   00:12  12.0   22:17   5.2   0.0   1.0  14.0  41.0   12:45   SSO
20  13.5  15.2   12:17  11.7   07:58   4.8   0.0   0.0  14.5  36.0   14:36   SSO
21   8.1  12.1   00:02   4.1   23:04  10.2   0.0   0.0   9.1  28.1   10:25    SO
22   3.9   6.4   15:02   1.4   08:06  14.4   0.0   2.0   3.8  19.1   23:33     N
23   0.3   4.0   00:07  -3.4   23:59  18.0   0.0   1.0  17.1  38.2   18:23     N
24  -3.7  -1.0   13:36  -6.3   23:59  22.0   0.0   0.0   5.1  30.2   01:10   NNE
25  -4.5  -1.3   15:09  -7.6   01:03  22.8   0.0   0.0   9.9  28.8   13:37     N
26  -4.7  -1.0   12:01  -8.4   08:36  23.0   0.0   0.0   3.4  19.8   00:06     N
27  -0.2   2.3   13:51  -2.7   08:30  18.5   0.0   0.0   7.7  23.4   04:52     S
28   3.0   5.6   13:42   0.3   08:14  15.3   0.0   4.0   7.9  20.5   14:48   SSO
29   4.5   7.7   14:23   1.3   03:05  13.8   0.0   0.0   4.9  21.2   00:09   SSO
30   3.5   8.6   15:13  -1.6   08:33  14.8   0.0   0.0   2.0  19.8   14:51     N
31   0.9   4.6   14:27  -2.8   08:12  17.4   0.0   0.0   2.8  14.0   14:14   SSO
----------------------------------------------------------------------------------
     6.3  16.1    10    -8.4    26   372.0   0.0  36.0   8.8  49.3    18     SSO

Max >=  30.0:  0
Max <=   0.0:  3
Min <= -10.0:  0
Min <= -18.0:  0
Max Rain: 17.0 on day 1
Days of Rain: 10 (>= 0.2 mm)  6 (>= 2.0 mm)  0 (>= 20.0 mm)
Heat Base: 18.3  Cool Base: 18.3  Method: Integration


Mise à jour : 20/11/2019 08:15:03
powered by Cumulus v3.0.0 (3043)