METEO Meyenheim

 Latitude N 47° 54' 42"    Longitude E 07° 21' 22"    Altitude 210 m

Rapports de type NOAA
Selectionner un rapport Annuel ou mensuel
V/Λ2019 > Janvier Février Mars Avril Mai Juin Juillet Août Septembre Octobre Novembre Décembre
V/Λ2018 > Janvier Février Mars Avril Mai Juin Juillet Août Septembre Octobre Novembre Décembre
V/Λ2017 > Janvier Février Mars Avril Mai Juin Juillet Août Septembre Octobre Novembre Décembre
V/Λ2016 > Janvier Février Mars Avril Mai Juin Juillet Août Septembre Octobre Novembre Décembre
V/Λ2015 > Janvier Février Mars Avril Mai Juin Juillet Août Septembre Octobre Novembre Décembre
V/Λ2014 > Janvier Février Mars Avril Mai Juin Juillet Août Septembre Octobre Novembre Décembre
V/Λ2013 > Janvier Février Mars Avril Mai Juin Juillet Août Septembre Octobre Novembre Décembre
V/Λ2012 > Janvier Février Mars Avril Mai Juin Juillet Août Septembre Octobre Novembre Décembre
V/Λ2011 > Janvier Février Mars Avril Mai Juin Juillet Août Septembre Octobre Novembre Décembre
V/Λ2010 > Janvier Février Mars Avril Mai Juin Juillet Août Septembre Octobre Novembre Décembre
V/Λ2009 > Janvier Février Mars Avril Mai Juin Juillet Août Septembre Octobre Novembre Décembre
V/Λ2008 > Janvier Février Mars Avril Mai Juin Juillet Août Septembre Octobre Novembre Décembre
V/Λ2007 > Janvier Février Mars Avril Mai Juin Juillet Août Septembre Octobre Novembre Décembre
V/Λ2006 > Janvier Février Mars Avril Mai Juin Juillet Août Septembre Octobre Novembre Décembre
V/Λ2005 > Janvier Février Mars Avril Mai Juin Juillet Août Septembre Octobre Novembre Décembre
V/Λ2004 > Janvier Février Mars Avril Mai Juin Juillet Août Septembre Octobre Novembre Décembre
V/Λ2003 > Janvier Février Mars Avril Mai Juin Juillet Août Septembre Octobre Novembre Décembre
V/Λ2002 > Janvier Février Mars Avril Mai Juin Juillet Août Septembre Octobre Novembre Décembre

Rapport pour Mars 2007
                   Monthly Climatological Summary for mars 2007

Name: IALSACEM4   City: Meyenheim   State: 
Elevation: 210 m  Lat: N 47 54' 42"   Lon: E 007 21' 22"

                  Temperature (C), Rain (mm), Wind Speed (km/h)

                                      Heat  Cool        Avg
    Mean                              Deg   Deg         Wind                 Dom
Day Temp  High   Time   Low    Time   Days  Days  Rain  Speed High   Time    Dir
----------------------------------------------------------------------------------
 1   8.7  10.4   11:19   6.9   17:56   9.6   0.0  15.0  14.1  42.8   11:37   SSO
 2   9.3  13.2   12:35   5.4   07:10   9.0   0.0   1.0   7.0  26.3   11:28    SO
 3  10.9  15.7   12:31   6.0   23:59   7.4   0.0   5.0  12.1  47.9   10:49   OSO
 4  10.2  17.5   12:46   2.8   07:38   8.1   0.0   0.0   1.9  11.5   03:02    SO
 5   8.6  13.5   15:41   3.6   23:59   9.7   0.0   0.0   7.5  29.5   06:53    SO
 6   9.3  16.6   14:17   2.0   06:14   9.0   0.0   0.0   6.5  27.4   13:43   SSO
 7  10.9  13.8   13:33   7.9   23:59   7.4   0.0   1.0   6.2  24.8   10:48   SSO
 8   8.8  14.4   12:52   3.2   23:55   9.5   0.0   0.0   4.2  22.0   16:59     N
 9   7.2  14.6   12:21  -0.2   06:26  11.1   0.0   1.0   3.8  24.8   13:43   SSO
10   7.1  12.6   12:38   1.6   23:59  11.2   0.0   0.0   3.2  21.2   00:22   NNE
11   6.2  13.5   15:42  -1.2   06:58  12.1   0.0   0.0   5.7  25.6   15:57     N
12   7.3  15.1   12:50  -0.5   07:36  11.0   0.0   0.0   1.6  13.0   10:36   OSO
13   9.1  18.0   12:49   0.2   06:55   9.2   0.0   0.0   0.9   9.4   15:06   SSE
14   9.1  16.2   14:58   1.9   07:10   9.2   0.0   0.0   4.8  19.1   16:15     N
15   9.4  16.3   16:24   2.5   06:52   8.9   0.0   0.0   1.9  11.5   11:06     N
16   9.3  16.6   12:50   1.9   07:08   9.0   0.0   0.0   1.8  12.2   14:07     N
17   6.9  11.8   12:41   2.0   06:44  11.4   0.0   0.0   5.1  27.0   13:14    SO
18   7.6  10.8   13:47   4.4   23:59  10.7   0.0   3.0  12.7  37.4   13:33   SSO
19   3.4   6.4   16:14   0.3   23:56  14.9   0.0  14.0   4.9  23.4   07:08    SO
20   3.0   6.2   17:01  -0.2   01:30  15.3   0.0   1.0   5.8  27.0   09:52     N
21   4.9   9.7   14:03   0.1   23:59  13.4   0.0   1.0   4.3  25.6   15:51     N
22   3.4   7.0   12:05  -0.2   02:45  14.9   0.0   1.0   4.8  20.5   21:04   SSO
23   3.0   4.7   15:32   1.3   06:56  15.3   0.0   8.0   5.6  20.5   13:36   SSO
24   4.4   6.9   14:08   1.9   03:28  13.9   0.0   3.0   1.7  11.5   20:43   NNE
25   7.4   9.2   14:41   2.2   06:56   0.0  10.9   0.0  10.0  16.9   11:11     N
26   7.4   8.8   22:50   6.0   23:59  10.9   0.0   0.0   1.0  10.1   22:37     N
27   8.3  15.3   13:54   1.3   07:41  10.0   0.0   0.0   0.8  16.2   14:26   OSO
28   9.4  17.4   13:55   1.3   07:54   8.9   0.0   0.0   1.9  20.5   17:10    NO
29  11.5  19.0   12:34   4.0   06:17   6.8   0.0   1.0   4.0  17.6   18:19    SO
30   9.6  14.9   14:06   4.3   05:09   8.7   0.0   0.0   3.5  24.8   20:50    SO
31   5.5   8.2   15:23   2.7   08:40  12.8   0.0   6.0   3.1  15.5   17:39     N
----------------------------------------------------------------------------------
     7.6  19.0    29    -1.2    11   319.3  10.9  61.0   5.2  47.9     3     OSO

Max >=  30.0:  0
Max <=   0.0:  0
Min <= -10.0:  0
Min <= -18.0:  0
Max Rain: 15.0 on day 1
Days of Rain: 14 (>= 0.2 mm)  7 (>= 2.0 mm)  0 (>= 20.0 mm)
Heat Base: 18.3  Cool Base: 18.3  Method: Integration


Mise à jour : 19/11/2019 20:50:02
powered by Cumulus v3.0.0 (3043)