METEO Meyenheim

 Latitude N 47° 54' 42"    Longitude E 07° 21' 22"    Altitude 210 m

Rapports de type NOAA
Selectionner un rapport Annuel ou mensuel
V/Λ2019 > Janvier Février Mars Avril Mai Juin Juillet Août Septembre Octobre Novembre Décembre
V/Λ2018 > Janvier Février Mars Avril Mai Juin Juillet Août Septembre Octobre Novembre Décembre
V/Λ2017 > Janvier Février Mars Avril Mai Juin Juillet Août Septembre Octobre Novembre Décembre
V/Λ2016 > Janvier Février Mars Avril Mai Juin Juillet Août Septembre Octobre Novembre Décembre
V/Λ2015 > Janvier Février Mars Avril Mai Juin Juillet Août Septembre Octobre Novembre Décembre
V/Λ2014 > Janvier Février Mars Avril Mai Juin Juillet Août Septembre Octobre Novembre Décembre
V/Λ2013 > Janvier Février Mars Avril Mai Juin Juillet Août Septembre Octobre Novembre Décembre
V/Λ2012 > Janvier Février Mars Avril Mai Juin Juillet Août Septembre Octobre Novembre Décembre
V/Λ2011 > Janvier Février Mars Avril Mai Juin Juillet Août Septembre Octobre Novembre Décembre
V/Λ2010 > Janvier Février Mars Avril Mai Juin Juillet Août Septembre Octobre Novembre Décembre
V/Λ2009 > Janvier Février Mars Avril Mai Juin Juillet Août Septembre Octobre Novembre Décembre
V/Λ2008 > Janvier Février Mars Avril Mai Juin Juillet Août Septembre Octobre Novembre Décembre
V/Λ2007 > Janvier Février Mars Avril Mai Juin Juillet Août Septembre Octobre Novembre Décembre
V/Λ2006 > Janvier Février Mars Avril Mai Juin Juillet Août Septembre Octobre Novembre Décembre
V/Λ2005 > Janvier Février Mars Avril Mai Juin Juillet Août Septembre Octobre Novembre Décembre
V/Λ2004 > Janvier Février Mars Avril Mai Juin Juillet Août Septembre Octobre Novembre Décembre
V/Λ2003 > Janvier Février Mars Avril Mai Juin Juillet Août Septembre Octobre Novembre Décembre
V/Λ2002 > Janvier Février Mars Avril Mai Juin Juillet Août Septembre Octobre Novembre Décembre

Rapport pour Avril 2007
                   Monthly Climatological Summary for avr. 2007

Name: IALSACEM4   City: Meyenheim   State: 
Elevation: 210 m  Lat: N 47 54' 42"   Lon: E 007 21' 22"

                  Temperature (C), Rain (mm), Wind Speed (km/h)

                                      Heat  Cool        Avg
    Mean                              Deg   Deg         Wind                 Dom
Day Temp  High   Time   Low    Time   Days  Days  Rain  Speed High   Time    Dir
----------------------------------------------------------------------------------
 1   7.2  12.1   18:14   2.2   01:32  11.1   0.0   0.0   2.1  16.2   15:55     N
 2   9.9  18.0   18:03   1.7   07:15   8.4   0.0   0.0   0.7  11.5   17:39     N
 3  11.5  18.5   13:55   4.4   07:49   6.8   0.0   0.0   6.6  32.4   21:28     N
 4   6.7   8.5   22:22   4.8   06:21  11.6   0.0   0.0  13.9  31.7   15:11     N
 5   9.3  16.0   16:49   2.5   07:15   9.0   0.0   0.0   9.2  25.6   17:25     N
 6  11.6  20.1   17:35   3.1   07:45   6.7   0.0   0.0   5.8  21.2   17:14     N
 7  12.9  22.3   13:42   3.5   07:34   5.4   0.0   0.0   4.6  26.3   19:39     N
 8  12.1  17.7   17:13   6.5   23:59   6.2   0.0   0.0   8.7  26.3   00:45     N
 9  12.5  22.6   14:01   2.3   07:06   5.8   0.0   0.0   2.5  17.6   16:22   SSO
10  12.6  21.2   14:08   3.9   06:46   5.7   0.0   0.0   3.7  17.6   23:25     N
11  14.3  22.0   16:44   6.5   07:07   4.0   0.0   0.0   7.1  21.2   17:42     N
12  15.8  24.2   14:05   7.3   07:45   2.5   0.0   0.0   2.4  12.2   15:45     N
13  17.1  25.4   17:02   8.8   06:59   1.2   0.0   0.0   1.3  12.2   15:39     N
14  18.0  26.7   14:08   9.2   07:28   0.3   0.0   0.0   1.0  12.2   17:52     N
15  18.0  27.3   14:05   8.6   07:27   0.3   0.0   0.0   4.6  19.1   16:00     N
16  17.8  27.2   14:05   8.4   07:17   0.5   0.0   0.0   5.7  21.2   15:37     N
17  17.5  27.8   13:48   7.2   06:58   0.8   0.0   0.0   1.5  16.2   22:46     N
18  13.5  17.7   14:03   9.2   07:22   4.8   0.0   0.0   8.0  21.2   14:58     N
19  12.5  20.6   14:02   4.4   07:08   5.8   0.0   0.0   4.5  19.8   00:38     N
20  12.7  21.5   14:06   3.8   07:14   5.6   0.0   0.0   5.3  20.5   09:34     N
21  14.2  22.2   16:45   6.2   07:19   4.1   0.0   0.0   4.7  16.9   00:21     N
22  15.3  24.7   13:55   5.8   07:18   3.0   0.0   0.0   0.9  12.2   00:05   NNE
23  18.2  28.1   13:15   8.3   06:24   0.1   0.0   0.0   1.6  13.3   13:21   SSO
24  20.0  28.8   14:03  11.2   07:21   0.0   1.7   0.0   1.2  13.3   14:36    SO
25  19.3  28.8   14:09   9.8   06:20   0.0   1.0   0.0   2.2  14.0   16:36     N
26  19.0  27.1   13:19  10.9   06:57   0.0   0.7   0.0   2.8  17.6   17:36     N
27  16.1  28.1   13:51   9.5   06:51   2.2   0.0  26.0   4.2  19.8   19:36    SO
29  21.0  27.4   14:14  14.5   23:59   0.0   2.7   5.0   3.3  28.1   16:59     N
30  17.4  23.2   16:37  11.5   06:36   0.9   0.0   0.0   8.1  24.8   17:34     N
----------------------------------------------------------------------------------
    14.6  28.8    24     1.7     2   112.8   6.1  31.0   4.5  32.4     3       N

Max >=  30.0:  0
Max <=   0.0:  0
Min <= -10.0:  0
Min <= -18.0:  0
Max Rain: 26.0 on day 27
Days of Rain: 2 (>= 0.2 mm)  2 (>= 2.0 mm)  1 (>= 20.0 mm)
Heat Base: 18.3  Cool Base: 18.3  Method: Integration


Mise à jour : 24/08/2019 01:55:32
powered by Cumulus v3.0.0 (3043)