METEO Meyenheim

 Latitude N 47° 54' 42"    Longitude E 07° 21' 22"    Altitude 210 m

Rapports de type NOAA
Selectionner un rapport Annuel ou mensuel
V/Λ2019 > Janvier Février Mars Avril Mai Juin Juillet Août Septembre Octobre Novembre Décembre
V/Λ2018 > Janvier Février Mars Avril Mai Juin Juillet Août Septembre Octobre Novembre Décembre
V/Λ2017 > Janvier Février Mars Avril Mai Juin Juillet Août Septembre Octobre Novembre Décembre
V/Λ2016 > Janvier Février Mars Avril Mai Juin Juillet Août Septembre Octobre Novembre Décembre
V/Λ2015 > Janvier Février Mars Avril Mai Juin Juillet Août Septembre Octobre Novembre Décembre
V/Λ2014 > Janvier Février Mars Avril Mai Juin Juillet Août Septembre Octobre Novembre Décembre
V/Λ2013 > Janvier Février Mars Avril Mai Juin Juillet Août Septembre Octobre Novembre Décembre
V/Λ2012 > Janvier Février Mars Avril Mai Juin Juillet Août Septembre Octobre Novembre Décembre
V/Λ2011 > Janvier Février Mars Avril Mai Juin Juillet Août Septembre Octobre Novembre Décembre
V/Λ2010 > Janvier Février Mars Avril Mai Juin Juillet Août Septembre Octobre Novembre Décembre
V/Λ2009 > Janvier Février Mars Avril Mai Juin Juillet Août Septembre Octobre Novembre Décembre
V/Λ2008 > Janvier Février Mars Avril Mai Juin Juillet Août Septembre Octobre Novembre Décembre
V/Λ2007 > Janvier Février Mars Avril Mai Juin Juillet Août Septembre Octobre Novembre Décembre
V/Λ2006 > Janvier Février Mars Avril Mai Juin Juillet Août Septembre Octobre Novembre Décembre
V/Λ2005 > Janvier Février Mars Avril Mai Juin Juillet Août Septembre Octobre Novembre Décembre
V/Λ2004 > Janvier Février Mars Avril Mai Juin Juillet Août Septembre Octobre Novembre Décembre
V/Λ2003 > Janvier Février Mars Avril Mai Juin Juillet Août Septembre Octobre Novembre Décembre
V/Λ2002 > Janvier Février Mars Avril Mai Juin Juillet Août Septembre Octobre Novembre Décembre

Rapport pour Juin 2007
                   Monthly Climatological Summary for juin 2007

Name: IALSACEM4   City: Meyenheim   State: 
Elevation: 210 m  Lat: N 47 54' 42"   Lon: E 007 21' 22"

                  Temperature (C), Rain (mm), Wind Speed (km/h)

                                      Heat  Cool        Avg
    Mean                              Deg   Deg         Wind                 Dom
Day Temp  High   Time   Low    Time   Days  Days  Rain  Speed High   Time    Dir
----------------------------------------------------------------------------------
 1  15.0  18.2   15:01  11.8   05:04   3.3   0.0  15.0   2.1  13.0   12:08   SSO
 2  17.0  21.7   18:43  12.3   05:41   1.3   0.0   1.0   3.1  23.4   19:07     N
 3  17.8  24.0   17:49  11.6   05:17   0.5   0.0   0.0   5.3  19.1   13:42     N
 4  20.3  26.7   14:25  13.9   06:29   0.0   2.0   0.0   5.1  20.5   18:32     N
 5  20.6  27.1   14:39  14.1   06:19   0.0   2.3   0.0   4.7  27.4   15:49   NNE
 6  21.7  26.9   14:45  16.5   06:26   0.0   3.4   0.0   8.7  24.8   10:22     N
 7  22.8  28.5   18:34  17.0   06:05   0.0   4.5   1.0   4.2  67.7   20:05     N
 8  23.0  29.5   14:06  16.4   06:00   0.0   4.7   0.0   2.1  13.3   01:01   SSO
 9  22.0  26.2   17:46  17.7   04:16   0.0   3.7  10.0   0.8  14.0   13:08   NNE
10  23.4  30.7   14:41  16.1   23:59   0.0   5.1  21.0   2.7  27.0   20:11   OSO
11  20.0  25.8   12:58  14.1   05:36   0.0   1.7   3.0   2.4  17.6   12:05   SSO
12  20.1  25.2   12:05  14.9   05:50   0.0   1.8   8.0   0.9  22.7   16:43   SSO
13  21.5  27.1   14:38  15.8   06:03   0.0   3.2   0.0   1.2  10.1   15:27     E
14  22.4  29.6   14:13  15.2   05:59   0.0   4.1   1.0   3.9  19.1   19:48   SSO
15  17.9  20.7   09:30  15.0   23:49   0.4   0.0   5.0   6.4  26.3   07:46   SSO
16  19.7  25.4   14:32  13.9   06:47   0.0   1.4   0.0   6.9  28.1   14:02    SO
17  21.1  28.9   14:18  13.3   06:22   0.0   2.8  16.0   4.3  19.8   13:52   SSO
18  21.7  27.2   13:43  16.2   06:08   0.0   3.4   2.0   7.0  21.2   11:01   SSO
19  23.6  30.9   14:40  16.3   06:04   0.0   5.3   0.0   1.3  14.0   23:56     E
20  24.3  29.8   14:42  18.7   23:59   0.0   6.0   1.0   4.8  27.4   20:32   SSO
21  19.7  22.8   16:20  16.5   22:16   0.0   1.4  38.0   4.0  27.0   02:50   OSO
22  19.2  23.8   14:17  14.5   23:59   0.0   0.9   3.0   4.2  28.1   19:45    SO
23  17.0  20.0   14:43  14.0   02:20   1.3   0.0   0.0   8.6  28.1   12:14    SO
24  19.7  26.9   14:42  12.5   06:24   0.0   1.4   0.0   5.0  16.9   14:55   SSO
25  18.7  23.7   11:29  13.7   23:59   0.0   0.4   3.0   9.0  25.6   14:10   SSO
26  16.0  20.5   14:46  11.5   06:39   2.3   0.0   5.0  10.9  41.0   07:00    SO
27  15.6  18.8   15:03  12.4   06:27   2.7   0.0   0.0   7.4  20.5   19:34    SO
28  15.6  19.6   13:57  11.5   04:09   2.7   0.0   0.0   7.2  23.4   10:26    SO
29  16.0  22.9   14:43   9.0   04:30   2.3   0.0   0.0   5.7  24.8   14:53    SO
30  19.8  25.1   14:23  14.4   06:08   0.0   1.5   0.0   3.6  16.9   11:24     S
----------------------------------------------------------------------------------
    19.8  30.9    19     9.0    29    16.8  61.0 133.0   4.8  67.7     7      SO

Max >=  30.0:  2
Max <=   0.0:  0
Min <= -10.0:  0
Min <= -18.0:  0
Max Rain: 38.0 on day 21
Days of Rain: 16 (>= 0.2 mm)  12 (>= 2.0 mm)  2 (>= 20.0 mm)
Heat Base: 18.3  Cool Base: 18.3  Method: Integration


Mise à jour : 17/09/2019 06:13:52
powered by Cumulus v3.0.0 (3043)