METEO Meyenheim

 Latitude N 47° 54' 42"    Longitude E 07° 21' 22"    Altitude 210 m

Rapports de type NOAA
Selectionner un rapport Annuel ou mensuel
V/Λ2019 > Janvier Février Mars Avril Mai Juin Juillet Août Septembre Octobre Novembre Décembre
V/Λ2018 > Janvier Février Mars Avril Mai Juin Juillet Août Septembre Octobre Novembre Décembre
V/Λ2017 > Janvier Février Mars Avril Mai Juin Juillet Août Septembre Octobre Novembre Décembre
V/Λ2016 > Janvier Février Mars Avril Mai Juin Juillet Août Septembre Octobre Novembre Décembre
V/Λ2015 > Janvier Février Mars Avril Mai Juin Juillet Août Septembre Octobre Novembre Décembre
V/Λ2014 > Janvier Février Mars Avril Mai Juin Juillet Août Septembre Octobre Novembre Décembre
V/Λ2013 > Janvier Février Mars Avril Mai Juin Juillet Août Septembre Octobre Novembre Décembre
V/Λ2012 > Janvier Février Mars Avril Mai Juin Juillet Août Septembre Octobre Novembre Décembre
V/Λ2011 > Janvier Février Mars Avril Mai Juin Juillet Août Septembre Octobre Novembre Décembre
V/Λ2010 > Janvier Février Mars Avril Mai Juin Juillet Août Septembre Octobre Novembre Décembre
V/Λ2009 > Janvier Février Mars Avril Mai Juin Juillet Août Septembre Octobre Novembre Décembre
V/Λ2008 > Janvier Février Mars Avril Mai Juin Juillet Août Septembre Octobre Novembre Décembre
V/Λ2007 > Janvier Février Mars Avril Mai Juin Juillet Août Septembre Octobre Novembre Décembre
V/Λ2006 > Janvier Février Mars Avril Mai Juin Juillet Août Septembre Octobre Novembre Décembre
V/Λ2005 > Janvier Février Mars Avril Mai Juin Juillet Août Septembre Octobre Novembre Décembre
V/Λ2004 > Janvier Février Mars Avril Mai Juin Juillet Août Septembre Octobre Novembre Décembre
V/Λ2003 > Janvier Février Mars Avril Mai Juin Juillet Août Septembre Octobre Novembre Décembre
V/Λ2002 > Janvier Février Mars Avril Mai Juin Juillet Août Septembre Octobre Novembre Décembre

Rapport pour Juillet 2007
                   Monthly Climatological Summary for juil. 2007

Name: IALSACEM4   City: Meyenheim   State: 
Elevation: 210 m  Lat: N 47 54' 42"   Lon: E 007 21' 22"

                  Temperature (C), Rain (mm), Wind Speed (km/h)

                                      Heat  Cool        Avg
    Mean                              Deg   Deg         Wind                 Dom
Day Temp  High   Time   Low    Time   Days  Days  Rain  Speed High   Time    Dir
----------------------------------------------------------------------------------
 1  20.6  28.0   12:29  13.1   06:12   0.0   2.3   0.0   2.4  15.5   23:55   SSO
 2  20.4  24.7   14:35  16.1   23:59   0.0   2.1   1.0   9.7  24.8   15:38   SSO
 3  16.9  19.5   09:59  14.2   23:08   1.4   0.0   2.0   9.7  31.0   16:16   SSO
 4  16.1  19.9   14:22  12.2   23:49   2.2   0.0   7.0   7.8  30.2   14:34    SO
 5  14.7  17.5   17:04  11.8   06:41   3.6   0.0   3.0   9.2  26.3   11:57    SO
 6  18.4  23.0   18:00  13.8   06:22   0.0   0.1   0.0  10.5  31.7   07:33    SO
 7  18.4  25.2   16:13  11.5   04:57   0.0   0.1   0.0   2.5  16.2   13:07   OSO
 8  18.2  23.2   18:29  13.1   06:01   0.1   0.0   0.0   2.9  19.8   18:27     S
 9  18.7  24.7   14:18  12.6   23:59   0.0   0.4   0.0   6.5  29.5   16:43    SO
10  15.4  19.6   13:34  11.1   05:52   2.9   0.0   4.0   7.9  24.8   13:41    SO
11  16.3  21.2   14:35  11.4   05:41   2.0   0.0   2.0   5.8  24.8   18:11   SSO
12  18.0  23.0   14:01  12.9   06:21   0.3   0.0   0.0   6.7  24.1   16:30    SO
13  21.8  29.3   14:38  14.2   06:48   0.0   3.5   0.0   2.6  14.0   13:08     S
14  24.7  32.5   14:43  16.8   04:13   0.0   6.4   0.0   6.1  23.4   09:55   SSO
15  25.5  35.5   14:27  15.5   06:19   0.0   7.2   0.0   1.7  13.3   19:52     S
16  26.3  36.2   14:40  16.4   06:29   0.0   8.0   0.0   2.5  19.8   20:16   SSO
17  24.0  29.2   14:36  18.7   05:30   0.0   5.7   0.0   2.4  14.0   10:31    SO
18  23.7  28.9   14:35  18.5   06:57   0.0   5.4  12.0   1.7  13.3   14:18   SSE
19  21.9  25.8   17:10  18.0   10:39   0.0   3.6   8.0   3.0  16.9   10:15   NNE
20  21.0  25.1   16:21  16.9   06:25   0.0   2.7   0.0   3.6  21.2   19:40    SO
21  18.4  20.7   16:27  16.1   23:53   0.0   0.1   0.0   3.3  15.5   13:56     N
22  19.9  24.2   16:57  15.6   07:01   0.0   1.6   0.0   6.1  21.2   11:53    SO
23  18.6  24.9   14:25  12.3   06:34   0.0   0.3  10.0   2.8  21.2   19:20     S
24  18.0  21.6   16:08  14.3   03:42   0.3   0.0   0.0   7.8  31.7   11:32    SO
25  18.6  24.2   17:47  13.0   05:42   0.0   0.3   0.0   2.3  13.0   12:07   SSO
26  20.3  28.1   16:26  12.4   06:06   0.0   2.0   0.0   5.4  21.2   15:33   SSO
27  22.2  26.9   17:08  17.5   06:24   0.0   3.9   0.0   6.7  24.8   11:23    SO
28  21.1  25.9   17:32  16.2   03:16   0.0   2.8   0.0   6.2  28.8   14:31    SO
29  19.6  22.8   10:53  16.4   23:59   0.0   1.3   8.0   6.4  31.7   14:25    SO
30  16.4  20.9   16:53  11.8   23:59   1.9   0.0   0.0   2.6  14.0   11:33    NE
31  15.1  21.5   17:15   8.7   06:39   3.2   0.0   0.0   4.4  16.9   10:41     N
----------------------------------------------------------------------------------
    19.7  36.2    16     8.7    31    17.9  59.8  57.0   5.1  31.7     6      SO

Max >=  30.0:  3
Max <=   0.0:  0
Min <= -10.0:  0
Min <= -18.0:  0
Max Rain: 12.0 on day 18
Days of Rain: 10 (>= 0.2 mm)  9 (>= 2.0 mm)  0 (>= 20.0 mm)
Heat Base: 18.3  Cool Base: 18.3  Method: Integration


Mise à jour : 21/08/2019 06:47:18
powered by Cumulus v3.0.0 (3043)