METEO Meyenheim

 Latitude N 47° 54' 42"    Longitude E 07° 21' 22"    Altitude 210 m

Rapports de type NOAA
Selectionner un rapport Annuel ou mensuel
V/Λ2019 > Janvier Février Mars Avril Mai Juin Juillet Août Septembre Octobre Novembre Décembre
V/Λ2018 > Janvier Février Mars Avril Mai Juin Juillet Août Septembre Octobre Novembre Décembre
V/Λ2017 > Janvier Février Mars Avril Mai Juin Juillet Août Septembre Octobre Novembre Décembre
V/Λ2016 > Janvier Février Mars Avril Mai Juin Juillet Août Septembre Octobre Novembre Décembre
V/Λ2015 > Janvier Février Mars Avril Mai Juin Juillet Août Septembre Octobre Novembre Décembre
V/Λ2014 > Janvier Février Mars Avril Mai Juin Juillet Août Septembre Octobre Novembre Décembre
V/Λ2013 > Janvier Février Mars Avril Mai Juin Juillet Août Septembre Octobre Novembre Décembre
V/Λ2012 > Janvier Février Mars Avril Mai Juin Juillet Août Septembre Octobre Novembre Décembre
V/Λ2011 > Janvier Février Mars Avril Mai Juin Juillet Août Septembre Octobre Novembre Décembre
V/Λ2010 > Janvier Février Mars Avril Mai Juin Juillet Août Septembre Octobre Novembre Décembre
V/Λ2009 > Janvier Février Mars Avril Mai Juin Juillet Août Septembre Octobre Novembre Décembre
V/Λ2008 > Janvier Février Mars Avril Mai Juin Juillet Août Septembre Octobre Novembre Décembre
V/Λ2007 > Janvier Février Mars Avril Mai Juin Juillet Août Septembre Octobre Novembre Décembre
V/Λ2006 > Janvier Février Mars Avril Mai Juin Juillet Août Septembre Octobre Novembre Décembre
V/Λ2005 > Janvier Février Mars Avril Mai Juin Juillet Août Septembre Octobre Novembre Décembre
V/Λ2004 > Janvier Février Mars Avril Mai Juin Juillet Août Septembre Octobre Novembre Décembre
V/Λ2003 > Janvier Février Mars Avril Mai Juin Juillet Août Septembre Octobre Novembre Décembre
V/Λ2002 > Janvier Février Mars Avril Mai Juin Juillet Août Septembre Octobre Novembre Décembre

Rapport pour Août 2007
                   Monthly Climatological Summary for aot 2007

Name: IALSACEM4   City: Meyenheim   State: 
Elevation: 210 m  Lat: N 47 54' 42"   Lon: E 007 21' 22"

                  Temperature (C), Rain (mm), Wind Speed (km/h)

                                      Heat  Cool        Avg
    Mean                              Deg   Deg         Wind                 Dom
Day Temp  High   Time   Low    Time   Days  Days  Rain  Speed High   Time    Dir
----------------------------------------------------------------------------------
 1  17.1  25.1   18:29   9.1   06:48   1.2   0.0   0.0   2.4  16.2   00:07     N
 2  19.9  25.0   18:42  14.8   02:35   0.0   1.6   3.0   6.7  24.8   14:56    SO
 3  19.0  23.0   17:49  14.9   06:48   0.0   0.7  20.0   1.1  12.2   16:58    SO
 4  19.4  26.2   17:20  12.6   06:46   0.0   1.1   0.0   2.6  14.8   17:08     N
 5  21.0  28.5   18:02  13.5   06:12   0.0   2.7   0.0   0.6  10.1   15:13    SE
 6  23.3  31.3   15:09  15.2   06:43   0.0   5.0   0.0   3.4  21.2   18:53    SO
 7  19.3  21.7   00:00  16.8   23:59   0.0   1.0  40.0   1.7  12.2   03:00   NNE
 8  16.0  17.5   14:59  14.5   09:22   2.3   0.0  17.0   1.6  14.0   03:37   SSO
 9  14.5  15.9   17:12  13.1   23:59   3.8   0.0  23.0   4.2  19.8   21:12   SSO
10  15.2  17.6   13:14  12.7   07:01   3.1   0.0   0.0   4.9  17.6   08:27   SSO
11  18.9  22.5   18:05  15.3   06:21   0.0   0.6   1.0   0.8  13.0   14:52    NE
12  19.5  25.6   15:02  13.3   07:04   0.0   1.2   0.0   1.8  13.3   16:35   SSE
13  20.4  26.0   14:06  14.8   07:06   0.0   2.1   2.0   2.5  22.7   18:21     N
14  21.1  26.5   17:20  15.7   05:22   0.0   2.8   0.0   3.7  24.8   15:11   SSO
15  25.2  30.9   14:21  19.5   00:06   0.0   6.9   0.0   7.3  29.5   07:39   SSO
16  20.6  27.2   01:10  13.9   23:28   0.0   2.3   0.0   8.2  38.2   01:04    SO
17  17.9  22.6   12:02  13.2   06:21   0.4   0.0   0.0   2.7  19.8   12:02   NNE
18  17.1  22.9   16:57  11.2   07:16   1.2   0.0   0.0   1.3  13.0   12:31   NNE
19  19.0  24.6   15:52  13.3   07:11   0.0   0.7   0.0   5.4  25.6   17:15    SO
20  17.8  21.2   15:05  14.3   23:59   0.5   0.0   0.0   7.4  26.3   16:32   SSO
21  14.3  15.0   20:30  13.5   08:12   4.0   0.0  24.0   1.6  13.0   11:21     N
22  16.7  21.0   15:38  12.4   06:34   1.6   0.0   0.0   4.6  24.8   10:19    SO
23  18.4  24.4   14:44  12.3   07:43   0.0   0.1   0.0   2.1  17.6   12:55   SSO
24  19.3  25.5   17:30  13.0   07:00   0.0   1.0   0.0   0.4  10.8   14:23   NNE
25  20.6  27.5   17:12  13.6   06:56   0.0   2.3   0.0   0.4  10.1   16:30   ENE
26  21.0  27.7   17:15  14.3   06:51   0.0   2.7   0.0   0.3   7.9   20:20     N
27  22.0  26.6   16:22  17.4   07:29   0.0   3.7   0.0   2.2  16.2   08:58   NNE
28  17.9  21.3   15:28  14.5   07:26   0.4   0.0   2.0   5.1  17.6   09:15     N
29  14.7  15.9   22:56  13.4   11:19   3.6   0.0   9.0   3.8  16.2   23:53     N
30  16.7  21.4   16:51  12.0   23:59   1.6   0.0   0.0   8.2  24.8   09:06     N
31  15.6  22.5   14:33   8.7   07:22   2.7   0.0   0.0   0.8  14.0   23:58   ESE
----------------------------------------------------------------------------------
    18.7  31.3     6     8.7    31    26.4  38.5 141.0   3.2  38.2    16      SO

Max >=  30.0:  2
Max <=   0.0:  0
Min <= -10.0:  0
Min <= -18.0:  0
Max Rain: 40.0 on day 7
Days of Rain: 10 (>= 0.2 mm)  9 (>= 2.0 mm)  4 (>= 20.0 mm)
Heat Base: 18.3  Cool Base: 18.3  Method: Integration


Mise à jour : 17/09/2019 06:28:52
powered by Cumulus v3.0.0 (3043)