METEO Meyenheim

 Latitude N 47° 54' 42"    Longitude E 07° 21' 22"    Altitude 210 m

Rapports de type NOAA
Selectionner un rapport Annuel ou mensuel
V/Λ2019 > Janvier Février Mars Avril Mai Juin Juillet Août Septembre Octobre Novembre Décembre
V/Λ2018 > Janvier Février Mars Avril Mai Juin Juillet Août Septembre Octobre Novembre Décembre
V/Λ2017 > Janvier Février Mars Avril Mai Juin Juillet Août Septembre Octobre Novembre Décembre
V/Λ2016 > Janvier Février Mars Avril Mai Juin Juillet Août Septembre Octobre Novembre Décembre
V/Λ2015 > Janvier Février Mars Avril Mai Juin Juillet Août Septembre Octobre Novembre Décembre
V/Λ2014 > Janvier Février Mars Avril Mai Juin Juillet Août Septembre Octobre Novembre Décembre
V/Λ2013 > Janvier Février Mars Avril Mai Juin Juillet Août Septembre Octobre Novembre Décembre
V/Λ2012 > Janvier Février Mars Avril Mai Juin Juillet Août Septembre Octobre Novembre Décembre
V/Λ2011 > Janvier Février Mars Avril Mai Juin Juillet Août Septembre Octobre Novembre Décembre
V/Λ2010 > Janvier Février Mars Avril Mai Juin Juillet Août Septembre Octobre Novembre Décembre
V/Λ2009 > Janvier Février Mars Avril Mai Juin Juillet Août Septembre Octobre Novembre Décembre
V/Λ2008 > Janvier Février Mars Avril Mai Juin Juillet Août Septembre Octobre Novembre Décembre
V/Λ2007 > Janvier Février Mars Avril Mai Juin Juillet Août Septembre Octobre Novembre Décembre
V/Λ2006 > Janvier Février Mars Avril Mai Juin Juillet Août Septembre Octobre Novembre Décembre
V/Λ2005 > Janvier Février Mars Avril Mai Juin Juillet Août Septembre Octobre Novembre Décembre
V/Λ2004 > Janvier Février Mars Avril Mai Juin Juillet Août Septembre Octobre Novembre Décembre
V/Λ2003 > Janvier Février Mars Avril Mai Juin Juillet Août Septembre Octobre Novembre Décembre
V/Λ2002 > Janvier Février Mars Avril Mai Juin Juillet Août Septembre Octobre Novembre Décembre

Rapport pour Septembre 2007
                   Monthly Climatological Summary for sept. 2007

Name: IALSACEM4   City: Meyenheim   State: 
Elevation: 210 m  Lat: N 47 54' 42"   Lon: E 007 21' 22"

                  Temperature (C), Rain (mm), Wind Speed (km/h)

                                      Heat  Cool        Avg
    Mean                              Deg   Deg         Wind                 Dom
Day Temp  High   Time   Low    Time   Days  Days  Rain  Speed High   Time    Dir
----------------------------------------------------------------------------------
 1  16.5  20.0   15:39  12.9   06:34   1.8   0.0   0.0   1.1  13.3   13:52   SSO
 2  15.8  21.6   14:33  10.0   07:26   2.5   0.0   0.0   1.2  12.2   12:42    SO
 3  16.0  19.4   10:57  12.5   23:59   2.3   0.0   4.0   3.9  19.8   10:59    SO
 4  12.9  16.7   13:54   9.0   23:59   5.4   0.0   0.0   2.7  22.0   14:29     N
 5  12.1  17.3   17:09   6.9   07:47   6.2   0.0   0.0   2.6  16.2   16:02   NNE
 6  10.8  14.6   12:40   6.9   04:04   7.5   0.0   0.0   0.6   9.4   07:37   SSE
 7  14.6  17.2   13:56  11.9   07:01   3.7   0.0   0.0   3.6  16.9   16:44   NNE
 8  15.5  20.8   17:34  10.1   07:24   2.8   0.0   0.0   4.4  16.2   14:26   NNE
 9  16.4  19.6   16:18  13.2   07:56   1.9   0.0   0.0   1.5  13.3   21:27     N
10  14.9  21.4   14:30   8.4   06:42   3.4   0.0   0.0   3.1  20.5   17:18   OSO
11  14.0  18.0   13:30  10.0   06:03   4.3   0.0   0.0   2.2  16.9   01:41     N
12  13.9  20.3   17:22   7.5   06:32   4.4   0.0   0.0   5.2  20.5   17:36     N
13  15.6  21.3   16:18   9.8   07:27   2.7   0.0   0.0   3.3  15.5   01:56   NNE
14  17.7  26.1   15:45   9.3   07:32   0.6   0.0   0.0   2.9  21.2   14:32    SO
15  16.9  21.7   16:49  12.1   07:54   1.4   0.0   0.0   2.9  18.4   11:37     N
16  17.3  25.5   16:37   9.0   07:48   1.0   0.0   0.0   3.1  24.8   16:45   SSO
17  18.9  25.3   14:39  12.5   05:19   0.0   0.6   0.0   4.6  24.1   12:36    SO
18  13.3  16.8   00:01   9.8   22:25   5.0   0.0  14.0   3.4  21.2   13:40   OSO
19  11.8  16.7   15:12   6.9   08:16   6.5   0.0   0.0   0.8  11.5   14:42     N
20  12.1  19.1   16:45   5.1   07:38   6.2   0.0   0.0   1.3  12.2   14:51   SSO
21  13.6  21.4   16:55   5.8   07:50   4.7   0.0   0.0   0.5  10.1   13:10    SO
22  16.5  24.2   17:21   8.7   08:06   1.8   0.0   0.0   2.6  17.6   13:20   SSO
23  17.4  24.3   16:16  10.5   03:42   0.9   0.0   0.0   0.6  10.8   14:19   SSO
24  18.0  24.7   14:43  11.3   08:01   0.3   0.0   0.0   4.8  27.4   16:39    SO
25  15.4  19.2   15:59  11.5   23:01   2.9   0.0   0.0   2.5  24.1   14:13   OSO
26  12.5  17.2   14:54   7.8   08:15   5.8   0.0   3.0   1.9  17.6   15:09     N
27  10.2  11.6   18:10   8.7   07:26   8.1   0.0  12.0   3.4  16.2   05:24   NNO
28  11.6  15.0   13:20   8.2   00:59   6.7   0.0   0.0   7.4  24.8   13:28   SSO
29  14.3  18.8   15:29   9.7   07:46   4.0   0.0   0.0   8.3  28.1   01:03   SSO
30  15.0  20.3   16:35   9.6   01:48   3.3   0.0   0.0   1.2  14.0   14:33   SSO
----------------------------------------------------------------------------------
    14.7  26.1    14     5.1    20   108.1   0.6  33.0   2.9  28.1    29     OSO

Max >=  30.0:  0
Max <=   0.0:  0
Min <= -10.0:  0
Min <= -18.0:  0
Max Rain: 14.0 on day 18
Days of Rain: 4 (>= 0.2 mm)  4 (>= 2.0 mm)  0 (>= 20.0 mm)
Heat Base: 18.3  Cool Base: 18.3  Method: Integration


Mise à jour : 17/09/2019 06:40:52
powered by Cumulus v3.0.0 (3043)