METEO Meyenheim

 Latitude N 47° 54' 42"    Longitude E 07° 21' 22"    Altitude 210 m

Rapports de type NOAA
Selectionner un rapport Annuel ou mensuel
V/Λ2019 > Janvier Février Mars Avril Mai Juin Juillet Août Septembre Octobre Novembre Décembre
V/Λ2018 > Janvier Février Mars Avril Mai Juin Juillet Août Septembre Octobre Novembre Décembre
V/Λ2017 > Janvier Février Mars Avril Mai Juin Juillet Août Septembre Octobre Novembre Décembre
V/Λ2016 > Janvier Février Mars Avril Mai Juin Juillet Août Septembre Octobre Novembre Décembre
V/Λ2015 > Janvier Février Mars Avril Mai Juin Juillet Août Septembre Octobre Novembre Décembre
V/Λ2014 > Janvier Février Mars Avril Mai Juin Juillet Août Septembre Octobre Novembre Décembre
V/Λ2013 > Janvier Février Mars Avril Mai Juin Juillet Août Septembre Octobre Novembre Décembre
V/Λ2012 > Janvier Février Mars Avril Mai Juin Juillet Août Septembre Octobre Novembre Décembre
V/Λ2011 > Janvier Février Mars Avril Mai Juin Juillet Août Septembre Octobre Novembre Décembre
V/Λ2010 > Janvier Février Mars Avril Mai Juin Juillet Août Septembre Octobre Novembre Décembre
V/Λ2009 > Janvier Février Mars Avril Mai Juin Juillet Août Septembre Octobre Novembre Décembre
V/Λ2008 > Janvier Février Mars Avril Mai Juin Juillet Août Septembre Octobre Novembre Décembre
V/Λ2007 > Janvier Février Mars Avril Mai Juin Juillet Août Septembre Octobre Novembre Décembre
V/Λ2006 > Janvier Février Mars Avril Mai Juin Juillet Août Septembre Octobre Novembre Décembre
V/Λ2005 > Janvier Février Mars Avril Mai Juin Juillet Août Septembre Octobre Novembre Décembre
V/Λ2004 > Janvier Février Mars Avril Mai Juin Juillet Août Septembre Octobre Novembre Décembre
V/Λ2003 > Janvier Février Mars Avril Mai Juin Juillet Août Septembre Octobre Novembre Décembre
V/Λ2002 > Janvier Février Mars Avril Mai Juin Juillet Août Septembre Octobre Novembre Décembre

Rapport pour Novembre 2007
                   Monthly Climatological Summary for nov. 2007

Name: IALSACEM4   City: Meyenheim   State: 
Elevation: 210 m  Lat: N 47 54' 42"   Lon: E 007 21' 22"

                  Temperature (C), Rain (mm), Wind Speed (km/h)

                                      Heat  Cool        Avg
    Mean                              Deg   Deg         Wind                 Dom
Day Temp  High   Time   Low    Time   Days  Days  Rain  Speed High   Time    Dir
----------------------------------------------------------------------------------
 1   5.5   8.8   15:31   2.2   02:58  12.8   0.0   0.0   2.7  16.9   00:41   NNE
 2   7.1  12.5   15:14   1.7   08:08  11.2   0.0   0.0   1.8  18.4   15:29   NNE
 3   8.9  15.1   14:47   2.6   04:20   9.4   0.0   0.0   1.8  16.9   14:41     N
 4  10.3  13.7   15:01   6.8   23:59   8.0   0.0   0.0   7.8  27.4   10:26     N
 5   6.5  12.3   15:20   0.7   22:17  11.8   0.0   0.0   2.4  13.3   09:58     N
 6   7.3  13.3   13:17   1.3   00:24  11.0   0.0   0.0   3.7  21.2   13:43   OSO
 7   5.4   8.1   23:51   2.7   03:31  12.9   0.0   0.0   7.1  27.4   19:24   SSO
 8  10.6  14.2   13:13   7.0   07:50   7.7   0.0   0.0   9.6  24.8   23:59   SSO
 9   5.7   8.7   01:46   2.7   08:55  12.6   0.0   3.0   8.3  36.7   00:24     O
10   5.0   7.3   23:59   2.6   09:03  13.3   0.0   0.0  11.7  31.7   08:01    SO
11   8.7  10.5   14:07   6.9   23:59   9.6   0.0   5.0  10.7  31.7   02:22    SO
12   4.6   9.1   13:52   0.0   23:59  13.7   0.0   0.0   1.2  13.3   01:59     O
13   3.4   8.0   12:14  -1.3   04:12  14.9   0.0   0.0   7.2  28.1   22:01   SSO
14   3.1   5.6   13:25   0.5   23:59  15.2   0.0   2.0   8.0  27.0   09:19    NO
15   1.6   3.8   14:50  -0.6   23:59  16.7   0.0   1.0   6.6  25.6   14:40     N
16   0.6   3.1   14:07  -1.9   05:19  17.7   0.0   0.0   8.3  21.2   11:01     N
17  -0.2   5.2   13:45  -5.6   05:02  18.5   0.0   0.0   6.1  20.5   14:04     N
18  -0.1   3.6   14:53  -3.7   23:18  18.4   0.0   0.0   1.8  17.6   00:57   NNE
19   0.6   4.7   15:36  -3.5   02:02  17.7   0.0   0.0   0.6  10.1   12:01    SO
20   2.3   6.5   14:05  -2.0   01:27  16.0   0.0   0.0   0.8  10.1   20:02     N
21   5.6   8.4   23:58   2.8   01:24  12.7   0.0   6.0   1.2  13.3   16:26   SSO
22   9.0  10.8   14:13   7.1   19:16   9.3   0.0  11.0   1.5  13.0   08:28   SSO
23   8.7  10.1   15:03   7.3   23:43   9.6   0.0  16.0   1.3  19.8   22:21     N
24   5.1   7.5   01:54   2.6   23:59  13.2   0.0   1.0   9.8  28.1   09:07     N
25   3.1   6.7   13:53  -0.5   04:04  15.2   0.0   0.0   6.6  24.8   22:17    SO
26   6.1   9.3   13:06   2.8   06:36  12.2   0.0   0.0   4.6  16.9   00:07   OSO
27   5.2   8.6   13:08   1.8   23:59  13.1   0.0   0.0   2.5  13.3   22:33     N
28   0.2   3.1   15:01  -2.8   23:59  18.1   0.0   0.0   1.2  10.1   02:04     N
29   0.4   5.0   22:22  -4.2   05:11  17.9   0.0   0.0   5.8  20.5   22:38     S
30   7.1  10.1   14:32   4.1   00:45  11.2   0.0   0.0   8.2  26.3   02:43   SSO
----------------------------------------------------------------------------------
     4.9  15.1     3    -5.6    17   401.6   0.0  45.0   5.0  36.7     9       O

Max >=  30.0:  0
Max <=   0.0:  0
Min <= -10.0:  0
Min <= -18.0:  0
Max Rain: 16.0 on day 23
Days of Rain: 8 (>= 0.2 mm)  6 (>= 2.0 mm)  0 (>= 20.0 mm)
Heat Base: 18.3  Cool Base: 18.3  Method: Integration


Mise à jour : 17/09/2019 06:13:52
powered by Cumulus v3.0.0 (3043)