METEO Meyenheim

 Latitude N 47° 54' 42"    Longitude E 07° 21' 22"    Altitude 210 m

Rapports de type NOAA
Selectionner un rapport Annuel ou mensuel
V/Λ2019 > Janvier Février Mars Avril Mai Juin Juillet Août Septembre Octobre Novembre Décembre
V/Λ2018 > Janvier Février Mars Avril Mai Juin Juillet Août Septembre Octobre Novembre Décembre
V/Λ2017 > Janvier Février Mars Avril Mai Juin Juillet Août Septembre Octobre Novembre Décembre
V/Λ2016 > Janvier Février Mars Avril Mai Juin Juillet Août Septembre Octobre Novembre Décembre
V/Λ2015 > Janvier Février Mars Avril Mai Juin Juillet Août Septembre Octobre Novembre Décembre
V/Λ2014 > Janvier Février Mars Avril Mai Juin Juillet Août Septembre Octobre Novembre Décembre
V/Λ2013 > Janvier Février Mars Avril Mai Juin Juillet Août Septembre Octobre Novembre Décembre
V/Λ2012 > Janvier Février Mars Avril Mai Juin Juillet Août Septembre Octobre Novembre Décembre
V/Λ2011 > Janvier Février Mars Avril Mai Juin Juillet Août Septembre Octobre Novembre Décembre
V/Λ2010 > Janvier Février Mars Avril Mai Juin Juillet Août Septembre Octobre Novembre Décembre
V/Λ2009 > Janvier Février Mars Avril Mai Juin Juillet Août Septembre Octobre Novembre Décembre
V/Λ2008 > Janvier Février Mars Avril Mai Juin Juillet Août Septembre Octobre Novembre Décembre
V/Λ2007 > Janvier Février Mars Avril Mai Juin Juillet Août Septembre Octobre Novembre Décembre
V/Λ2006 > Janvier Février Mars Avril Mai Juin Juillet Août Septembre Octobre Novembre Décembre
V/Λ2005 > Janvier Février Mars Avril Mai Juin Juillet Août Septembre Octobre Novembre Décembre
V/Λ2004 > Janvier Février Mars Avril Mai Juin Juillet Août Septembre Octobre Novembre Décembre
V/Λ2003 > Janvier Février Mars Avril Mai Juin Juillet Août Septembre Octobre Novembre Décembre
V/Λ2002 > Janvier Février Mars Avril Mai Juin Juillet Août Septembre Octobre Novembre Décembre

Rapport pour Mars 2008
                   Monthly Climatological Summary for mars 2008

Name: IALSACEM4   City: Meyenheim   State: 
Elevation: 210 m  Lat: N 47 54' 42"   Lon: E 007 21' 22"

                  Temperature (C), Rain (mm), Wind Speed (km/h)

                                      Heat  Cool        Avg
    Mean                              Deg   Deg         Wind                 Dom
Day Temp  High   Time   Low    Time   Days  Days  Rain  Speed High   Time    Dir
----------------------------------------------------------------------------------
 1  12.6  14.8   15:28  10.4   06:57   5.7   0.0   3.0  16.3  48.6   09:00   OSO
 2  10.5  11.4   16:28   9.6   04:53   7.8   0.0   0.0  14.3  43.6   08:41    SO
 3   7.3  12.7   15:12   1.9   23:06  11.0   0.0   0.0   9.6  29.5   09:54   SSO
 4   5.1   9.2   14:07   0.9   20:24  13.2   0.0   7.0   7.5  24.8   18:55    SO
 5   1.6   4.8   15:51  -1.7   23:59  16.7   0.0   0.0  11.5  36.0   07:48     N
 6   1.5   8.1   15:10  -5.1   07:14  16.8   0.0   0.0   4.4  17.6   12:24     N
 7   2.9   9.7   13:54  -3.9   07:14  15.4   0.0   0.0   3.6  19.1   12:01     N
 8   7.4  12.3   13:34   2.4   23:59  10.9   0.0   0.0   3.0  13.3   13:42     S
 9   7.1  13.7   16:28   0.4   02:40  11.2   0.0   0.0   7.9  31.0   19:55   SSO
10   9.4  13.9   14:45   4.8   03:58   8.9   0.0   3.0  10.9  39.6   22:15   SSO
11   8.9  11.7   23:31   6.0   08:07   9.4   0.0   0.0  13.9  36.0   23:09    SO
12  12.0  16.0   11:53   7.9   21:36   6.3   0.0  10.0  15.0  54.4   10:49   OSO
13   7.8  11.0   14:57   4.6   04:17  10.5   0.0   0.0   8.7  27.0   08:24   SSO
14  12.9  18.0   14:06   7.7   04:10   5.4   0.0   0.0   9.1  31.0   06:21    SO
15  10.8  19.0   16:01   2.6   07:02   7.5   0.0   0.0   1.8  34.6   23:40    SO
16  11.1  13.8   12:09   8.4   21:13   7.2   0.0   0.0  12.5  37.4   17:42    SO
17   6.7   8.9   09:50   4.5   23:59  11.6   0.0   5.0   7.6  23.4   00:01     O
18   3.9   9.2   15:27  -1.4   23:47  14.4   0.0   0.0   4.4  21.2   08:44     N
19   2.3   9.0   13:50  -4.4   06:55  16.0   0.0   0.0   1.4  15.5   18:10   ONO
20   3.3   9.0   12:19  -2.4   04:19  15.0   0.0   0.0   6.3  30.2   22:14    SO
21   4.2   7.8   11:54   0.6   20:14  14.1   0.0  12.0  13.9  43.6   05:41   SSO
22   4.8   8.3   14:39   1.3   20:37  13.5   0.0   0.0   8.9  29.5   11:46   SSO
23  -0.7   2.1   16:16  -3.5   23:59  19.0   0.0   4.0   3.5  20.5   12:58     N
24   0.2   5.6   16:09  -5.2   03:28  18.1   0.0   0.0   5.0  28.1   12:24   SSO
25   3.0   6.6   16:20  -0.7   07:09  15.3   0.0   0.0   8.7  28.1   13:37   OSO
26   6.2  10.9   11:36   1.4   06:09  12.1   0.0   0.0   5.9  27.0   11:52   SSO
27   6.3  11.0   14:59   1.6   22:43  12.0   0.0   0.0   7.9  32.4   13:05    SO
28   7.1  15.0   14:54  -0.8   04:58  11.2   0.0   0.0   7.8  27.4   23:54   SSO
29   9.8  15.9   14:58   3.7   23:59   8.5   0.0   0.0   7.3  31.7   02:56    SO
30  12.9  22.4   15:53   3.4   00:14   5.4   0.0   0.0   8.1  31.7   22:14    SO
31  11.3  15.3   14:06   7.3   08:10   7.0   0.0   0.0   5.5  27.4   01:21    SO
----------------------------------------------------------------------------------
     6.8  22.4    30    -5.2    24   357.1   0.0  44.0   8.1  54.4    12      SO

Max >=  30.0:  0
Max <=   0.0:  0
Min <= -10.0:  0
Min <= -18.0:  0
Max Rain: 12.0 on day 21
Days of Rain: 7 (>= 0.2 mm)  7 (>= 2.0 mm)  0 (>= 20.0 mm)
Heat Base: 18.3  Cool Base: 18.3  Method: Integration


Mise à jour : 19/11/2019 18:25:01
powered by Cumulus v3.0.0 (3043)